000
CXUS53 KICT 220800
CF6CNU
PRELIMINARY LOCAL CLIMATOLOGICAL DATA (WS FORM: F-6)

                                          STATION:   CHANUTE KS
                                          MONTH:     JULY
                                          YEAR:      2014
                                          LATITUDE:   37 40 N
                                          LONGITUDE:  95 29 W

  TEMPERATURE IN F:       :PCPN:    SNOW:  WIND      :SUNSHINE: SKY     :PK WND
================================================================================
1   2   3   4   5  6A  6B    7    8   9   10  11  12  13   14  15   16   17  18
                                     12Z  AVG MX 2MIN
DY MAX MIN AVG DEP HDD CDD  WTR  SNW DPTH SPD SPD DIR MIN PSBL S-S WX    SPD DR
================================================================================

 1  83  67  75  -3   0  10 0.58    M    M  7.0 26 290   M    M   3 138    35 290
 2  79  56  68 -10   0   3 0.00    M    M  9.2 18 320   M    M   1        27 330
 3  80  51  66 -13   0   1 0.00    M    M  3.5  9 110   M    M   0        12 110
 4  84  59  72  -7   0   7 0.00    M    M  6.7 13 140   M    M   0        23 110
 5  87  69  78  -1   0  13 0.00    M    M 13.8 23 200   M    M   1        27 190
 6  91  73  82   3   0  17 0.02    M    M 11.9 21 180   M    M   4 38     27 150
 7  92  73  83   4   0  18    T    M    M 12.9 28 360   M    M   0        45  20
 8  85  65  75  -4   0  10 0.07    M    M  5.2 30 360   M    M   3 13     44 350
 9  88  62  75  -4   0  10 0.00    M    M  3.2  9 120   M    M   0        14  90
10  83  65  74  -5   0   9 0.05    M    M  7.2 17 150   M    M   2        23 150
11  92  69  81   2   0  16 0.00    M    M 11.4 20 220   M    M   2        26 210
12  93  72  83   3   0  18 0.00    M    M 11.3 20 200   M    M   0        27 210
13  91  68  80   0   0  15 0.00    M    M  5.6 14 350   M    M   1        19 350
14  89  62  76  -4   0  11 0.07    M    M  5.6 21  10   M    M   1 1      29  20
15  78  54  66 -14   0   1 0.00    M    M  5.9 15 320   M    M   1        25  40
16  76  51  64 -16   1   0 0.00    M    M  2.5  9 230   M    M   4        12 260
17  73  61  67 -13   0   2 0.07  0.0    M  4.8 12 190   M    M   7 1      22 260
18  79  60  70 -10   0   5 0.00  0.0    M  4.6 12 110   M    M   6 1       M  M
19  79  57  68 -12   0   3 0.00  0.0    M  6.3  9 190   M    M   3 1       M  M
20  86  59  73  -7   0   8 0.00    M    M 10.4 18 160   M    M   0 1      31 140
21  93  69  81   1   0  16 0.00    M    M 10.2 18 190   M    M   0 1      26 170
================================================================================
SM 1781 1322         1 193  0.86     0.0 159.2          M       39
================================================================================
AV 84.8 63.0                               7.6 FASTST   M    M   2    MAX(MPH)
                                 MISC ---->  # 30 360               # 45   20
================================================================================
NOTES:
# LAST OF SEVERAL OCCURRENCES

COLUMN 17 PEAK WIND IN M.P.H.

PRELIMINARY LOCAL CLIMATOLOGICAL DATA (WS FORM: F-6) , PAGE 2

                                          STATION:  CHANUTE KS
                                          MONTH:    JULY
                                          YEAR:     2014
                                          LATITUDE:   37 40 N
                                          LONGITUDE:  95 29 W

[TEMPERATURE DATA]      [PRECIPITATION DATA]       SYMBOLS USED IN COLUMN 16

AVERAGE MONTHLY: 73.9   TOTAL FOR MONTH:   0.86    1 = FOG OR MIST
DPTR FM NORMAL:  -5.5   DPTR FM NORMAL:   -2.29    2 = FOG REDUCING VISIBILITY
HIGHEST:    93 ON 21,12 GRTST 24HR  0.58 ON  1- 1      TO 1/4 MILE OR LESS
LOWEST:     51 ON 16, 3                            3 = THUNDER
                        SNOW, ICE PELLETS, HAIL    4 = ICE PELLETS
                        TOTAL MONTH:   0.0 INCH    5 = HAIL
                        GRTST 24HR     0.0         6 = FREEZING RAIN OR DRIZZLE
                        GRTST DEPTH:  M  ON   M    7 = DUSTSTORM OR SANDSTORM:
                                                       VSBY 1/2 MILE OR LESS
                                                   8 = SMOKE OR HAZE
[NO. OF DAYS WITH]      [WEATHER - DAYS WITH]      9 = BLOWING SNOW
                                                   X = TORNADO
MAX 32 OR BELOW:   0    0.01 INCH OR MORE:   6
MAX 90 OR ABOVE:   6    0.10 INCH OR MORE:   1
MIN 32 OR BELOW:   0    0.50 INCH OR MORE:   1
MIN  0 OR BELOW:   0    1.00 INCH OR MORE:   0

[HDD (BASE 65) ]
TOTAL THIS MO.     1    CLEAR  (SCALE 0-3)  17
DPTR FM NORMAL     1    PTCLDY (SCALE 4-7)   4
TOTAL FM JUL 1     1    CLOUDY (SCALE 8-10)  0
DPTR FM NORMAL     1

[CDD (BASE 65) ]
TOTAL THIS MO.   193
DPTR FM NORMAL  -109    [PRESSURE DATA]
TOTAL FM JAN 1   683    HIGHEST SLP M ON M
DPTR FM NORMAL   -44    LOWEST  SLP 29.69 ON  7

[REMARKS]
