000
CXUS53 KICT 170800
CF6CNU
PRELIMINARY LOCAL CLIMATOLOGICAL DATA (WS FORM: F-6)

                                          STATION:   CHANUTE KS
                                          MONTH:     OCTOBER
                                          YEAR:      2017
                                          LATITUDE:   37 40 N
                                          LONGITUDE:  95 29 W

  TEMPERATURE IN F:       :PCPN:    SNOW:  WIND      :SUNSHINE: SKY     :PK WND
================================================================================
1   2   3   4   5  6A  6B    7    8   9   10  11  12  13   14  15   16   17  18
                                     12Z  AVG MX 2MIN
DY MAX MIN AVG DEP HDD CDD  WTR  SNW DPTH SPD SPD DIR MIN PSBL S-S WX    SPD DR
================================================================================

 1  80  59  70   7   0   5 0.00    M    M 11.4 21 170   M    M   0        24 170
 2  86  64  75  12   0  10 0.00    M    M 15.5 26 170   M    M   1        33 170
 3  84  69  77  15   0  12 0.00    M    M 12.4 23 180   M    M   6        31 180
 4  76  70  73  11   0   8    M    M    M  7.5 13 170   M    M  10 1      16 180
 5  74  69  72  10   0   7    T    M    M  9.7 18 190   M    M   8 1      25 180
 6  83  67  75  14   0  10    T    M    M 13.5 24 170   M    M   5 13     31 170
 7  78  56  67   6   0   2 0.00    M    M 11.3 29 270   M    M   3 13     39 260
 8  80  50  65   4   0   0 0.00    M    M  7.1 16 190   M    M   0        22 140
 9  86  55  71  11   0   6 1.10    M    M 10.4 28 180   M    M   0 13     41 180
10  61  47  54  -6  11   0    T    M    M 12.0 21 350   M    M  10 1      28 360
11  66  47  57  -3   8   0 0.00    M    M  5.0  9 360   M    M   5        18 150
12  78  47  63   4   2   0 0.00    M    M 10.7 20 160   M    M   0        25 160
13  85  63  74  15   0   9 0.00    M    M 13.3 23 170   M    M   0        30 190
14  87  60  74  15   0   9 2.61    M    M 15.6 36 270   M    M   3 13     48 270
15  64  42  53  -5  12   0 0.00    M    M 10.9 28 330   M    M   1        36 330
16  68  38  53  -5  12   0 0.00    M    M  5.1 13 190   M    M   0        16 170
================================================================================
SM 1236  903        45  78  3.71    M    171.4          M       52
================================================================================
AV 77.3 56.4                              10.7 FASTST   M    M   3    MAX(MPH)
                                 MISC ---->  # 36 270               # 48  270
================================================================================
NOTES:
# LAST OF SEVERAL OCCURRENCES

COLUMN 17 PEAK WIND IN M.P.H.

PRELIMINARY LOCAL CLIMATOLOGICAL DATA (WS FORM: F-6) , PAGE 2

                                          STATION:  CHANUTE KS
                                          MONTH:    OCTOBER
                                          YEAR:     2017
                                          LATITUDE:   37 40 N
                                          LONGITUDE:  95 29 W

[TEMPERATURE DATA]      [PRECIPITATION DATA]       SYMBOLS USED IN COLUMN 16

AVERAGE MONTHLY: 66.8   TOTAL FOR MONTH:   3.71    1 = FOG OR MIST
DPTR FM NORMAL:   6.3   DPTR FM NORMAL:    1.58    2 = FOG REDUCING VISIBILITY
HIGHEST:    87 ON 14    GRTST 24HR  2.61 ON 14-14      TO 1/4 MILE OR LESS
LOWEST:     38 ON 16                               3 = THUNDER
                        SNOW, ICE PELLETS, HAIL    4 = ICE PELLETS
                        TOTAL MONTH:    M          5 = HAIL
                        GRTST 24HR    M  ON   M    6 = FREEZING RAIN OR DRIZZLE
                        GRTST DEPTH:  M  ON   M    7 = DUSTSTORM OR SANDSTORM:
                                                       VSBY 1/2 MILE OR LESS
                                                   8 = SMOKE OR HAZE
[NO. OF DAYS WITH]      [WEATHER - DAYS WITH]      9 = BLOWING SNOW
                                                   X = TORNADO
MAX 32 OR BELOW:   0    0.01 INCH OR MORE:   2
MAX 90 OR ABOVE:   0    0.10 INCH OR MORE:   2
MIN 32 OR BELOW:   0    0.50 INCH OR MORE:   2
MIN  0 OR BELOW:   0    1.00 INCH OR MORE:   2

[HDD (BASE 65) ]
TOTAL THIS MO.    45    CLEAR  (SCALE 0-3)  10
DPTR FM NORMAL   -49    PTCLDY (SCALE 4-7)   4
TOTAL FM JUL 1    52    CLOUDY (SCALE 8-10)  2
DPTR FM NORMAL   -89

[CDD (BASE 65) ]
TOTAL THIS MO.    78
DPTR FM NORMAL    54    [PRESSURE DATA]
TOTAL FM JAN 1  1615    HIGHEST SLP M ON M
DPTR FM NORMAL    94    LOWEST  SLP 29.50 ON  6

[REMARKS]
