000
CXUS55 KRIW 170945
CF6COD
PRELIMINARY LOCAL CLIMATOLOGICAL DATA (WS FORM: F-6)

                                          STATION:   CODY WY
                                          MONTH:     OCTOBER
                                          YEAR:      2017
                                          LATITUDE:   44 31 N
                                          LONGITUDE: 109  1 W

  TEMPERATURE IN F:       :PCPN:    SNOW:  WIND      :SUNSHINE: SKY     :PK WND
================================================================================
1   2   3   4   5  6A  6B    7    8   9   10  11  12  13   14  15   16   17  18
                                     12Z  AVG MX 2MIN
DY MAX MIN AVG DEP HDD CDD  WTR  SNW DPTH SPD SPD DIR MIN PSBL S-S WX    SPD DR
================================================================================

 1  50  38  44  -9  21   0    T  0.0    M  8.4 13 220   M    M   6        21 260
 2  47  30  39 -13  26   0 0.03  0.0    M  5.6 14 330   M    M   6         M  M
 3  48  24  36 -16  29   0 0.00  0.0    M  5.6 13  40   M    M   2        17  40
 4  55  25  40 -12  25   0    T    M    M  3.8 10  20   M    M   1         M  M
 5  57  27  42  -9  23   0 0.00  0.0    M  3.4  9  80   M    M   0 18      M  M
 6  58  31  45  -6  20   0 0.00  0.0    M 13.9 27 240   M    M   0        48 280
 7  69  39  54   3  11   0 0.00  0.0    M 14.6 23 250   M    M   1        45 240
 8  43  32  38 -12  27   0 0.27    M    M  8.2 14  10   M    M   8 1      24 350
 9  52  24  38 -12  27   0 0.00  0.0    M  8.4 17 210   M    M   0        22 180
10  58  29  44  -5  21   0 0.00  0.0    M  7.0 16 140   M    M   0         M  M
11  64  37  51   2  14   0 0.00  0.0    M  7.4 15  20   M    M   0        22  20
12  53  30  42  -7  23   0 0.00  0.0    M  8.2 13 270   M    M   0        20 280
13  51  31  41  -7  24   0 0.00  0.0    M  8.1 18 220   M    M   0        28 220
14  48  31  40  -8  25   0 0.00  0.0    M 12.4 25 250   M    M   3        43 260
15  63  39  51   3  14   0 0.00  0.0    M  9.5 25 260   M    M   0        44 250
16  70  47  59  12   6   0 0.00    M    M  8.9 20 230   M    M   0        32 270
================================================================================
SM  886  514       336   0  0.30     0.0 133.4          M       27
================================================================================
AV 55.4 32.1                               8.3 FASTST   M    M   2    MAX(MPH)
                                 MISC ---->  # 27 240               # 48  280
================================================================================
NOTES:
# LAST OF SEVERAL OCCURRENCES

COLUMN 17 PEAK WIND IN M.P.H.

PRELIMINARY LOCAL CLIMATOLOGICAL DATA (WS FORM: F-6) , PAGE 2

                                          STATION:  CODY WY
                                          MONTH:    OCTOBER
                                          YEAR:     2017
                                          LATITUDE:   44 31 N
                                          LONGITUDE: 109  1 W

[TEMPERATURE DATA]      [PRECIPITATION DATA]       SYMBOLS USED IN COLUMN 16

AVERAGE MONTHLY: 43.8   TOTAL FOR MONTH:   0.30    1 = FOG OR MIST
DPTR FM NORMAL:  -6.2   DPTR FM NORMAL:   -0.20    2 = FOG REDUCING VISIBILITY
HIGHEST:    70 ON 16    GRTST 24HR  0.27 ON  8- 8      TO 1/4 MILE OR LESS
LOWEST:     24 ON  9, 3                            3 = THUNDER
                        SNOW, ICE PELLETS, HAIL    4 = ICE PELLETS
                        TOTAL MONTH:   0.0 INCH    5 = HAIL
                        GRTST 24HR     0.0         6 = FREEZING RAIN OR DRIZZLE
                        GRTST DEPTH:  M  ON   M    7 = DUSTSTORM OR SANDSTORM:
                                                       VSBY 1/2 MILE OR LESS
                                                   8 = SMOKE OR HAZE
[NO. OF DAYS WITH]      [WEATHER - DAYS WITH]      9 = BLOWING SNOW
                                                   X = TORNADO
MAX 32 OR BELOW:   0    0.01 INCH OR MORE:   2
MAX 90 OR ABOVE:   0    0.10 INCH OR MORE:   1
MIN 32 OR BELOW:  11    0.50 INCH OR MORE:   0
MIN  0 OR BELOW:   0    1.00 INCH OR MORE:   0

[HDD (BASE 65) ]
TOTAL THIS MO.   336    CLEAR  (SCALE 0-3)  13
DPTR FM NORMAL     M    PTCLDY (SCALE 4-7)   3
TOTAL FM JUL 1   680    CLOUDY (SCALE 8-10)  0
DPTR FM NORMAL     M

[CDD (BASE 65) ]
TOTAL THIS MO.     0
DPTR FM NORMAL     0    [PRESSURE DATA]
TOTAL FM JAN 1   485    HIGHEST SLP M ON M
DPTR FM NORMAL   485    LOWEST  SLP M ON M

[REMARKS]
