000
CXUS55 KPUB 251159
CF6COS
PRELIMINARY LOCAL CLIMATOLOGICAL DATA (WS FORM: F-6)

                                          STATION:   COLORADO SPRINGS CO
                                          MONTH:     FEBRUARY
                                          YEAR:      2018
                                          LATITUDE:   38 49 N
                                          LONGITUDE: 104 43 W

  TEMPERATURE IN F:       :PCPN:    SNOW:  WIND      :SUNSHINE: SKY     :PK WND
================================================================================
1   2   3   4   5  6A  6B    7    8   9   10  11  12  13   14  15   16   17  18
                                     12Z  AVG MX 2MIN
DY MAX MIN AVG DEP HDD CDD  WTR  SNW DPTH SPD SPD DIR MIN PSBL S-S WX    SPD DR
================================================================================

 1  35  19  27  -3  38   0 0.00  0.0    0  8.5 18 190   M    M   8        21 190
 2  55  17  36   5  29   0 0.00  0.0    0  5.2 16 150   M    M   6        19 130
 3  62  25  44  13  21   0 0.00  0.0    0 10.3 32  20   M    M   5        37  10
 4  37  17  27  -4  38   0    T    T    0  7.2 30 180   M    M   8 128    35 190
 5  58  19  39   8  26   0 0.01  0.1    0 16.8 33  30   M    M   7 1      41 300
 6  49  19  34   3  31   0 0.02  0.2    T  7.2 17 360   M    M   6 1      25 110
 7  49  19  34   3  31   0 0.00  0.0    0  4.7 14  20   M    M   5 1      15  20
 8  61  25  43  12  22   0 0.00  0.0    0 10.1 26 300   M    M   6        31 300
 9  51  18  35   4  30   0 0.00  0.0    0  8.1 22 160   M    M   7 18     28 280
10  20  12  16 -15  49   0 0.19  4.0    0  9.4 22 340   M    M  10 128    25 350
11  27   1  14 -17  51   0 0.00  0.0    3  5.5 13 350   M    M   3 128    14 340
12  33  15  24  -7  41   0 0.00  0.0    1  4.6 13 120   M    M   7        15 120
13  58  18  38   6  27   0 0.00  0.0    1  7.6 20 210   M    M   3        23 210
14  63  32  48  16  17   0 0.00  0.0    0 17.3 43 270   M    M   7        53 260
15  56  23  40   8  25   0 0.03  0.7    0 15.3 32  70   M    M   6 1      38  60
16  39  20  30  -2  35   0 0.01    T    1 10.3 22  10   M    M   8 12     29  20
17  49  31  40   8  25   0 0.00  0.0    0 15.3 39  20   M    M   1        52  20
18  65  32  49  17  16   0 0.00  0.0    0 16.1 39 240   M    M   5        52 230
19  45  11  28  -5  37   0 0.13  2.8    0  9.6 20 170   M    M   8 12     22 160
20  20   2  11 -22  54   0    T  0.6    3  7.5 18 160   M    M   8 18     21 160
21  26   1  14 -19  51   0    T  0.3    2  8.0 20 160   M    M   4 1      23 160
22  36  13  25  -8  40   0    T  0.1    T  3.8 12  10   M    M   7 18     13 170
23  39  13  26  -8  39   0 0.01  0.2    T  7.0 23 160   M    M   4 18     26 150
24  38  17  28  -6  37   0 0.00  0.0    T 11.1 33 290   M    M   5 12     43 290
================================================================================
SM 1071  419       810   0  0.40     9.0 226.5          M      144
================================================================================
AV 44.6 17.5                               9.4 FASTST   M    M   6    MAX(MPH)
                                 MISC ---->  # 43 270               # 53  260
================================================================================
NOTES:
# LAST OF SEVERAL OCCURRENCES

COLUMN 17 PEAK WIND IN M.P.H.

PRELIMINARY LOCAL CLIMATOLOGICAL DATA (WS FORM: F-6) , PAGE 2

                                          STATION:  COLORADO SPRINGS CO
                                          MONTH:    FEBRUARY
                                          YEAR:     2018
                                          LATITUDE:   38 49 N
                                          LONGITUDE: 104 43 W

[TEMPERATURE DATA]      [PRECIPITATION DATA]       SYMBOLS USED IN COLUMN 16

AVERAGE MONTHLY: 31.0   TOTAL FOR MONTH:   0.40    1 = FOG OR MIST
DPTR FM NORMAL:  -0.7   DPTR FM NORMAL:    0.13    2 = FOG REDUCING VISIBILITY
HIGHEST:    65 ON 18    GRTST 24HR  0.19 ON 10-10      TO 1/4 MILE OR LESS
LOWEST:      1 ON 21,11                            3 = THUNDER
                        SNOW, ICE PELLETS, HAIL    4 = ICE PELLETS
                        TOTAL MONTH:   9.0 INCHES  5 = HAIL
                        GRTST 24HR   4.0 ON 10-10  6 = FREEZING RAIN OR DRIZZLE
                        GRTST DEPTH:   3 ON 20,11  7 = DUSTSTORM OR SANDSTORM:
                                                       VSBY 1/2 MILE OR LESS
                                                   8 = SMOKE OR HAZE
[NO. OF DAYS WITH]      [WEATHER - DAYS WITH]      9 = BLOWING SNOW
                                                   X = TORNADO
MAX 32 OR BELOW:   4    0.01 INCH OR MORE:   7
MAX 90 OR ABOVE:   0    0.10 INCH OR MORE:   2
MIN 32 OR BELOW:  24    0.50 INCH OR MORE:   0
MIN  0 OR BELOW:   0    1.00 INCH OR MORE:   0

[HDD (BASE 65) ]
TOTAL THIS MO.   810    CLEAR  (SCALE 0-3)   3
DPTR FM NORMAL    14    PTCLDY (SCALE 4-7)  19
TOTAL FM JUL 1  3872    CLOUDY (SCALE 8-10)  2
DPTR FM NORMAL  -567

[CDD (BASE 65) ]
TOTAL THIS MO.     0
DPTR FM NORMAL     0    [PRESSURE DATA]
TOTAL FM JAN 1     0    HIGHEST SLP M ON M
DPTR FM NORMAL     0    LOWEST  SLP 29.28 ON 19

[REMARKS]
