000
CXUS54 KCRP 221300
CF6CRP
PRELIMINARY LOCAL CLIMATOLOGICAL DATA (WS FORM: F-6)

                                          STATION:   CORPUS CHRISTI
                                          MONTH:     JUNE
                                          YEAR:      2017
                                          LATITUDE:   27 46 N
                                          LONGITUDE:  97 30 W

  TEMPERATURE IN F:       :PCPN:    SNOW:  WIND      :SUNSHINE: SKY     :PK WND
================================================================================
1   2   3   4   5  6A  6B    7    8   9   10  11  12  13   14  15   16   17  18
                                     12Z  AVG MX 2MIN
DY MAX MIN AVG DEP HDD CDD  WTR  SNW DPTH SPD SPD DIR MIN PSBL S-S WX    SPD DR
================================================================================

 1  86  75  81   0   0  16 0.68  0.0    0  9.0 18 120   M    M   6 13     21 120
 2  88  73  81   0   0  16    T  0.0    0  6.8 17 110   M    M   5 13     21 120
 3  89  73  81   0   0  16 0.00  0.0    M  5.7 17 120   M    M   6 18     23 110
 4  92  72  82   1   0  17 0.74  0.0    0  4.5 25 300   M    M   6 13     36  90
 5  92  71  82   0   0  17 0.01  0.0    0  6.6 26 240   M    M   6 13     34 240
 6  93  72  83   1   0  18 0.00  0.0    0  7.7 17 360   M    M   5        22  20
 7  93  71  82   0   0  17 0.00  0.0    0  6.9 14  20   M    M   6        17  30
 8  90  70  80  -2   0  15 0.00  0.0    0  5.6 14 140   M    M   3        18 120
 9  91  74  83   1   0  18 0.00  0.0    0  9.3 20 110   M    M   4        24 130
10  91  75  83   1   0  18 0.00  0.0    0  9.9 17 130   M    M   5        21 120
11  90  74  82   0   0  17 0.00  0.0    0  8.8 16 110   M    M   2 18     20  80
12  90  73  82   0   0  17 0.00  0.0    0  7.8 18  90   M    M   3        25  80
13  91  76  84   2   0  19 0.04  0.0    0 10.8 21 120   M    M   5        26 120
14  91  77  84   2   0  19 0.00  0.0    0 11.9 21 140   M    M   3        27 140
15  91  77  84   2   0  19 0.00  0.0    0 10.5 20 150   M    M   4        26 140
16  94  74  84   1   0  19 0.00  0.0    0 11.4 22 140   M    M   4        29 130
17  94  78  86   3   0  21 0.00  0.0    0 13.8 23 150   M    M   5        29 180
18  93  78  86   3   0  21 0.00  0.0    0 12.9 22 140   M    M   5        28 150
19  94  76  85   2   0  20 0.00  0.0    0  6.4 17  90   M    M   6        21  90
20 100  75  88   5   0  23 0.00  0.0    0  7.5 20  90   M    M   3        23  90
21 102  78  90   7   0  25 0.00  0.0    0 10.7 24 360   M    M   4        31 350
================================================================================
SM 1935 1562         0 388  1.47     0.0 184.5          M       96
================================================================================
AV 92.1 74.4                               8.8 FASTST   M    M   5    MAX(MPH)
                                 MISC ---->  # 26 240               # 36   90
================================================================================
NOTES:
# LAST OF SEVERAL OCCURRENCES

COLUMN 17 PEAK WIND IN M.P.H.

PRELIMINARY LOCAL CLIMATOLOGICAL DATA (WS FORM: F-6) , PAGE 2

                                          STATION:  CORPUS CHRISTI
                                          MONTH:    JUNE
                                          YEAR:     2017
                                          LATITUDE:   27 46 N
                                          LONGITUDE:  97 30 W

[TEMPERATURE DATA]      [PRECIPITATION DATA]       SYMBOLS USED IN COLUMN 16

AVERAGE MONTHLY: 83.3   TOTAL FOR MONTH:   1.47    1 = FOG OR MIST
DPTR FM NORMAL:   1.2   DPTR FM NORMAL:   -0.81    2 = FOG REDUCING VISIBILITY
HIGHEST:   102 ON 21    GRTST 24HR  0.74 ON  4- 4      TO 1/4 MILE OR LESS
LOWEST:     70 ON  8                               3 = THUNDER
                        SNOW, ICE PELLETS, HAIL    4 = ICE PELLETS
                        TOTAL MONTH:   0.0 INCH    5 = HAIL
                        GRTST 24HR     0.0         6 = FREEZING RAIN OR DRIZZLE
                        GRTST DEPTH:   0           7 = DUSTSTORM OR SANDSTORM:
                                                       VSBY 1/2 MILE OR LESS
                                                   8 = SMOKE OR HAZE
[NO. OF DAYS WITH]      [WEATHER - DAYS WITH]      9 = BLOWING SNOW
                                                   X = TORNADO
MAX 32 OR BELOW:   0    0.01 INCH OR MORE:   4
MAX 90 OR ABOVE:  18    0.10 INCH OR MORE:   2
MIN 32 OR BELOW:   0    0.50 INCH OR MORE:   2
MIN  0 OR BELOW:   0    1.00 INCH OR MORE:   0

[HDD (BASE 65) ]
TOTAL THIS MO.     0    CLEAR  (SCALE 0-3)   2
DPTR FM NORMAL     0    PTCLDY (SCALE 4-7)  19
TOTAL FM JUL 1   368    CLOUDY (SCALE 8-10)  0
DPTR FM NORMAL  -530

[CDD (BASE 65) ]
TOTAL THIS MO.   388
DPTR FM NORMAL    30    [PRESSURE DATA]
TOTAL FM JAN 1  1578    HIGHEST SLP M ON M
DPTR FM NORMAL   379    LOWEST  SLP 29.61 ON 21

[REMARKS]
