000
CXUS54 KOUN 280700
CF6CSM
PRELIMINARY LOCAL CLIMATOLOGICAL DATA (WS FORM: F-6)

                                          STATION:   CLINTON
                                          MONTH:     SEPTEMBER
                                          YEAR:      2016
                                          LATITUDE:   35 20 N
                                          LONGITUDE:  99 12 W

  TEMPERATURE IN F:       :PCPN:    SNOW:  WIND      :SUNSHINE: SKY     :PK WND
================================================================================
1   2   3   4   5  6A  6B    7    8   9   10  11  12  13   14  15   16   17  18
                                     12Z  AVG MX 2MIN
DY MAX MIN AVG DEP HDD CDD  WTR  SNW DPTH SPD SPD DIR MIN PSBL S-S WX    SPD DR
================================================================================

 1  83  70  77  -1   0  12 0.16  0.0    0  8.5 21  40   M    M   7 1      25  40
 2  84  69  77  -1   0  12 0.00  0.0    0  8.1 14 130   M    M   6        18 130
 3  89  67  78   1   0  13 0.00  0.0    0 13.1 23 160   M    M   4        27 150
 4  92  70  81   4   0  16 0.00  0.0    0 18.5 28 180   M    M   1        34 180
 5  93  72  83   6   0  18 0.00  0.0    0 16.8 25 170   M    M   1        32 170
 6  93  73  83   7   0  18 0.00  0.0    0 17.7 25 170   M    M   3        32 180
 7  93  76  85   9   0  20 0.00  0.0    0 16.6 29 200   M    M   2        36 180
 8  96  75  86  10   0  21 0.00  0.0    0 14.0 22 190   M    M   1        31 170
 9  96  67  82   6   0  17 0.86  0.0    0 13.8 35  20   M    M   0 13     41  20
10  81  60  71  -4   0   6 0.10  0.0    0 12.4 25  20   M    M   1 13     31  10
11  85  57  71  -4   0   6 0.00  0.0    0 14.3 24 190   M    M   0        31 190
12  90  67  79   4   0  14 0.00  0.0    0 18.5 29 170   M    M   0        35 170
13  88  68  78   4   0  13 0.47  0.0    0 10.5 22 170   M    M   4 13     24 170
14  82  62  72  -2   0   7 0.05  0.0    0  8.8 18  20   M    M   5 1      23  20
15  86  67  77   3   0  12 0.00  0.0    0  8.9 21 120   M    M   5 123    24 320
16  86  66  76   3   0  11 0.00  0.0    0  7.7 18 190   M    M   1        23 190
17  84  63  74   1   0   9 2.28  0.0    0  7.0 40 270   M    M   4 123    51 270
18  86  61  74   1   0   9 0.43  0.0    0 10.1 21 130   M    M   0 13     27  10
19  95  71  83  11   0  18 0.00  0.0    0  9.2 15 170   M    M   0        17 180
20  94  72  83  11   0  18 0.00  0.0    0 10.4 20 160   M    M   0        23 160
21  92  73  83  11   0  18 0.00  0.0    0 12.7 20 170   M    M   0 18     25 180
22  91  68  80   9   0  15 0.00  0.0    0 12.6 22 190   M    M   0        27 180
23  90  68  79   8   0  14 0.00  0.0    0 14.3 23 170   M    M   1        27 140
24  86  68  77   7   0  12 1.00  0.0    0 14.7 25 180   M    M   4 138    31 190
25  70  58  64  -6   1   0 0.87  0.0    0 12.3 35  10   M    M   9 1      42  20
26  75  52  64  -6   1   0 0.00  0.0    0  8.6 18  40   M    M   0        24  60
27  83  53  68  -1   0   3 0.00  0.0    0 10.0 15 210   M    M   0 8      19 210
================================================================================
SM 2363 1793         2 332  6.22     0.0 330.1          M       59
================================================================================
AV 87.5 66.4                              12.2 FASTST   M    M   2    MAX(MPH)
                                 MISC ---->  # 40 270               # 51  270
================================================================================
NOTES:
# LAST OF SEVERAL OCCURRENCES

COLUMN 17 PEAK WIND IN M.P.H.

PRELIMINARY LOCAL CLIMATOLOGICAL DATA (WS FORM: F-6) , PAGE 2

                                          STATION:  CLINTON
                                          MONTH:    SEPTEMBER
                                          YEAR:     2016
                                          LATITUDE:   35 20 N
                                          LONGITUDE:  99 12 W

[TEMPERATURE DATA]      [PRECIPITATION DATA]       SYMBOLS USED IN COLUMN 16

AVERAGE MONTHLY: 77.0   TOTAL FOR MONTH:   6.22    1 = FOG OR MIST
DPTR FM NORMAL:   3.1   DPTR FM NORMAL:    3.51    2 = FOG REDUCING VISIBILITY
HIGHEST:    96 ON  9, 8 GRTST 24HR  2.71 ON 17-18      TO 1/4 MILE OR LESS
LOWEST:     52 ON 26                               3 = THUNDER
                        SNOW, ICE PELLETS, HAIL    4 = ICE PELLETS
                        TOTAL MONTH:   0.0 INCH    5 = HAIL
                        GRTST 24HR     0.0         6 = FREEZING RAIN OR DRIZZLE
                        GRTST DEPTH:   0           7 = DUSTSTORM OR SANDSTORM:
                                                       VSBY 1/2 MILE OR LESS
                                                   8 = SMOKE OR HAZE
[NO. OF DAYS WITH]      [WEATHER - DAYS WITH]      9 = BLOWING SNOW
                                                   X = TORNADO
MAX 32 OR BELOW:   0    0.01 INCH OR MORE:   9
MAX 90 OR ABOVE:  12    0.10 INCH OR MORE:   8
MIN 32 OR BELOW:   0    0.50 INCH OR MORE:   4
MIN  0 OR BELOW:   0    1.00 INCH OR MORE:   2

[HDD (BASE 65) ]
TOTAL THIS MO.     2    CLEAR  (SCALE 0-3)  18
DPTR FM NORMAL    -8    PTCLDY (SCALE 4-7)   8
TOTAL FM JUL 1     2    CLOUDY (SCALE 8-10)  1
DPTR FM NORMAL    -8

[CDD (BASE 65) ]
TOTAL THIS MO.   332
DPTR FM NORMAL    80    [PRESSURE DATA]
TOTAL FM JAN 1  2170    HIGHEST SLP M ON M
DPTR FM NORMAL   280    LOWEST  SLP 29.77 ON  8

[REMARKS]
