000
CXUS56 KTFX 291205
CF6CTB
PRELIMINARY LOCAL CLIMATOLOGICAL DATA (WS FORM: F-6)

                                          STATION:   CUT BANK MT
                                          MONTH:     JUNE
                                          YEAR:      2017
                                          LATITUDE:   48 37 N
                                          LONGITUDE: 112 23 W

  TEMPERATURE IN F:       :PCPN:    SNOW:  WIND      :SUNSHINE: SKY     :PK WND
================================================================================
1   2   3   4   5  6A  6B    7    8   9   10  11  12  13   14  15   16   17  18
                                     12Z  AVG MX 2MIN
DY MAX MIN AVG DEP HDD CDD  WTR  SNW DPTH SPD SPD DIR MIN PSBL S-S WX    SPD DR
================================================================================

 1  76  54  65  11   0   0    T    M    0 12.6 30 270   M    M   5        37 280
 2  72  46  59   4   6   0 0.00    M    0 21.5 33 250   M    M   0        43 250
 3  81  37  59   4   6   0 0.00    M    0  8.2 25 180   M    M   0        33 250
 4  83  47  65  10   0   0 0.45    M    0 10.5 39 210   M    M   2 13     54 220
 5  64  45  55   0  10   0 0.36    M    0 10.4 28 320   M    M   6 1      34 320
 6  72  41  57   1   8   0 0.00    M    0  9.6 22 140   M    M   0 1      31 140
 7  81  47  64   8   1   0 0.00    M    0  7.6 18 130   M    M   0        27 120
 8  86  52  69  13   0   4 0.21    M    0 11.0 38 250   M    M   1 13     45 250
 9  66  47  57   1   8   0 0.00    M    0 20.1 41 250   M    M   0        49 250
10  63  43  53  -3  12   0 0.00    M    0 18.1 29 240   M    M   2        35 250
11  68  43  56  -1   9   0 0.00    M    0 10.5 24 260   M    M   1        29 250
12  77  39  58   1   7   0 0.03    M    0  9.3 23 110   M    M   1 13     29 130
13  63  48  56  -1   9   0 1.37    M    0 11.6 29 310   M    M   6 1      40 120
14  65  47  56  -1   9   0    T    M    0 19.3 33 250   M    M   4        45 280
15  66  41  54  -4  11   0 0.00    M    0 15.4 29 260   M    M   3        35 260
16  68  51  60   2   5   0    T    M    0 17.4 27 260   M    M   3        38 250
17  66  47  57  -1   8   0 0.04    M    0 14.9 28 260   M    M   4 1      34 250
18  70  44  57  -1   8   0 0.00    M    0 16.6 29 250   M    M   2        36 280
19  74  45  60   2   5   0 0.00    M    0  7.4 17  20   M    M   1        22  20
20  80  51  66   7   0   1    T    M    0 12.6 33 250   M    M   4        42 270
21  75  42  59   0   6   0 0.00    M    0 13.5 35 270   M    M   2        44 260
22  62  39  51  -8  14   0 0.00    M    0 12.0 28 360   M    M   3        35  10
23  66  40  53  -7  12   0 0.01    M    0  5.2 14 330   M    M   8        17  10
24  71  46  59  -1   6   0 0.00    M    0  4.5 16  80   M    M   5        18  80
25  80  45  63   3   2   0 0.00    M    0  7.1 18 140   M    M   0        22 150
26  88  50  69   9   0   4 0.00    M    0 10.0 31 270   M    M   0        36 270
27  79  56  68   8   0   3 0.00    M    0 13.2 33 260   M    M   2        41 260
28  79  48  64   3   1   0    T    M    0 14.2 29 360   M    M   2        38 290
================================================================================
SM 2041 1281       163  12  2.47    M    344.3          M       67
================================================================================
AV 72.9 45.8                              12.3 FASTST   M    M   2    MAX(MPH)
                                 MISC ---->  # 41 250               # 54  220
================================================================================
NOTES:
# LAST OF SEVERAL OCCURRENCES

COLUMN 17 PEAK WIND IN M.P.H.

PRELIMINARY LOCAL CLIMATOLOGICAL DATA (WS FORM: F-6) , PAGE 2

                                          STATION:  CUT BANK MT
                                          MONTH:    JUNE
                                          YEAR:     2017
                                          LATITUDE:   48 37 N
                                          LONGITUDE: 112 23 W

[TEMPERATURE DATA]      [PRECIPITATION DATA]       SYMBOLS USED IN COLUMN 16

AVERAGE MONTHLY: 59.3   TOTAL FOR MONTH:   2.47    1 = FOG OR MIST
DPTR FM NORMAL:   1.8   DPTR FM NORMAL:    0.04    2 = FOG REDUCING VISIBILITY
HIGHEST:    88 ON 26    GRTST 24HR  1.37 ON 13-13      TO 1/4 MILE OR LESS
LOWEST:     37 ON  3                               3 = THUNDER
                        SNOW, ICE PELLETS, HAIL    4 = ICE PELLETS
                        TOTAL MONTH:    M          5 = HAIL
                        GRTST 24HR    M  ON   M    6 = FREEZING RAIN OR DRIZZLE
                        GRTST DEPTH:   0           7 = DUSTSTORM OR SANDSTORM:
                                                       VSBY 1/2 MILE OR LESS
                                                   8 = SMOKE OR HAZE
[NO. OF DAYS WITH]      [WEATHER - DAYS WITH]      9 = BLOWING SNOW
                                                   X = TORNADO
MAX 32 OR BELOW:   0    0.01 INCH OR MORE:   7
MAX 90 OR ABOVE:   0    0.10 INCH OR MORE:   4
MIN 32 OR BELOW:   0    0.50 INCH OR MORE:   1
MIN  0 OR BELOW:   0    1.00 INCH OR MORE:   1

[HDD (BASE 65) ]
TOTAL THIS MO.   163    CLEAR  (SCALE 0-3)  19
DPTR FM NORMAL   -59    PTCLDY (SCALE 4-7)   9
TOTAL FM JUL 1  8599    CLOUDY (SCALE 8-10)  0
DPTR FM NORMAL    89

[CDD (BASE 65) ]
TOTAL THIS MO.    12
DPTR FM NORMAL     0    [PRESSURE DATA]
TOTAL FM JAN 1    14    HIGHEST SLP M ON M
DPTR FM NORMAL     0    LOWEST  SLP 29.47 ON 12

[REMARKS]
