000
CXUS54 KHGX 291415
CF6CXO
PRELIMINARY LOCAL CLIMATOLOGICAL DATA (WS FORM: F-6)

                                          STATION:   CONROE
                                          MONTH:     JULY
                                          YEAR:      2014
                                          LATITUDE:   30 21 N
                                          LONGITUDE:  95 25 W

  TEMPERATURE IN F:       :PCPN:    SNOW:  WIND      :SUNSHINE: SKY     :PK WND
================================================================================
1   2   3   4   5  6A  6B    7    8   9   10  11  12  13   14  15   16   17  18
                                     12Z  AVG MX 2MIN
DY MAX MIN AVG DEP HDD CDD  WTR  SNW DPTH SPD SPD DIR MIN PSBL S-S WX    SPD DR
================================================================================

 1  92  74  83   1   0  18 0.00  0.0    0  5.6 14 160   M    M   6 1      19 150
 2  92  71  82   0   0  17 0.24  0.0    0  2.5  9 120   M    M   2 13     14 250
 3  90  72  81  -1   0  16    M    M    0   M   M   M   M    M   0 13      M  M
 4  88  71  80  -2   0  15    M  0.0    M  2.8 10  70   M    M   1 13     17  60
 5  89  70  80  -2   0  15 0.00  0.0    0  2.7 14 190   M    M   0 1      18 220
 6  90  68  79  -3   0  14 0.00  0.0    0  4.5 17 180   M    M   1 13     25 200
 7  92  70  81  -1   0  16 0.00  0.0    0  4.6 14 170   M    M   1 13     18 190
 8  93  71  82   0   0  17 0.19  0.0    0  5.0 20 160   M    M   1 13     23 160
 9  94  70  82   0   0  17 0.00  0.0    0  4.6 12 200   M    M   0 1      14 210
10  90  70  80  -2   0  15 0.34  0.0    0  3.5 26 200   M    M   1 13     34 200
11  93  68  81  -1   0  16 0.00  0.0    0  2.5 14 240   M    M   0 3      17 240
12  93  70  82   0   0  17 0.00  0.0    0  2.3  8 140   M    M   0 1      12 160
13  94  73  84   2   0  19 0.00  0.0    0  3.1 18 130   M    M   1 3      24 130
14  93  73  83   0   0  18 0.00  0.0    0  5.0 18 190   M    M   1 3      23 170
15  86  72  79  -4   0  14 0.30  0.0    0  3.3 16 360   M    M   3 13     21 360
16  90  72  81  -2   0  16 0.23  0.0    0  1.2 14 170   M    M   3 13     18 160
17  87  73  80  -3   0  15 0.74  0.0    0  3.9 24 160   M    M   4 138    32 160
18  85  73  79  -4   0  14 0.74  0.0    0  6.0 15 340   M    M   7 1      18 340
19  84  70  77  -6   0  12    T  0.0    0  2.6  8 360   M    M   8 1      11 360
20  91  70  81  -2   0  16 0.00  0.0    0  1.2  7 130   M    M   5 1       9 110
21  93  73  83   0   0  18 0.00  0.0    0  1.7  9 210   M    M   5 12     12 190
22  93  74  84   1   0  19    T  0.0    0  1.9  8 290   M    M   3 1      10 220
23  92  73  83   0   0  18 0.00  0.0    0  2.3 23 360   M    M   2 13     31  20
24  93  70  82  -1   0  17 0.00  0.0    0  1.8 10 270   M    M   2        13 360
25  94  71  83   0   0  18 0.00  0.0    0  3.5  9 160   M    M   1 1      12 200
26  95  73  84   1   0  19 0.03  0.0    0  5.9 15 200   M    M   3        18 190
27  95  73  84   1   0  19 0.00  0.0    0  4.6 13 190   M    M   3 1      16 200
28  96  76  86   3   0  21 0.00  0.0    0  4.4 14 250   M    M   1        17 260
================================================================================
SM 2557 2004         0 466  2.81     0.0  93.0          M       65
================================================================================
AV 91.3 71.6                               3.4 FASTST   M    M   2    MAX(MPH)
                                 MISC ---->  # 26 200               # 34  200
================================================================================
NOTES:
# LAST OF SEVERAL OCCURRENCES

COLUMN 17 PEAK WIND IN M.P.H.

PRELIMINARY LOCAL CLIMATOLOGICAL DATA (WS FORM: F-6) , PAGE 2

                                          STATION:  CONROE
                                          MONTH:    JULY
                                          YEAR:     2014
                                          LATITUDE:   30 21 N
                                          LONGITUDE:  95 25 W

[TEMPERATURE DATA]      [PRECIPITATION DATA]       SYMBOLS USED IN COLUMN 16

AVERAGE MONTHLY: 81.4   TOTAL FOR MONTH:   2.81    1 = FOG OR MIST
DPTR FM NORMAL:  -1.1   DPTR FM NORMAL:   -0.35    2 = FOG REDUCING VISIBILITY
HIGHEST:    96 ON 28    GRTST 24HR  1.47 ON 17-18      TO 1/4 MILE OR LESS
LOWEST:     68 ON 11, 6                            3 = THUNDER
                        SNOW, ICE PELLETS, HAIL    4 = ICE PELLETS
                        TOTAL MONTH:   0.0 INCH    5 = HAIL
                        GRTST 24HR     0.0         6 = FREEZING RAIN OR DRIZZLE
                        GRTST DEPTH:   0           7 = DUSTSTORM OR SANDSTORM:
                                                       VSBY 1/2 MILE OR LESS
                                                   8 = SMOKE OR HAZE
[NO. OF DAYS WITH]      [WEATHER - DAYS WITH]      9 = BLOWING SNOW
                                                   X = TORNADO
MAX 32 OR BELOW:   0    0.01 INCH OR MORE:   8
MAX 90 OR ABOVE:  22    0.10 INCH OR MORE:   7
MIN 32 OR BELOW:   0    0.50 INCH OR MORE:   2
MIN  0 OR BELOW:   0    1.00 INCH OR MORE:   0

[HDD (BASE 65) ]
TOTAL THIS MO.     0    CLEAR  (SCALE 0-3)  20
DPTR FM NORMAL     0    PTCLDY (SCALE 4-7)   7
TOTAL FM JUL 1     0    CLOUDY (SCALE 8-10)  1
DPTR FM NORMAL     0

[CDD (BASE 65) ]
TOTAL THIS MO.   466
DPTR FM NORMAL   -26    [PRESSURE DATA]
TOTAL FM JAN 1  1330    HIGHEST SLP M ON M
DPTR FM NORMAL   -98    LOWEST  SLP 29.83 ON M

[REMARKS]
