000
CXUS56 KSGX 271445
CF6CZZ
PRELIMINARY LOCAL CLIMATOLOGICAL DATA (WS FORM: F-6)

                                          STATION:   CAMPO ASOS CA
                                          MONTH:     AUGUST
                                          YEAR:      2015
                                          LATITUDE:   32 37 N
                                          LONGITUDE: 116 28 W

  TEMPERATURE IN F:       :PCPN:    SNOW:  WIND      :SUNSHINE: SKY     :PK WND
================================================================================
1   2   3   4   5  6A  6B    7    8   9   10  11  12  13   14  15   16   17  18
                                     12Z  AVG MX 2MIN
DY MAX MIN AVG DEP HDD CDD  WTR  SNW DPTH SPD SPD DIR MIN PSBL S-S WX    SPD DR
================================================================================

 1  93  53  73  -1   0   8 0.00  0.0    0  6.7 18 220   M    M   0        22 210
 2  94  53  74   0   0   9 0.00  0.0    0  7.9 22 210   M    M   0        27 210
 3  94  52  73  -1   0   8 0.00  0.0    0  8.5 21 220   M    M   0        27 220
 4  98  51  75   1   0  10 0.00  0.0    0  7.4 26 300   M    M   M        21 310
 5 100  53  77   3   0  12 0.00  0.0    0  6.9 18 230   M    M   0        24 240
 6  94  61  78   4   0  13 0.00  0.0    0  7.9 21 220   M    M   0        24 210
 7  87  54  71  -3   0   6 0.00  0.0    0  9.2 22 200   M    M   0        27 210
 8  87  45  66  -8   0   1 0.00  0.0    0  8.4 22 220   M    M   0        26 210
 9  84  46  65  -9   0   0 0.00  0.0    0  8.0 21 220   M    M   0        24 220
10  85  44  65  -9   0   0 0.00  0.0    0  8.0 20 220   M    M   0        25 220
11  88  48  68  -6   0   3 0.00  0.0    0  8.6 21 220   M    M   0        25 220
12  97  51  74   0   0   9 0.00  0.0    0  6.5 18 220   M    M   0        24 220
13 100  62  81   7   0  16 0.00  0.0    0  7.5 22 200   M    M   0        26 230
14 102  63  83   9   0  18 0.00  0.0    0  6.8 20 240   M    M   0        27 230
15 104  62  83   9   0  18 0.00  0.0    0  7.1 23 230   M    M   0        27 230
16 105  64  85  11   0  20 0.00  0.0    0  7.2 18 260   M    M   0        27 270
17  94  61  78   4   0  13 0.00  0.0    0  8.9 25 220   M    M   0        29 220
18  91  55  73  -1   0   8 0.00  0.0    0  8.6 22 250   M    M   0        30 220
19  91  50  71  -3   0   6 0.00  0.0    0  8.3 22 210   M    M   0        33 220
20  88  50  69  -5   0   4 0.00  0.0    0  8.9 21 210   M    M   0        26 220
21  90  52  71  -3   0   6 0.00  0.0    0  8.7 23 210   M    M   0        27 210
22  91  50  71  -3   0   6 0.00  0.0    0  8.9 22 220   M    M   0        27 200
23  96  52  74   0   0   9 0.00  0.0    0  8.2 20 220   M    M   0        24 220
24  96  58  77   4   0  12 0.00  0.0    0  6.8 22 200   M    M   0        25 230
25  87  66  77   4   0  12 0.01  0.0    0  3.9 15 230   M    M   0        17 230
26  96  61  79   6   0  14 0.00  0.0    0  6.2 29  70   M    M   0        37  80
================================================================================
SM 2432 1417         0 241  0.01     0.0 200.0          M        0
================================================================================
AV 93.5 54.5                               7.7 FASTST   M    M   0    MAX(MPH)
                                 MISC ---->  # 29  70               # 37   80
================================================================================
NOTES:
# LAST OF SEVERAL OCCURRENCES

COLUMN 17 PEAK WIND IN M.P.H.

PRELIMINARY LOCAL CLIMATOLOGICAL DATA (WS FORM: F-6) , PAGE 2

                                          STATION:  CAMPO ASOS CA
                                          MONTH:    AUGUST
                                          YEAR:     2015
                                          LATITUDE:   32 37 N
                                          LONGITUDE: 116 28 W

[TEMPERATURE DATA]      [PRECIPITATION DATA]       SYMBOLS USED IN COLUMN 16

AVERAGE MONTHLY: 74.0   TOTAL FOR MONTH:   0.01    1 = FOG OR MIST
DPTR FM NORMAL:   0.1   DPTR FM NORMAL:   -0.59    2 = FOG REDUCING VISIBILITY
HIGHEST:   105 ON 16    GRTST 24HR  0.01 ON 25-25      TO 1/4 MILE OR LESS
LOWEST:     44 ON 10                               3 = THUNDER
                        SNOW, ICE PELLETS, HAIL    4 = ICE PELLETS
                        TOTAL MONTH:   0.0 INCH    5 = HAIL
                        GRTST 24HR     0.0         6 = FREEZING RAIN OR DRIZZLE
                        GRTST DEPTH:   0           7 = DUSTSTORM OR SANDSTORM:
                                                       VSBY 1/2 MILE OR LESS
                                                   8 = SMOKE OR HAZE
[NO. OF DAYS WITH]      [WEATHER - DAYS WITH]      9 = BLOWING SNOW
                                                   X = TORNADO
MAX 32 OR BELOW:   0    0.01 INCH OR MORE:   1
MAX 90 OR ABOVE:  19    0.10 INCH OR MORE:   0
MIN 32 OR BELOW:   0    0.50 INCH OR MORE:   0
MIN  0 OR BELOW:   0    1.00 INCH OR MORE:   0

[HDD (BASE 65) ]
TOTAL THIS MO.     0    CLEAR  (SCALE 0-3)  25
DPTR FM NORMAL     0    PTCLDY (SCALE 4-7)   0
TOTAL FM JUL 1    10    CLOUDY (SCALE 8-10)  0
DPTR FM NORMAL     3

[CDD (BASE 65) ]
TOTAL THIS MO.   241
DPTR FM NORMAL     7    [PRESSURE DATA]
TOTAL FM JAN 1   626    HIGHEST SLP M ON M
DPTR FM NORMAL    20    LOWEST  SLP 29.75 ON  6

[REMARKS]
