616
CXUS56 KSGX 231445
CF6CZZ
PRELIMINARY LOCAL CLIMATOLOGICAL DATA (WS FORM: F-6)

                                          STATION:   CAMPO ASOS CA
                                          MONTH:     APRIL
                                          YEAR:      2017
                                          LATITUDE:   32 37 N
                                          LONGITUDE: 116 28 W

  TEMPERATURE IN F:       :PCPN:    SNOW:  WIND      :SUNSHINE: SKY     :PK WND
================================================================================
1   2   3   4   5  6A  6B    7    8   9   10  11  12  13   14  15   16   17  18
                                     12Z  AVG MX 2MIN
DY MAX MIN AVG DEP HDD CDD  WTR  SNW DPTH SPD SPD DIR MIN PSBL S-S WX    SPD DR
================================================================================

 1  72  31  52  -1  13   0 0.00  0.0    0  6.4 21 230   M    M   0        26 220
 2  76  37  57   4   8   0 0.00  0.0    0  7.5 18 310   M    M   0        23 320
 3  67  33  50  -3  15   0 0.00  0.0    0  8.5 22 230   M    M   0        27 230
 4  73  33  53   0  12   0 0.00  0.0    0 10.6 24  60   M    M   0        31  50
 5  79  40  60   7   5   0 0.00  0.0    0  8.3 22 240   M    M   0        27 240
 6  78  40  59   6   6   0 0.00  0.0    0  7.4 18 220   M    M   0        23 220
 7  75  34  55   1  10   0 0.00  0.0    0  8.2 21 220   M    M   0        24 220
 8  64  32  48  -6  17   0 0.00  0.0    0  8.0 23 240   M    M   0        29 260
 9  72  30  51  -3  14   0 0.00  0.0    0  7.0 23  60   M    M   0        27  60
10  75  31  53  -1  12   0 0.00  0.0    0  6.0 17 230   M    M   0        23 280
11  73  34  54   0  11   0 0.00  0.0    0  8.3 21 220   M    M   0        25 220
12  75  32  54   0  11   0 0.00  0.0    0  7.4 18 210   M    M   0        25 250
13  67  40  54   0  11   0 0.00  0.0    0  9.7 22 260   M    M   0        30 270
14  68  32  50  -5  15   0 0.00  0.0    0  6.8 22 220   M    M   0        26 220
15  80  31  56   1   9   0 0.00  0.0    0  8.4 21 220   M    M   0        26 220
16  78  38  58   3   7   0 0.00  0.0    0  7.6 21 220   M    M   0        26 220
17  77  39  58   3   7   0 0.00  0.0    0  6.9 21 290   M    M   0        32 280
18  75  43  59   4   6   0 0.00  0.0    0  9.0 22 230   M    M   0        26 230
19  76  42  59   3   6   0 0.00  0.0    0  6.4 18 250   M    M   0        24 250
20  79  36  58   2   7   0 0.00  0.0    0  7.4 18 250   M    M   0        24 240
21  85  37  61   5   4   0 0.00  0.0    0 10.4 30  60   M    M   0        38  80
22  90  43  67  11   0   2 0.00  0.0    0  7.1 21 220   M    M   0        25 220
================================================================================
SM 1654  788       206   2  0.00     0.0 173.3          M        0
================================================================================
AV 75.2 35.8                               7.9 FASTST   M    M   0    MAX(MPH)
                                 MISC ---->  # 30  60               # 38   80
================================================================================
NOTES:
# LAST OF SEVERAL OCCURRENCES

COLUMN 17 PEAK WIND IN M.P.H.

PRELIMINARY LOCAL CLIMATOLOGICAL DATA (WS FORM: F-6) , PAGE 2

                                          STATION:  CAMPO ASOS CA
                                          MONTH:    APRIL
                                          YEAR:     2017
                                          LATITUDE:   32 37 N
                                          LONGITUDE: 116 28 W

[TEMPERATURE DATA]      [PRECIPITATION DATA]       SYMBOLS USED IN COLUMN 16

AVERAGE MONTHLY: 55.5   TOTAL FOR MONTH:   0.00    1 = FOG OR MIST
DPTR FM NORMAL:   1.2   DPTR FM NORMAL:   -0.78    2 = FOG REDUCING VISIBILITY
HIGHEST:    90 ON 22    GRTST 24HR  0.00 ON 22-22      TO 1/4 MILE OR LESS
LOWEST:     30 ON  9                               3 = THUNDER
                        SNOW, ICE PELLETS, HAIL    4 = ICE PELLETS
                        TOTAL MONTH:   0.0 INCH    5 = HAIL
                        GRTST 24HR     0.0         6 = FREEZING RAIN OR DRIZZLE
                        GRTST DEPTH:   0           7 = DUSTSTORM OR SANDSTORM:
                                                       VSBY 1/2 MILE OR LESS
                                                   8 = SMOKE OR HAZE
[NO. OF DAYS WITH]      [WEATHER - DAYS WITH]      9 = BLOWING SNOW
                                                   X = TORNADO
MAX 32 OR BELOW:   0    0.01 INCH OR MORE:   0
MAX 90 OR ABOVE:   1    0.10 INCH OR MORE:   0
MIN 32 OR BELOW:   7    0.50 INCH OR MORE:   0
MIN  0 OR BELOW:   0    1.00 INCH OR MORE:   0

[HDD (BASE 65) ]
TOTAL THIS MO.   206    CLEAR  (SCALE 0-3)  22
DPTR FM NORMAL   -30    PTCLDY (SCALE 4-7)   0
TOTAL FM JUL 1  2425    CLOUDY (SCALE 8-10)  0
DPTR FM NORMAL  -279

[CDD (BASE 65) ]
TOTAL THIS MO.     2
DPTR FM NORMAL     2    [PRESSURE DATA]
TOTAL FM JAN 1     2    HIGHEST SLP M ON M
DPTR FM NORMAL     2    LOWEST  SLP 29.79 ON M

[REMARKS]
