000
CXUS52 KMLB 271233
CF6DAB
PRELIMINARY LOCAL CLIMATOLOGICAL DATA (WS FORM: F-6)

                                          STATION:   DAYTONA BEACH
                                          MONTH:     FEBRUARY
                                          YEAR:      2015
                                          LATITUDE:   29 10 N
                                          LONGITUDE:  81  3 W

  TEMPERATURE IN F:       :PCPN:    SNOW:  WIND      :SUNSHINE: SKY     :PK WND
================================================================================
1   2   3   4   5  6A  6B    7    8   9   10  11  12  13   14  15   16   17  18
                                     12Z  AVG MX 2MIN
DY MAX MIN AVG DEP HDD CDD  WTR  SNW DPTH SPD SPD DIR MIN PSBL S-S WX    SPD DR
================================================================================

 1  73  47  60   1   5   0 0.00  0.0    0  5.3 18 160   M    M   4 18     25 160
 2  75  49  62   3   3   0    T    M    0 12.1 26 250   M    M   5        33 240
 3  62  41  52  -7  13   0 0.00  0.0    0 10.1 18  20   M    M   5        25  20
 4  70  56  63   4   2   0 0.07  0.0    0  4.6 13  40   M    M  10 1      15  40
 5  65  51  58  -1   7   0 0.58  0.0    0  9.3 22 360   M    M   7 1      29 360
 6  64  49  57  -2   8   0 0.00  0.0    0 11.5 22  10   M    M   1        28  20
 7  70  45  58  -2   7   0 0.00  0.0    0  4.3 14  50   M    M   4        17  50
 8  74  47  61   1   4   0 0.00  0.0    0  3.4 12 260   M    M   2        17 120
 9  71  51  61   1   4   0 0.35  0.0    0  2.3 10 150   M    M   6 12     12 160
10  63  51  57  -3   8   0    T  0.0    0 10.4 20 310   M    M   7 12     23 310
11  63  44  54  -6  11   0 0.00  0.0    0  7.5 18  30   M    M   2 1      24  20
12  72  43  58  -2   7   0 0.00  0.0    0  8.1 21 230   M    M   0 1      25 240
13  58  40  49 -11  16   0 0.00  0.0    0 10.7 20  10   M    M   1        28  10
14  65  37  51  -9  14   0 0.00  0.0    0  9.4 18 260   M    M   1        24 260
15  66  46  56  -4   9   0 0.00  0.0    0  9.6 18  40   M    M   3        24 320
16  74  46  60  -1   5   0 0.00  0.0    0  6.2 17 160   M    M   6 1      24 150
17  77  53  65   4   0   0 0.72  0.0    0  9.7 25 360   M    M   9 1      36 210
18  61  43  52  -9  13   0 0.41    M    0 10.9 21 260   M    M   4 1      28 260
19  50  35  43 -18  22   0 0.00  0.0    0 11.6 20 300   M    M   1        30 310
20  51  31  41 -20  24   0 0.00  0.0    0  8.3 16  40   M    M   1        21  20
21  70  37  54  -7  11   0    T  0.0    0  2.9 12  90   M    M   6        17 160
22  80  51  66   5   0   1 0.00  0.0    0  3.9 13  90   M    M   2 1      19 120
23  83  61  72  11   0   7    T  0.0    0  8.2 21 270   M    M   7 1      26 240
24  73  58  66   4   0   1 0.01  0.0    0  7.3 23 250   M    M   8        30 250
25  71  55  63   1   2   0    T  0.0    0  6.6 10 200   M    M   8 1      18 200
26  75  55  65   3   0   0 0.21  0.0    0 13.5 30 260   M    M   8 13     37 210
================================================================================
SM 1776 1222       195   9  2.35     0.0 207.7          M      118
================================================================================
AV 68.3 47.0                               8.0 FASTST   M    M   5    MAX(MPH)
                                 MISC ---->  # 30 260               # 37  210
================================================================================
NOTES:
# LAST OF SEVERAL OCCURRENCES

COLUMN 17 PEAK WIND IN M.P.H.

PRELIMINARY LOCAL CLIMATOLOGICAL DATA (WS FORM: F-6) , PAGE 2

                                          STATION:  DAYTONA BEACH
                                          MONTH:    FEBRUARY
                                          YEAR:     2015
                                          LATITUDE:   29 10 N
                                          LONGITUDE:  81  3 W

[TEMPERATURE DATA]      [PRECIPITATION DATA]       SYMBOLS USED IN COLUMN 16

AVERAGE MONTHLY: 57.7   TOTAL FOR MONTH:   2.35    1 = FOG OR MIST
DPTR FM NORMAL:  -2.7   DPTR FM NORMAL:   -0.21    2 = FOG REDUCING VISIBILITY
HIGHEST:    83 ON 23    GRTST 24HR  1.13 ON 17-18      TO 1/4 MILE OR LESS
LOWEST:     31 ON 20                               3 = THUNDER
                        SNOW, ICE PELLETS, HAIL    4 = ICE PELLETS
                        TOTAL MONTH:   0.0 INCH    5 = HAIL
                        GRTST 24HR     0.0         6 = FREEZING RAIN OR DRIZZLE
                        GRTST DEPTH:   0           7 = DUSTSTORM OR SANDSTORM:
                                                       VSBY 1/2 MILE OR LESS
                                                   8 = SMOKE OR HAZE
[NO. OF DAYS WITH]      [WEATHER - DAYS WITH]      9 = BLOWING SNOW
                                                   X = TORNADO
MAX 32 OR BELOW:   0    0.01 INCH OR MORE:   7
MAX 90 OR ABOVE:   0    0.10 INCH OR MORE:   5
MIN 32 OR BELOW:   1    0.50 INCH OR MORE:   2
MIN  0 OR BELOW:   0    1.00 INCH OR MORE:   0

[HDD (BASE 65) ]
TOTAL THIS MO.   195    CLEAR  (SCALE 0-3)  10
DPTR FM NORMAL    39    PTCLDY (SCALE 4-7)  13
TOTAL FM JUL 1   637    CLOUDY (SCALE 8-10)  3
DPTR FM NORMAL   -36

[CDD (BASE 65) ]
TOTAL THIS MO.     9
DPTR FM NORMAL   -20    [PRESSURE DATA]
TOTAL FM JAN 1    40    HIGHEST SLP M ON M
DPTR FM NORMAL   -18    LOWEST  SLP 29.63 ON 26

[REMARKS]
