807
CXUS54 KFWD 240730
CF6DAL
PRELIMINARY LOCAL CLIMATOLOGICAL DATA (WS FORM: F-6)

                                          STATION:   DALLAS LOVE FIELD
                                          MONTH:     FEBRUARY
                                          YEAR:      2018
                                          LATITUDE:   32 50 N
                                          LONGITUDE:  96 51 W

  TEMPERATURE IN F:       :PCPN:    SNOW:  WIND      :SUNSHINE: SKY     :PK WND
================================================================================
1   2   3   4   5  6A  6B    7    8   9   10  11  12  13   14  15   16   17  18
                                     12Z  AVG MX 2MIN
DY MAX MIN AVG DEP HDD CDD  WTR  SNW DPTH SPD SPD DIR MIN PSBL S-S WX    SPD DR
================================================================================

 1  65  45  55   7  10   0 0.00  0.0    0 13.4 25  30   M    M   4        33  30
 2  53  35  44  -4  21   0 0.00  0.0    0  9.0 20  20   M    M   6        27  20
 3  57  42  50   1  15   0 0.00  0.0    0 13.6 24 170   M    M   8        32 190
 4  66  36  51   2  14   0 0.00  0.0    0  9.7 26  10   M    M   5 1      34 360
 5  47  26  37 -12  28   0 0.00  0.0    0  5.3 15  10   M    M   6        20  10
 6  45  32  39 -10  26   0 0.53  0.0    0  9.5 20 360   M    M   9 1368   24 360
 7  49  30  40  -9  25   0    T  0.0    0 10.3 21 350   M    M   5 16     27 350
 8  60  30  45  -5  20   0 0.00  0.0    0  4.4 12 160   M    M   3        14 150
 9  69  44  57   7   8   0 0.00  0.0    0 12.5 24 170   M    M   8 8      30 170
10  60  31  46  -4  19   0    T  0.0    0 12.1 23 330   M    M  10 16     28 340
11  42  27  35 -15  30   0    T    T    0 11.8 21  10   M    M   8 46     26  20
12  47  28  38 -12  27   0 0.00  0.0    0  8.4 15 130   M    M   6        20  30
13  46  39  43  -7  22   0    T  0.0    0  6.2 21 140   M    M  10 18     24 140
14  76  44  60   9   5   0 0.02  0.0    0 10.8 21 170   M    M   9 18     26 150
15  79  64  72  21   0   7 0.00  0.0    0 13.3 22 210   M    M   9        33 190
16  70  46  58   7   7   0 0.01  0.0    0 11.7 25  10   M    M   8        33 350
17  65  42  54   3  11   0 0.36  0.0    0  6.0 20 320   M    M   9 13     25 320
18  63  46  55   3  10   0 0.08  0.0    0  9.5 28 150   M    M   9 1      33 150
19  78  63  71  19   0   6    T  0.0    0 18.1 29 170   M    M  10 3      37 180
20  72  39  56   4   9   0 3.83  0.0    0 16.0 30 330   M    M  10 13     36 320
21  39  34  37 -15  28   0 1.66  0.0    0 14.2 23 360   M    M  10 13     30 350
22  41  34  38 -15  27   0 0.65  0.0    0  6.9 15 360   M    M  10 13     19 360
23  52  39  46  -7  19   0 1.30  0.0    0  5.0 13 110   M    M  10 123    15 100
================================================================================
SM 1341  896       381  13  8.44    T    237.7          M      182
================================================================================
AV 58.3 39.0                              10.3 FASTST   M    M   8    MAX(MPH)
                                 MISC ---->  # 30 330               # 37  180
================================================================================
NOTES:
# LAST OF SEVERAL OCCURRENCES

COLUMN 17 PEAK WIND IN M.P.H.

PRELIMINARY LOCAL CLIMATOLOGICAL DATA (WS FORM: F-6) , PAGE 2

                                          STATION:  DALLAS LOVE FIELD
                                          MONTH:    FEBRUARY
                                          YEAR:     2018
                                          LATITUDE:   32 50 N
                                          LONGITUDE:  96 51 W

[TEMPERATURE DATA]      [PRECIPITATION DATA]       SYMBOLS USED IN COLUMN 16

AVERAGE MONTHLY: 48.6   TOTAL FOR MONTH:   8.44    1 = FOG OR MIST
DPTR FM NORMAL:  -1.8   DPTR FM NORMAL:    6.35    2 = FOG REDUCING VISIBILITY
HIGHEST:    79 ON 15    GRTST 24HR  4.45 ON 20-21      TO 1/4 MILE OR LESS
LOWEST:     26 ON  5                               3 = THUNDER
                        SNOW, ICE PELLETS, HAIL    4 = ICE PELLETS
                        TOTAL MONTH:    T          5 = HAIL
                        GRTST 24HR    T  ON 11-11  6 = FREEZING RAIN OR DRIZZLE
                        GRTST DEPTH:   0           7 = DUSTSTORM OR SANDSTORM:
                                                       VSBY 1/2 MILE OR LESS
                                                   8 = SMOKE OR HAZE
[NO. OF DAYS WITH]      [WEATHER - DAYS WITH]      9 = BLOWING SNOW
                                                   X = TORNADO
MAX 32 OR BELOW:   0    0.01 INCH OR MORE:   9
MAX 90 OR ABOVE:   0    0.10 INCH OR MORE:   6
MIN 32 OR BELOW:   7    0.50 INCH OR MORE:   5
MIN  0 OR BELOW:   0    1.00 INCH OR MORE:   3

[HDD (BASE 65) ]
TOTAL THIS MO.   381    CLEAR  (SCALE 0-3)   1
DPTR FM NORMAL    38    PTCLDY (SCALE 4-7)   8
TOTAL FM JUL 1  1673    CLOUDY (SCALE 8-10) 14
DPTR FM NORMAL   -87

[CDD (BASE 65) ]
TOTAL THIS MO.    13
DPTR FM NORMAL    13    [PRESSURE DATA]
TOTAL FM JAN 1    15    HIGHEST SLP M ON M
DPTR FM NORMAL    12    LOWEST  SLP 29.73 ON 19

[REMARKS]
