000
CXUS51 KRNK 010903
CF6DAN

PRELIMINARY LOCAL CLIMATOLOGICAL DATA (WS FORM: F-6)

                                          STATION:   DANVILLE VA
                                          MONTH:     AUGUST
                                          YEAR:      2015
                                          LATITUDE:   36 34 N
                                          LONGITUDE:  79 20 W

  TEMPERATURE IN F:       :PCPN:    SNOW:  WIND      :SUNSHINE: SKY     :PK WND
================================================================================
1   2   3   4   5  6A  6B    7    8   9   10  11  12  13   14  15   16   17  18
                                     12Z  AVG MX 2MIN
DY MAX MIN AVG DEP HDD CDD  WTR  SNW DPTH SPD SPD DIR MIN PSBL S-S WX    SPD DR
================================================================================

 1  91  64  78   0   0  13 0.00  0.0    0  3.1 13 250   M    M   1        17 240
 2  88  62  75  -3   0  10 0.00  0.0    0  2.5  9  20   M    M   0        13  50
 3  92  63  78   0   0  13 0.00  0.0    0  3.5 13 240   M    M   1        17 250
 4  93  71  82   4   0  17 0.00  0.0    0  5.2 10 240   M    M   0        14 210
 5  95  69  82   4   0  17 0.01  0.0    0  5.1 25 270   M    M   0 3      33 290
 6  86  70  78   0   0  13 1.60  0.0    0  4.4 12  40   M    M   3 13     16  30
 7  73  67  70  -8   0   5 0.04  0.0    0  8.8 15  10   M    M  10 1      19  10
 8  86  69  78   0   0  13 0.00  0.0    0  6.7 15  30   M    M   5        19  40
 9  86  68  77  -1   0  12 0.00  0.0    0  2.1 10 230   M    M   5        14 230
10  80  69  75  -3   0  10 0.08  0.0    0  3.3  9 190   M    M   5 1      14 200
11  89  70  80   2   0  15 0.38  0.0    0  4.9 23 360   M    M   5 13     30 340
12  86  66  76  -2   0  11 0.00  0.0    0  5.4 15 360   M    M   2        19 360
13  86  62  74  -4   0   9 0.00  0.0    0  2.8 10  50   M    M   1        13  70
14  88  64  76  -2   0  11 0.00  0.0    0  3.0  7  40   M    M   1        10  40
15  90  63  77   0   0  12 0.00  0.0    0  1.2  6 100   M    M   0 1       9  40
16  91  64  78   1   0  13 0.00  0.0    0  1.3  7 310   M    M   0 1       9 270
17  94  66  80   3   0  15 0.00  0.0    0  1.8  8 160   M    M   1 1      15 150
18  83  72  78   1   0  13 0.73  0.0    0  3.3 16 220   M    M   8 1      27 220
19  87  73  80   3   0  15 0.10  0.0    0  3.2 16 250   M    M   5 13     19 220
20  88  72  80   3   0  15 0.05  0.0    0  2.9 12 340   M    M   4 1      15 230
21  86  68  77   0   0  12 0.00  0.0    0  3.8 10 320   M    M   5        13  70
22  86  63  75  -2   0  10 0.00  0.0    0  2.8 12  50   M    M   1        15  50
23  86  62  74  -2   0   9 0.00  0.0    0  2.3 10 230   M    M   3        16 220
24  92  70  81   5   0  16    T  0.0    0  3.5 13 280   M    M   4        20  80
25  87  64  76   0   0  11 0.00  0.0    0  4.2 13 360   M    M   2        17 350
26  83  61  72  -4   0   7 0.00  0.0    0  5.2 14  60   M    M   5        20  70
27  84  63  74  -2   0   9 0.00  0.0    0  4.8 10  40   M    M   3        14  50
28  87  59  73  -3   0   8 0.00  0.0    0  1.4  7  30   M    M   0 1      11 350
29  85  59  72  -3   0   7 0.00  0.0    0  1.2  8 230   M    M   0 1      13 240
30  85  66  76   1   0  11 0.00  0.0    0  2.7  9 260   M    M   3        10 270
31  85  68  77   2   0  12 0.07  0.0    0  1.7  7 100   M    M   7 1      11 100
================================================================================
SM 2698 2047         0 364  3.06     0.0 108.1          M       90
================================================================================
AV 87.0 66.0                               3.5 FASTST   M    M   3    MAX(MPH)
                                 MISC ---->  # 25 270               # 33  290
================================================================================
NOTES:
# LAST OF SEVERAL OCCURRENCES

COLUMN 17 PEAK WIND IN M.P.H.

PRELIMINARY LOCAL CLIMATOLOGICAL DATA (WS FORM: F-6) , PAGE 2

                                          STATION:  DANVILLE VA
                                          MONTH:    AUGUST
                                          YEAR:     2015
                                          LATITUDE:   36 34 N
                                          LONGITUDE:  79 20 W

[TEMPERATURE DATA]      [PRECIPITATION DATA]       SYMBOLS USED IN COLUMN 16

AVERAGE MONTHLY: 76.5   TOTAL FOR MONTH:   3.06    1 = FOG OR MIST
DPTR FM NORMAL:  -0.5   DPTR FM NORMAL:   -0.91    2 = FOG REDUCING VISIBILITY
HIGHEST:    95 ON  5    GRTST 24HR  1.64 ON  6- 7      TO 1/4 MILE OR LESS
LOWEST:     59 ON 29,28                            3 = THUNDER
                        SNOW, ICE PELLETS, HAIL    4 = ICE PELLETS
                        TOTAL MONTH:   0.0 INCH    5 = HAIL
                        GRTST 24HR     0.0         6 = FREEZING RAIN OR DRIZZLE
                        GRTST DEPTH:   0           7 = DUSTSTORM OR SANDSTORM:
                                                       VSBY 1/2 MILE OR LESS
                                                   8 = SMOKE OR HAZE
[NO. OF DAYS WITH]      [WEATHER - DAYS WITH]      9 = BLOWING SNOW
                                                   X = TORNADO
MAX 32 OR BELOW:   0    0.01 INCH OR MORE:   9
MAX 90 OR ABOVE:   8    0.10 INCH OR MORE:   4
MIN 32 OR BELOW:   0    0.50 INCH OR MORE:   2
MIN  0 OR BELOW:   0    1.00 INCH OR MORE:   1

[HDD (BASE 65) ]
TOTAL THIS MO.     0    CLEAR  (SCALE 0-3)  16
DPTR FM NORMAL     0    PTCLDY (SCALE 4-7)  14
TOTAL FM JUL 1     0    CLOUDY (SCALE 8-10)  1
DPTR FM NORMAL     0

[CDD (BASE 65) ]
TOTAL THIS MO.   364
DPTR FM NORMAL   -10    [PRESSURE DATA]
TOTAL FM JAN 1  1394    HIGHEST SLP 30.23 ON 29
DPTR FM NORMAL   167    LOWEST  SLP 29.76 ON  7

[REMARKS]
#FINAL-08-15#
