000
CXUS55 KDVN 301100
CF6DBQ
PRELIMINARY LOCAL CLIMATOLOGICAL DATA (WS FORM: F-6)

                                          STATION:   DUBUQUE IA
                                          MONTH:     SEPTEMBER
                                          YEAR:      2016
                                          LATITUDE:   42 24 N
                                          LONGITUDE:  90 42 W

  TEMPERATURE IN F:       :PCPN:    SNOW:  WIND      :SUNSHINE: SKY     :PK WND
================================================================================
1   2   3   4   5  6A  6B    7    8   9   10  11  12  13   14  15   16   17  18
                                     12Z  AVG MX 2MIN
DY MAX MIN AVG DEP HDD CDD  WTR  SNW DPTH SPD SPD DIR MIN PSBL S-S WX    SPD DR
================================================================================

 1  74  56  65  -2   0   0 0.00  0.0    0  7.9 15  40   M    M   2        20  30
 2  75  53  64  -3   1   0 0.00  0.0    0  6.1 13  40   M    M   1        14  40
 3  74  55  65  -2   0   0 0.00  0.0    0  7.2 14 170   M    M   2        19 170
 4  77  59  68   2   0   3 0.00  0.0    0 10.2 17 170   M    M   1        23 170
 5  85  63  74   8   0   9 0.00  0.0    0 12.8 22 200   M    M   0        28 170
 6  89  71  80  14   0  15 0.00  0.0    0 11.1 20 210   M    M   4        24 210
 7  81  69  75   9   0  10 2.02  0.0    0  6.9 22 230   M    M   7 123    28 240
 8  83  60  72   7   0   7 0.07  0.0    0  6.6 15 280   M    M   5 1      19 300
 9  77  63  70   5   0   5 0.22  0.0    0  8.4 21 360   M    M   6 12     25 350
10  70  51  61  -3   4   0    T  0.0    0 10.3 25 320   M    M   5 1      33 330
11  74  48  61  -3   4   0 0.00  0.0    0  7.2 18 200   M    M   0        22 160
12  79  52  66   2   0   1 0.00  0.0    0 12.5 25 200   M    M   0        31 170
13  74  61  68   5   0   3 0.62  0.0    0  9.5 16 260   M    M   7 13     23 270
14  73  55  64   1   1   0 0.10  0.0    0  5.6 12  40   M    M   3 1      15  20
15  78  57  68   6   0   3 0.00  0.0    0  9.0 18 140   M    M   2 3      26 140
16  74  60  67   5   0   2 0.20  0.0    0  9.6 22 190   M    M   6 13     28 190
17  76  54  65   3   0   0 0.00  0.0    0  7.5 20 250   M    M   1 12     25 250
18  80  50  65   4   0   0 0.00  0.0    0  7.1 20 200   M    M   0        34 210
19  86  56  71  10   0   6 0.54  0.0    0 10.7 23  30   M    M   2 12     28  30
20  82  60  71  11   0   6 0.00  0.0    0  8.2 16 160   M    M   3 12     23 150
21  76  63  70  10   0   5 0.53  0.0    0 13.3 26 150   M    M   4 13     32 150
22  73  64  69  10   0   4 0.31  0.0    0  8.6 20 180   M    M   4 13     23 180
23  70  63  67   8   0   2 0.54  0.0    0  8.3 22 130   M    M   7 13     30 130
24  70  63  67   9   0   2 0.00  0.0    0  7.9 14 130   M    M   7 18     19 130
25  80  57  69  11   0   4 0.00  0.0    0 12.8 23 270   M    M   3 18     30 260
26  68  46  57  -1   8   0 0.00  0.0    0 13.9 29 270   M    M   0        37 280
27  69  41  55  -2  10   0 0.00  0.0    0 11.5 28 280   M    M   1        34 270
28  62  46  54  -3  11   0    T  0.0    0 11.3 22  20   M    M   7 18     26  20
29  72  50  61   5   4   0 0.00  0.0    0 12.7 22  40   M    M   1        27  20
================================================================================
SM 2201 1646        43  87  5.15     0.0 274.7          M       91
================================================================================
AV 75.9 56.8                               9.5 FASTST   M    M   3    MAX(MPH)
                                 MISC ---->  # 29 270               # 37  280
================================================================================
NOTES:
# LAST OF SEVERAL OCCURRENCES

COLUMN 17 PEAK WIND IN M.P.H.

PRELIMINARY LOCAL CLIMATOLOGICAL DATA (WS FORM: F-6) , PAGE 2

                                          STATION:  DUBUQUE IA
                                          MONTH:    SEPTEMBER
                                          YEAR:     2016
                                          LATITUDE:   42 24 N
                                          LONGITUDE:  90 42 W

[TEMPERATURE DATA]      [PRECIPITATION DATA]       SYMBOLS USED IN COLUMN 16

AVERAGE MONTHLY: 66.3   TOTAL FOR MONTH:   5.15    1 = FOG OR MIST
DPTR FM NORMAL:   4.2   DPTR FM NORMAL:    1.79    2 = FOG REDUCING VISIBILITY
HIGHEST:    89 ON  6    GRTST 24HR  2.09 ON  7- 8      TO 1/4 MILE OR LESS
LOWEST:     41 ON 27                               3 = THUNDER
                        SNOW, ICE PELLETS, HAIL    4 = ICE PELLETS
                        TOTAL MONTH:   0.0 INCH    5 = HAIL
                        GRTST 24HR     0.0         6 = FREEZING RAIN OR DRIZZLE
                        GRTST DEPTH:   0           7 = DUSTSTORM OR SANDSTORM:
                                                       VSBY 1/2 MILE OR LESS
                                                   8 = SMOKE OR HAZE
[NO. OF DAYS WITH]      [WEATHER - DAYS WITH]      9 = BLOWING SNOW
                                                   X = TORNADO
MAX 32 OR BELOW:   0    0.01 INCH OR MORE:  10
MAX 90 OR ABOVE:   0    0.10 INCH OR MORE:   9
MIN 32 OR BELOW:   0    0.50 INCH OR MORE:   5
MIN  0 OR BELOW:   0    1.00 INCH OR MORE:   1

[HDD (BASE 65) ]
TOTAL THIS MO.    43    CLEAR  (SCALE 0-3)  15
DPTR FM NORMAL   -99    PTCLDY (SCALE 4-7)  14
TOTAL FM JUL 1    50    CLOUDY (SCALE 8-10)  0
DPTR FM NORMAL  -119

[CDD (BASE 65) ]
TOTAL THIS MO.    87
DPTR FM NORMAL    26    [PRESSURE DATA]
TOTAL FM JAN 1   767    HIGHEST SLP M ON M
DPTR FM NORMAL   130    LOWEST  SLP 29.76 ON 27

[REMARKS]
