000
CXUS55 KALY 220800
CF6DDH
PRELIMINARY LOCAL CLIMATOLOGICAL DATA (WS FORM: F-6)

                                          STATION:   BENNINGTON VT
                                          MONTH:     OCTOBER
                                          YEAR:      2014
                                          LATITUDE:   42 53 N
                                          LONGITUDE:  73 15 W

  TEMPERATURE IN F:       :PCPN:    SNOW:  WIND      :SUNSHINE: SKY     :PK WND
================================================================================
1   2   3   4   5  6A  6B    7    8   9   10  11  12  13   14  15   16   17  18
                                     12Z  AVG MX 2MIN
DY MAX MIN AVG DEP HDD CDD  WTR  SNW DPTH SPD SPD DIR MIN PSBL S-S WX    SPD DR
================================================================================

 1  63  55  59   6   6   0 0.15    M    M  1.9  7  50   M    M  10 1      10 350
 2  71  53  62  10   3   0 0.01    M    M  2.9 10 120   M    M   8 1      15 110
 3  72  43  58   6   7   0 0.00    M    M  6.4 16 190   M    M   0        20 130
 4  61  49  55   3  10   0 0.42    M    M  4.9 21 140   M    M   9 18     31 140
 5  57  36  47  -4  18   0 0.00    M    M  4.8 14 260   M    M   2        21 270
 6  66  30  48  -3  17   0 0.00    M    M  8.7 24 160   M    M   1 1      34 160
 7  69  58  64  13   1   0 0.02    M    M 12.7 22 160   M    M   5        31 150
 8  66  49  58   8   7   0 0.18    M    M  9.8 22 150   M    M   8 1      30 160
 9  61  41  51   1  14   0 0.00    M    M  6.2 16 280   M    M   4        26 300
10  58  36  47  -2  18   0 0.00    M    M  4.6 12 310   M    M   5        19 280
11  59  35  47  -2  18   0 0.00    M    M  2.3  9 270   M    M   4 1      14 310
12  60  29  45  -4  20   0 0.00    M    M  1.7  8 310   M    M   1 12     12 260
13  62  30  46  -2  19   0 0.00    M    M  2.7 14 190   M    M   8        17 200
14  75  57  66  18   0   1 0.00    M    M  8.3 18 190   M    M   8        27 150
15  78  69  74  26   0   9 0.11    M    M 11.2 21 180   M    M   7 1      32 180
16  73  58  66  19   0   1 0.97    M    M 10.4 25 160   M    M   6 1      37 140
17  69  57  63  16   2   0 0.00    M    M  6.3 22 200   M    M   8        31 210
18  62  49  56   9   9   0 0.17    M    M  4.2 15 280   M    M   9 1      21 280
19  50  30  40  -6  25   0 0.00    M    M  7.9 16 320   M    M  10        25 270
20  55  25  40  -6  25   0 0.00    M    M  2.3 12 200   M    M   5 1      16 200
21  54  47  51   5  14   0 0.10    M    M  2.9  8  30   M    M  10 1      14  20
================================================================================
SM 1341  936       233  11  2.13    M    123.1          M      128
================================================================================
AV 63.9 44.6                               5.9 FASTST   M    M   6    MAX(MPH)
                                 MISC ---->  # 25 160               # 37  140
================================================================================
NOTES:
# LAST OF SEVERAL OCCURRENCES

COLUMN 17 PEAK WIND IN M.P.H.

PRELIMINARY LOCAL CLIMATOLOGICAL DATA (WS FORM: F-6) , PAGE 2

                                          STATION:  BENNINGTON VT
                                          MONTH:    OCTOBER
                                          YEAR:     2014
                                          LATITUDE:   42 53 N
                                          LONGITUDE:  73 15 W

[TEMPERATURE DATA]      [PRECIPITATION DATA]       SYMBOLS USED IN COLUMN 16

AVERAGE MONTHLY: 54.2   TOTAL FOR MONTH:   2.13    1 = FOG OR MIST
DPTR FM NORMAL:   5.1   DPTR FM NORMAL:   -0.49    2 = FOG REDUCING VISIBILITY
HIGHEST:    78 ON 15    GRTST 24HR  1.08 ON 15-16      TO 1/4 MILE OR LESS
LOWEST:     25 ON 20                               3 = THUNDER
                        SNOW, ICE PELLETS, HAIL    4 = ICE PELLETS
                        TOTAL MONTH:    M          5 = HAIL
                        GRTST 24HR    M  ON   M    6 = FREEZING RAIN OR DRIZZLE
                        GRTST DEPTH:  M  ON   M    7 = DUSTSTORM OR SANDSTORM:
                                                       VSBY 1/2 MILE OR LESS
                                                   8 = SMOKE OR HAZE
[NO. OF DAYS WITH]      [WEATHER - DAYS WITH]      9 = BLOWING SNOW
                                                   X = TORNADO
MAX 32 OR BELOW:   0    0.01 INCH OR MORE:   9
MAX 90 OR ABOVE:   0    0.10 INCH OR MORE:   7
MIN 32 OR BELOW:   5    0.50 INCH OR MORE:   1
MIN  0 OR BELOW:   0    1.00 INCH OR MORE:   0

[HDD (BASE 65) ]
TOTAL THIS MO.   233    CLEAR  (SCALE 0-3)   4
DPTR FM NORMAL  -101    PTCLDY (SCALE 4-7)  12
TOTAL FM JUL 1   480    CLOUDY (SCALE 8-10)  5
DPTR FM NORMAL  -132

[CDD (BASE 65) ]
TOTAL THIS MO.    11
DPTR FM NORMAL    11    [PRESSURE DATA]
TOTAL FM JAN 1   308    HIGHEST SLP M ON M
DPTR FM NORMAL    -3    LOWEST  SLP 29.53 ON  4

[REMARKS]
