000
CXUS53 KILX 252300
CF6DEC
PRELIMINARY LOCAL CLIMATOLOGICAL DATA (WS FORM: F-6)

                                          STATION:   DECATUR IL AIRPORT
                                          MONTH:     JULY
                                          YEAR:      2014
                                          LATITUDE:   39 49 N
                                          LONGITUDE:  88 51 W

  TEMPERATURE IN F:       :PCPN:    SNOW:  WIND      :SUNSHINE: SKY     :PK WND
================================================================================
1   2   3   4   5  6A  6B    7    8   9   10  11  12  13   14  15   16   17  18
                                     12Z  AVG MX 2MIN
DY MAX MIN AVG DEP HDD CDD  WTR  SNW DPTH SPD SPD DIR MIN PSBL S-S WX    SPD DR
================================================================================

 1  84  68  76   0   0  11 0.33    M    M  9.1 18 240   M    M   2 1      23 230
 2  73  60  67  -9   0   2    T    M    M  9.7 17 280   M    M   7        22 270
 3  78  60  69  -7   0   4    T    M    M  7.5 14 360   M    M   7 1      18 300
 4  79  59  69  -7   0   4 0.00    M    M  3.9 13 110   M    M   2        18  80
 5  79  53  66 -10   0   1 0.19    M    M  7.3 16 180   M    M   1 1      21 190
 6  84  67  76   0   0  11 0.00    M    M 12.5 21 220   M    M   3        26 210
 7  89  73  81   5   0  16 0.01    M    M  9.4 17 250   M    M   4 13     23 210
 8  83  66  75  -1   0  10 0.28    M    M 10.6 21 280   M    M   4 13     28 270
 9  81  62  72  -4   0   7 0.00    M    M  7.7 16 320   M    M   1        23 320
10  81  56  69  -7   0   4 0.00    M    M  5.0 13  50   M    M   1        16  50
11  84  56  70  -6   0   5    T    M    M  6.0 13 160   M    M   1        17 170
12  87  72  80   4   0  15 0.54    M    M 11.0 21 200   M    M   4 18     27 160
13  85  70  78   2   0  13 0.58    M    M  6.2 21 340   M    M   5 13     26 300
14  85  63  74  -2   0   9 0.23    M    M  8.7 36 330   M    M   2 138    47 330
15  71  56  64 -12   1   0 0.00    M    M 10.0 20 310   M    M   3        25 350
16  75  56  66 -10   0   1 0.00    M    M  5.1 13  20   M    M   3        16 360
17  78  54  66 -10   0   1 0.00    M    M  2.3  9 220   M    M   1        16 220
18  79  57  68  -8   0   3 0.00    M    M  4.0 13 100   M    M   3        17  90
19  80  53  67  -9   0   2 0.00    M    M  1.9  9  70   M    M   0 1      12 100
20  81  56  69  -7   0   4 0.00    M    M  1.5  7 120   M    M   1 1      13 160
21  84  59  72  -4   0   7 0.00    M    M  4.3 10 180   M    M   1 1      13 220
22  86  65  76   0   0  11 0.00    M    M  7.3 14 200   M    M   M         M  M
23   M   M   M   M   M   M 0.00    M    M 13.3 17  40   M    M   3 1      20  30
24  78   M   M   M   M   M 0.00    M    M  6.2 13  20   M    M   1        18  30
================================================================================
SM 1864 1341         1 141  2.16    M    170.5          M       60
================================================================================
AV 81.0 61.0                               7.1 FASTST   M    M   3    MAX(MPH)
                                 MISC ---->  # 36 330               # 47  330
================================================================================
NOTES:
# LAST OF SEVERAL OCCURRENCES

COLUMN 17 PEAK WIND IN M.P.H.

PRELIMINARY LOCAL CLIMATOLOGICAL DATA (WS FORM: F-6) , PAGE 2

                                          STATION:  DECATUR IL AIRPORT
                                          MONTH:    JULY
                                          YEAR:     2014
                                          LATITUDE:   39 49 N
                                          LONGITUDE:  88 51 W

[TEMPERATURE DATA]      [PRECIPITATION DATA]       SYMBOLS USED IN COLUMN 16

AVERAGE MONTHLY: 71.0   TOTAL FOR MONTH:   2.16    1 = FOG OR MIST
DPTR FM NORMAL:  -4.9   DPTR FM NORMAL:   -0.91    2 = FOG REDUCING VISIBILITY
HIGHEST:    89 ON  7    GRTST 24HR  0.58 ON 13-13      TO 1/4 MILE OR LESS
LOWEST:     53 ON 19, 5                            3 = THUNDER
                        SNOW, ICE PELLETS, HAIL    4 = ICE PELLETS
                        TOTAL MONTH:    M          5 = HAIL
                        GRTST 24HR    M  ON   M    6 = FREEZING RAIN OR DRIZZLE
                        GRTST DEPTH:  M  ON   M    7 = DUSTSTORM OR SANDSTORM:
                                                       VSBY 1/2 MILE OR LESS
                                                   8 = SMOKE OR HAZE
[NO. OF DAYS WITH]      [WEATHER - DAYS WITH]      9 = BLOWING SNOW
                                                   X = TORNADO
MAX 32 OR BELOW:   0    0.01 INCH OR MORE:   7
MAX 90 OR ABOVE:   0    0.10 INCH OR MORE:   6
MIN 32 OR BELOW:   0    0.50 INCH OR MORE:   2
MIN  0 OR BELOW:   0    1.00 INCH OR MORE:   0

[HDD (BASE 65) ]
TOTAL THIS MO.     1    CLEAR  (SCALE 0-3)  15
DPTR FM NORMAL     1    PTCLDY (SCALE 4-7)   8
TOTAL FM JUL 1     1    CLOUDY (SCALE 8-10)  0
DPTR FM NORMAL     1

[CDD (BASE 65) ]
TOTAL THIS MO.   141
DPTR FM NORMAL  -121    [PRESSURE DATA]
TOTAL FM JAN 1   562    HIGHEST SLP M ON M
DPTR FM NORMAL   -16    LOWEST  SLP 29.63 ON  8

[REMARKS]
