000
CXUS53 KILX 280900
CF6DEC
PRELIMINARY LOCAL CLIMATOLOGICAL DATA (WS FORM: F-6)

                                          STATION:   DECATUR IL AIRPORT
                                          MONTH:     JULY
                                          YEAR:      2015
                                          LATITUDE:   39 49 N
                                          LONGITUDE:  88 51 W

  TEMPERATURE IN F:       :PCPN:    SNOW:  WIND      :SUNSHINE: SKY     :PK WND
================================================================================
1   2   3   4   5  6A  6B    7    8   9   10  11  12  13   14  15   16   17  18
                                     12Z  AVG MX 2MIN
DY MAX MIN AVG DEP HDD CDD  WTR  SNW DPTH SPD SPD DIR MIN PSBL S-S WX    SPD DR
================================================================================

 1  79  63  71  -5   0   6 0.11    M    M  5.6 16  70   M    M   6 18     19  70
 2  76  59  68  -8   0   3    T    M    M  8.9 15  60   M    M   4        20  50
 3  79  61  70  -6   0   5 0.00    M    M  6.0 12  40   M    M   3 1      16  30
 4  81  57  69  -7   0   4 0.00    M    M  2.0 10  30   M    M   2 12     16 100
 5  83  57  70  -6   0   5 0.00    M    M  3.5 10 190   M    M   1 18     17  70
 6  86  62  74  -2   0   9 0.00    M    M 10.7 20 200   M    M   1 18     33 250
 7  77  60  69  -7   0   4 1.08    M    M  8.8 18  10   M    M   8 13     22  20
 8  72  56  64 -12   1   0 1.97    M    M  8.1 20 210   M    M  10 1      26 220
 9  69  61  65 -11   0   0 0.01    M    M  6.8 18 270   M    M   9 1      23 270
10  80  61  71  -5   0   6 0.01    M    M  2.3  8  30   M    M   3 1      12  90
11  81  61  71  -5   0   6 0.79    M    M  6.6 48 350   M    M   4 138    62 350
12  88  68  78   2   0  13 0.00    M    M  5.2 14 280   M    M   3        18 260
13  92  75  84   8   0  19 0.04    M    M 10.7 23 240   M    M   1 3      32 240
14  89  66  78   2   0  13 0.10    M    M 10.4 20 340   M    M   1 3      26 330
15  82  61  72  -4   0   7 0.00    M    M  5.3 12  50   M    M   1 8      16  60
16  84  65  75  -1   0  10 0.09  0.0    0  8.5 20 160   M    M   4 13     23 160
17  91  76  84   8   0  19 0.00    M    M 10.7 18 230   M    M   1        25 230
18  90  75  83   7   0  18 0.00  0.0    0  8.2 20 230   M    M   1 1      23 210
19  83  71  77   1   0  12 0.15    M    M  9.3 20 280   M    M   2 3      28 280
20  84  67  76   0   0  11 0.28    M    M  4.5 22 350   M    M   1 1      31 340
21  83  64  74  -2   0   9 0.00    M    M  7.6 14 360   M    M   1 1      21 300
22  82  57  70  -6   0   5 0.00    M    M  3.1 10 120   M    M   1        15  90
23  84  60  72  -3   0   7 0.00    M    M  3.5 10 110   M    M   1        13  50
24  86  60  73  -2   0   8 0.00    M    M  4.0 16 180   M    M   0 1      20 180
25  89  69  79   4   0  14 0.00    M    M  6.7 14 230   M    M   2        20 250
26  85  71  78   3   0  13 0.02    M    M  3.5 13 220   M    M   3 1      15 230
27  89  68  79   4   0  14 0.00  0.0    0  4.5 10  60   M    M   3 1      14  60
================================================================================
SM 2244 1731         1 240  4.65     0.0 175.0          M       77
================================================================================
AV 83.1 64.1                               6.5 FASTST   M    M   3    MAX(MPH)
                                 MISC ---->  # 48 350               # 62  350
================================================================================
NOTES:
# LAST OF SEVERAL OCCURRENCES

COLUMN 17 PEAK WIND IN M.P.H.

PRELIMINARY LOCAL CLIMATOLOGICAL DATA (WS FORM: F-6) , PAGE 2

                                          STATION:  DECATUR IL AIRPORT
                                          MONTH:    JULY
                                          YEAR:     2015
                                          LATITUDE:   39 49 N
                                          LONGITUDE:  88 51 W

[TEMPERATURE DATA]      [PRECIPITATION DATA]       SYMBOLS USED IN COLUMN 16

AVERAGE MONTHLY: 73.6   TOTAL FOR MONTH:   4.65    1 = FOG OR MIST
DPTR FM NORMAL:  -2.2   DPTR FM NORMAL:    1.23    2 = FOG REDUCING VISIBILITY
HIGHEST:    92 ON 13    GRTST 24HR  1.98 ON  8- 9      TO 1/4 MILE OR LESS
LOWEST:     56 ON  8                               3 = THUNDER
                        SNOW, ICE PELLETS, HAIL    4 = ICE PELLETS
                        TOTAL MONTH:   0.0 INCH    5 = HAIL
                        GRTST 24HR     0.0         6 = FREEZING RAIN OR DRIZZLE
                        GRTST DEPTH:   0           7 = DUSTSTORM OR SANDSTORM:
                                                       VSBY 1/2 MILE OR LESS
                                                   8 = SMOKE OR HAZE
[NO. OF DAYS WITH]      [WEATHER - DAYS WITH]      9 = BLOWING SNOW
                                                   X = TORNADO
MAX 32 OR BELOW:   0    0.01 INCH OR MORE:  12
MAX 90 OR ABOVE:   3    0.10 INCH OR MORE:   7
MIN 32 OR BELOW:   0    0.50 INCH OR MORE:   3
MIN  0 OR BELOW:   0    1.00 INCH OR MORE:   2

[HDD (BASE 65) ]
TOTAL THIS MO.     1    CLEAR  (SCALE 0-3)  19
DPTR FM NORMAL     1    PTCLDY (SCALE 4-7)   5
TOTAL FM JUL 1     1    CLOUDY (SCALE 8-10)  3
DPTR FM NORMAL     1

[CDD (BASE 65) ]
TOTAL THIS MO.   240
DPTR FM NORMAL   -52    [PRESSURE DATA]
TOTAL FM JAN 1   642    HIGHEST SLP M ON M
DPTR FM NORMAL    34    LOWEST  SLP 29.60 ON 13

[REMARKS]
