000
CXUS56 KOTX 250900
CF6DEW
PRELIMINARY LOCAL CLIMATOLOGICAL DATA (WS FORM: F-6)

                                          STATION:   DEER_PARK WA AIRPORT
                                          MONTH:     FEBRUARY
                                          YEAR:      2017
                                          LATITUDE:   47 58 N
                                          LONGITUDE: 117 25 W

  TEMPERATURE IN F:       :PCPN:    SNOW:  WIND      :SUNSHINE: SKY     :PK WND
================================================================================
1   2   3   4   5  6A  6B    7    8   9   10  11  12  13   14  15   16   17  18
                                     12Z  AVG MX 2MIN
DY MAX MIN AVG DEP HDD CDD  WTR  SNW DPTH SPD SPD DIR MIN PSBL S-S WX    SPD DR
================================================================================

 1  29   2  16 -13  49   0 0.00  0.0    0  9.5 20  50   M    M   1 8      24  50
 2  26   7  17 -12  48   0 0.00    M    M 11.1 18  40   M    M   0        23  30
 3  23  15  19 -10  46   0 0.31    M    M 10.1 18  30   M    M  10 12     24  40
 4  30  23  27  -2  38   0 0.13    M    M  1.2  6  30   M    M  10 1       8  20
 5  33  29  31   2  34   0 0.34    M    M  5.6 13  30   M    M  10 1      17  30
 6  36  23  30   1  35   0 0.06    M    M 10.2 21 220   M    M  10 1      29 210
 7  30   4  17 -12  48   0 0.00    M    M  6.1 15  20   M    M   4 128    19  30
 8  27   4  16 -13  49   0 0.19    M    M  7.7 15  30   M    M  10 18     19  20
 9  40  27  34   4  31   0 0.50    M    M  5.6 18 190   M    M   8 16     22 190
10  42  29  36   6  29   0    T    M    M 11.2 25 210   M    M   4 1      31 210
11  36  11  24  -6  41   0 0.00    M    M  5.8 14 160   M    M   1 12     17 160
12  37   8  23  -7  42   0 0.00    M    M  2.3  8 330   M    M   1 12      9 340
13  45   8  27  -3  38   0 0.00    M    M  4.2  8 360   M    M   0 1      10 360
14  44   8  26  -4  39   0 0.00    M    M  2.2  7 320   M    M   0         9  20
15  38  15  27  -3  38   0 0.88    M    M  3.2 13 350   M    M   9 16     15 350
16  41  35  38   8  27   0 0.64    M    M  6.0 14 200   M    M  10 12     17 200
17  43  28  36   6  29   0    T    M    M  6.9 13  30   M    M   6 1      16  10
18  38  29  34   3  31   0 0.29    M    M  8.0 15  40   M    M   9 1      19  30
19  36  28  32   1  33   0 0.24    M    M  2.1  8  20   M    M   9 12     10 180
20  39  31  35   4  30   0 0.30    M    M  6.7 26 210   M    M  10 1      33 220
21  36  32  34   3  31   0 0.11    M    M  5.8 10 200   M    M  10 1      13  30
22  37  19  28  -3  37   0    T    M    M  1.2  9 190   M    M   7 12     10 200
23  33  10  22 -10  43   0 0.00    M    M  2.7 10 170   M    M   1 12     12 170
24  31   5  18 -14  47   0 0.02    M    M  0.6  5 330   M    M   6 128     6 220
================================================================================
SM  850  430       913   0  4.01     0.0 136.0          M      146
================================================================================
AV 35.4 17.9                               5.7 FASTST   M    M   6    MAX(MPH)
                                 MISC ---->  # 26 210               # 33  220
================================================================================
NOTES:
# LAST OF SEVERAL OCCURRENCES

COLUMN 17 PEAK WIND IN M.P.H.

PRELIMINARY LOCAL CLIMATOLOGICAL DATA (WS FORM: F-6) , PAGE 2

                                          STATION:  DEER_PARK WA AIRPORT
                                          MONTH:    FEBRUARY
                                          YEAR:     2017
                                          LATITUDE:   47 58 N
                                          LONGITUDE: 117 25 W

[TEMPERATURE DATA]      [PRECIPITATION DATA]       SYMBOLS USED IN COLUMN 16

AVERAGE MONTHLY: 26.7   TOTAL FOR MONTH:   4.01    1 = FOG OR MIST
DPTR FM NORMAL:  -3.4   DPTR FM NORMAL:    2.63    2 = FOG REDUCING VISIBILITY
HIGHEST:    45 ON 13    GRTST 24HR  1.41 ON 15-16      TO 1/4 MILE OR LESS
LOWEST:      2 ON  1                               3 = THUNDER
                        SNOW, ICE PELLETS, HAIL    4 = ICE PELLETS
                        TOTAL MONTH:   0.0 INCH    5 = HAIL
                        GRTST 24HR     0.0         6 = FREEZING RAIN OR DRIZZLE
                        GRTST DEPTH:   0           7 = DUSTSTORM OR SANDSTORM:
                                                       VSBY 1/2 MILE OR LESS
                                                   8 = SMOKE OR HAZE
[NO. OF DAYS WITH]      [WEATHER - DAYS WITH]      9 = BLOWING SNOW
                                                   X = TORNADO
MAX 32 OR BELOW:   7    0.01 INCH OR MORE:  13
MAX 90 OR ABOVE:   0    0.10 INCH OR MORE:  11
MIN 32 OR BELOW:  23    0.50 INCH OR MORE:   3
MIN  0 OR BELOW:   0    1.00 INCH OR MORE:   0

[HDD (BASE 65) ]
TOTAL THIS MO.   913    CLEAR  (SCALE 0-3)   7
DPTR FM NORMAL    74    PTCLDY (SCALE 4-7)   6
TOTAL FM JUL 1  5343    CLOUDY (SCALE 8-10) 11
DPTR FM NORMAL   108

[CDD (BASE 65) ]
TOTAL THIS MO.     0
DPTR FM NORMAL     0    [PRESSURE DATA]
TOTAL FM JAN 1     0    HIGHEST SLP M ON M
DPTR FM NORMAL     0    LOWEST  SLP 29.20 ON  6

[REMARKS]
