000
CXUS56 KOTX 220900
CF6DEW
PRELIMINARY LOCAL CLIMATOLOGICAL DATA (WS FORM: F-6)

                                          STATION:   DEER_PARK WA AIRPORT
                                          MONTH:     NOVEMBER
                                          YEAR:      2014
                                          LATITUDE:   47 58 N
                                          LONGITUDE: 117 25 W

  TEMPERATURE IN F:       :PCPN:    SNOW:  WIND      :SUNSHINE: SKY     :PK WND
================================================================================
1   2   3   4   5  6A  6B    7    8   9   10  11  12  13   14  15   16   17  18
                                     12Z  AVG MX 2MIN
DY MAX MIN AVG DEP HDD CDD  WTR  SNW DPTH SPD SPD DIR MIN PSBL S-S WX    SPD DR
================================================================================

 1  49  43  46   7  19   0 0.08    M    M  5.0 13 290   M    M   9 12     17 310
 2  51  30  41   3  24   0 0.00    M    M  6.8 13 210   M    M   1        16 180
 3  48  30  39   1  26   0 0.12    M    M  3.0 10 180   M    M  10 1      13 180
 4  52  42  47   9  18   0 0.41    M    M  9.4 18 200   M    M   8 1      22 220
 5  54  41  48  11  17   0    T    M    M  4.6 10  20   M    M   7        13  20
 6  56  47  52  15  13   0 0.16    M    M  7.4 21 220   M    M   7 1      27 210
 7  53  28  41   4  24   0 0.00    M    M  5.7 18 210   M    M   3 1      21 200
 8  48  25  37   1  28   0 0.00    M    M  1.3  6 310   M    M   3 12      7  50
 9  44  35  40   4  25   0 0.21    M    M  5.2 22 330   M    M   6 1      27 330
10  44  22  33  -3  32   0 0.01    M    M  6.7 25  40   M    M   5 1      33  40
11  27  19  23 -13  42   0 0.00    M    M 16.2 26  40   M    M   3        36  60
12  29  17  23 -12  42   0 0.00    M    M 12.9 22  40   M    M   0        29  30
13  33  12  23 -12  42   0 0.00    M    M 10.2 20  30   M    M   0        25  30
14  34   6  20 -14  45   0 0.00    M    M  7.6 17  30   M    M   0        23  40
15  33   6  20 -14  45   0 0.00    M    M  3.2  9  10   M    M   0        10  10
16  31   5  18 -16  47   0 0.00    M    M  2.1  7 140   M    M   0 18      8 140
17  33   4  19 -14  46   0 0.00    M    M  1.2  6 180   M    M   0 18      8 240
18  33   7  20 -13  45   0 0.00    M    M  2.4  8  30   M    M   3 1      11  50
19  42  18  30  -3  35   0 0.00    M    M  4.6 10  30   M    M   3        13  30
20  32  26  29  -3  36   0 0.04    M    M  1.5  7  10   M    M   9 1       9  10
21  38  31  35   3  30   0 0.64    M    M  1.7 16 170   M    M  10 1      26 160
================================================================================
SM  864  494       681   0  1.67    M    118.7          M       87
================================================================================
AV 41.1 23.5                               5.7 FASTST   M    M   4    MAX(MPH)
                                 MISC ---->  # 26  40               # 36   60
================================================================================
NOTES:
# LAST OF SEVERAL OCCURRENCES

COLUMN 17 PEAK WIND IN M.P.H.

PRELIMINARY LOCAL CLIMATOLOGICAL DATA (WS FORM: F-6) , PAGE 2

                                          STATION:  DEER_PARK WA AIRPORT
                                          MONTH:    NOVEMBER
                                          YEAR:     2014
                                          LATITUDE:   47 58 N
                                          LONGITUDE: 117 25 W

[TEMPERATURE DATA]      [PRECIPITATION DATA]       SYMBOLS USED IN COLUMN 16

AVERAGE MONTHLY: 32.3   TOTAL FOR MONTH:   1.67    1 = FOG OR MIST
DPTR FM NORMAL:  -3.0   DPTR FM NORMAL:   -0.59    2 = FOG REDUCING VISIBILITY
HIGHEST:    56 ON  6    GRTST 24HR  0.64 ON 21-21      TO 1/4 MILE OR LESS
LOWEST:      4 ON 17                               3 = THUNDER
                        SNOW, ICE PELLETS, HAIL    4 = ICE PELLETS
                        TOTAL MONTH:    M          5 = HAIL
                        GRTST 24HR    M  ON   M    6 = FREEZING RAIN OR DRIZZLE
                        GRTST DEPTH:  M  ON   M    7 = DUSTSTORM OR SANDSTORM:
                                                       VSBY 1/2 MILE OR LESS
                                                   8 = SMOKE OR HAZE
[NO. OF DAYS WITH]      [WEATHER - DAYS WITH]      9 = BLOWING SNOW
                                                   X = TORNADO
MAX 32 OR BELOW:   4    0.01 INCH OR MORE:   8
MAX 90 OR ABOVE:   0    0.10 INCH OR MORE:   5
MIN 32 OR BELOW:  16    0.50 INCH OR MORE:   1
MIN  0 OR BELOW:   0    1.00 INCH OR MORE:   0

[HDD (BASE 65) ]
TOTAL THIS MO.   681    CLEAR  (SCALE 0-3)   9
DPTR FM NORMAL    58    PTCLDY (SCALE 4-7)   8
TOTAL FM JUL 1  1340    CLOUDY (SCALE 8-10)  4
DPTR FM NORMAL  -351

[CDD (BASE 65) ]
TOTAL THIS MO.     0
DPTR FM NORMAL     0    [PRESSURE DATA]
TOTAL FM JAN 1   354    HIGHEST SLP M ON M
DPTR FM NORMAL   167    LOWEST  SLP  0.00 ON M

[REMARKS]
