000
CXUS53 KIWX 270800
CF6DFI
PRELIMINARY LOCAL CLIMATOLOGICAL DATA (WS FORM: F-6)

                                          STATION:   DEFIANCE MEMORIAL
                                          MONTH:     MAY
                                          YEAR:      2017
                                          LATITUDE:   41 20 N
                                          LONGITUDE:  84 26 W

  TEMPERATURE IN F:       :PCPN:    SNOW:  WIND      :SUNSHINE: SKY     :PK WND
================================================================================
1   2   3   4   5  6A  6B    7    8   9   10  11  12  13   14  15   16   17  18
                                     12Z  AVG MX 2MIN
DY MAX MIN AVG DEP HDD CDD  WTR  SNW DPTH SPD SPD DIR MIN PSBL S-S WX    SPD DR
================================================================================

 1  68  48  58   3   7   0 0.11    M    0 13.6 26 230   M    M   9 1      37 220
 2  50  42  46  -9  19   0 0.05  0.0    0 11.1 24 220   M    M  10 1      37 260
 3  57  37  47  -8  18   0 0.00  0.0    0  7.4 16 320   M    M   4        24 320
 4  48  43  46 -10  19   0 1.82  0.0    0 13.2 20  30   M    M  10 1      28  50
 5  51  43  47  -9  18   0 0.42  0.0    0 14.6 23  10   M    M   7 1      33 360
 6  60  38  49  -7  16   0 0.00  0.0    0 10.8 21 320   M    M   3        28 310
 7  56  34  45 -12  20   0 0.00  0.0    0 12.2 25 300   M    M   0        33 320
 8  59  31  45 -12  20   0 0.00  0.0    0  7.6 15 330   M    M   0        20 310
 9  59  35  47 -10  18   0 0.00  0.0    0  4.1 12 200   M    M   3        15 110
10  69  43  56  -2   9   0    T  0.0    0  7.9 17  80   M    M   6        23  70
11  61  45  53  -5  12   0 0.72  0.0    0  8.9 20  70   M    M  10 1      28  50
12  67  43  55  -3  10   0 0.00  0.0    0  6.4 15  30   M    M   1        21  50
13  73  42  58  -1   7   0    T  0.0    0  4.3 14 250   M    M   2 1      21 230
14  77  51  64   5   1   0 0.00  0.0    0  7.1 20 320   M    M   1        26 330
15  72  43  58  -1   7   0 0.00  0.0    0  6.5 15 100   M    M   1        20 120
16  84  53  69   9   0   4 0.00  0.0    0 10.4 23 210   M    M   0        31 200
17  85  66  76  16   0  11 0.00  0.0    0 14.7 32 210   M    M   1        43 210
18  86  65  76  16   0  11    T  0.0    0 13.0 26 230   M    M   3 3      39 230
19  66  47  57  -3   8   0 0.11  0.0    0 10.7 23 100   M    M   7 13     30 110
20  61  47  54  -7  11   0 0.31  0.0    0  9.9 20  90   M    M  10 13     25  70
21  73  57  65   4   0   0    T  0.0    0  9.2 20 230   M    M   7 13     29 230
22  70  48  59  -2   6   0 0.00  0.0    0  7.6 15 260   M    M   4        24 260
23  73  52  63   1   2   0 0.00  0.0    0  5.7 14  30   M    M   3        17  30
24  70  54  62   0   3   0 0.35  0.0    0  8.4 21  80   M    M   7 13     28  50
25  64  57  61  -1   4   0 0.05  0.0    0  8.6 15 300   M    M   9 1      20  40
26  70  52  61  -1   4   0 0.60  0.0    0  5.2 13 310   M    M   6 13     15 230
================================================================================
SM 1729 1216       239  26  4.54     0.0 239.1          M      124
================================================================================
AV 66.5 46.8                               9.2 FASTST   M    M   5    MAX(MPH)
                                 MISC ---->  # 32 210               # 43  210
================================================================================
NOTES:
# LAST OF SEVERAL OCCURRENCES

COLUMN 17 PEAK WIND IN M.P.H.

PRELIMINARY LOCAL CLIMATOLOGICAL DATA (WS FORM: F-6) , PAGE 2

                                          STATION:  DEFIANCE MEMORIAL
                                          MONTH:    MAY
                                          YEAR:     2017
                                          LATITUDE:   41 20 N
                                          LONGITUDE:  84 26 W

[TEMPERATURE DATA]      [PRECIPITATION DATA]       SYMBOLS USED IN COLUMN 16

AVERAGE MONTHLY: 56.6   TOTAL FOR MONTH:   4.54    1 = FOG OR MIST
DPTR FM NORMAL:  -2.1   DPTR FM NORMAL:    1.36    2 = FOG REDUCING VISIBILITY
HIGHEST:    86 ON 18    GRTST 24HR  1.82 ON  4- 4      TO 1/4 MILE OR LESS
LOWEST:     31 ON  8                               3 = THUNDER
                        SNOW, ICE PELLETS, HAIL    4 = ICE PELLETS
                        TOTAL MONTH:   0.0 INCH    5 = HAIL
                        GRTST 24HR     0.0         6 = FREEZING RAIN OR DRIZZLE
                        GRTST DEPTH:   0           7 = DUSTSTORM OR SANDSTORM:
                                                       VSBY 1/2 MILE OR LESS
                                                   8 = SMOKE OR HAZE
[NO. OF DAYS WITH]      [WEATHER - DAYS WITH]      9 = BLOWING SNOW
                                                   X = TORNADO
MAX 32 OR BELOW:   0    0.01 INCH OR MORE:  10
MAX 90 OR ABOVE:   0    0.10 INCH OR MORE:   8
MIN 32 OR BELOW:   1    0.50 INCH OR MORE:   3
MIN  0 OR BELOW:   0    1.00 INCH OR MORE:   1

[HDD (BASE 65) ]
TOTAL THIS MO.   239    CLEAR  (SCALE 0-3)  11
DPTR FM NORMAL    47    PTCLDY (SCALE 4-7)   9
TOTAL FM JUL 1  5120    CLOUDY (SCALE 8-10)  6
DPTR FM NORMAL -1054

[CDD (BASE 65) ]
TOTAL THIS MO.    26
DPTR FM NORMAL    -1    [PRESSURE DATA]
TOTAL FM JAN 1    33    HIGHEST SLP M ON M
DPTR FM NORMAL     0    LOWEST  SLP 29.42 ON  1

[REMARKS]
