000
CXUS55 KCYS 221000
CF6DGW
PRELIMINARY LOCAL CLIMATOLOGICAL DATA (WS FORM: F-6)

                                          STATION:   CONVERSE CO (DOUGLAS) WY ARPT
                                          MONTH:     NOVEMBER
                                          YEAR:      2017
                                          LATITUDE:   42 46 N
                                          LONGITUDE: 105 22 W

  TEMPERATURE IN F:       :PCPN:    SNOW:  WIND      :SUNSHINE: SKY     :PK WND
================================================================================
1   2   3   4   5  6A  6B    7    8   9   10  11  12  13   14  15   16   17  18
                                     12Z  AVG MX 2MIN
DY MAX MIN AVG DEP HDD CDD  WTR  SNW DPTH SPD SPD DIR MIN PSBL S-S WX    SPD DR
================================================================================

 1  64  31  48   8  17   0    T    M    M 12.7 35 280   M    M  10 1      43 280
 2  36  28  32  -8  33   0 0.01    M    M 11.9 25 140   M    M   9 1      30 140
 3  61  33  47   8  18   0 0.00    M    M 10.7 22 150   M    M   4 1      27 140
 4  52  27  40   1  25   0    T    M    M  7.5 21  20   M    M   5 1      25  20
 5  35  25  30  -8  35   0 0.00    M    M  8.7 16 130   M    M  10 1      21 140
 6  41  19  30  -8  35   0    T    M    M  6.6 21 360   M    M  10 12     24 360
 7  33  14  24 -13  41   0 0.00    M    M  5.1 10 290   M    M   5        13 280
 8  55   6  31  -6  34   0 0.00    M    M  6.8 25 290   M    M   0        31 280
 9  44  19  32  -4  33   0 0.00    M    M 12.9 23 140   M    M   1        29 140
10  57  20  39   3  26   0 0.00    M    M  4.8 24 290   M    M   0        29 290
11  56  17  37   2  28   0 0.00    M    M  7.9 32 320   M    M   1        41 280
12  55  15  35   0  30   0 0.00    M    M  3.3 13 140   M    M   0        17 130
13  67  22  45  11  20   0 0.00    M    M  5.6 21 290   M    M   0        27 290
14  62  20  41   7  24   0 0.01    M    M  9.3 37 300   M    M   1        50 310
15  51  14  33   0  32   0 0.00    M    M  4.9 16 150   M    M   0        20 160
16  70  29  50  17  15   0 0.00    M    M 16.9 39 270   M    M   0        48 270
17  55  28  42  10  23   0 0.09    M    M 11.0 31 260   M    M   8 1      40 270
18  37  16  27  -5  38   0 0.00    M    M  9.2 23 300   M    M   0        27 300
19  52  19  36   5  29   0 0.00    M    M  6.7 22 260   M    M   0        29 230
20  55  33  44  13  21   0 0.00    M    M 19.2 39 270   M    M   1        47 270
21  45  28  37   7  28   0 0.00    M    M  6.9 22 300   M    M   4        30 300
================================================================================
SM 1083  463       585   0  0.11    M    188.6          M       69
================================================================================
AV 51.6 22.1                               9.0 FASTST   M    M   3    MAX(MPH)
                                 MISC ---->  # 39 270               # 50  310
================================================================================
NOTES:
# LAST OF SEVERAL OCCURRENCES

COLUMN 17 PEAK WIND IN M.P.H.

PRELIMINARY LOCAL CLIMATOLOGICAL DATA (WS FORM: F-6) , PAGE 2

                                          STATION:  CONVERSE CO (DOUGLAS) WY ARPT
                                          MONTH:    NOVEMBER
                                          YEAR:     2017
                                          LATITUDE:   42 46 N
                                          LONGITUDE: 105 22 W

[TEMPERATURE DATA]      [PRECIPITATION DATA]       SYMBOLS USED IN COLUMN 16

AVERAGE MONTHLY: 36.8   TOTAL FOR MONTH:   0.11    1 = FOG OR MIST
DPTR FM NORMAL:   1.6   DPTR FM NORMAL:   -0.38    2 = FOG REDUCING VISIBILITY
HIGHEST:    70 ON 16    GRTST 24HR  0.09 ON 17-17      TO 1/4 MILE OR LESS
LOWEST:      6 ON  8                               3 = THUNDER
                        SNOW, ICE PELLETS, HAIL    4 = ICE PELLETS
                        TOTAL MONTH:    M          5 = HAIL
                        GRTST 24HR    M  ON   M    6 = FREEZING RAIN OR DRIZZLE
                        GRTST DEPTH:  M  ON   M    7 = DUSTSTORM OR SANDSTORM:
                                                       VSBY 1/2 MILE OR LESS
                                                   8 = SMOKE OR HAZE
[NO. OF DAYS WITH]      [WEATHER - DAYS WITH]      9 = BLOWING SNOW
                                                   X = TORNADO
MAX 32 OR BELOW:   0    0.01 INCH OR MORE:   3
MAX 90 OR ABOVE:   0    0.10 INCH OR MORE:   0
MIN 32 OR BELOW:  19    0.50 INCH OR MORE:   0
MIN  0 OR BELOW:   0    1.00 INCH OR MORE:   0

[HDD (BASE 65) ]
TOTAL THIS MO.   585    CLEAR  (SCALE 0-3)  12
DPTR FM NORMAL   -40    PTCLDY (SCALE 4-7)   5
TOTAL FM JUL 1  1483    CLOUDY (SCALE 8-10)  4
DPTR FM NORMAL    -9

[CDD (BASE 65) ]
TOTAL THIS MO.     0
DPTR FM NORMAL     0    [PRESSURE DATA]
TOTAL FM JAN 1   502    HIGHEST SLP M ON M
DPTR FM NORMAL    16    LOWEST  SLP 29.30 ON  1

[REMARKS]
