000
CXUS54 KAMA 011015
CF6DHT
PRELIMINARY LOCAL CLIMATOLOGICAL DATA (WS FORM: F-6)

                                          STATION:   DALHART
                                          MONTH:     JANUARY
                                          YEAR:      2015
                                          LATITUDE:   36  1 N
                                          LONGITUDE: 102 33 W

  TEMPERATURE IN F:       :PCPN:    SNOW:  WIND      :SUNSHINE: SKY     :PK WND
================================================================================
1   2   3   4   5  6A  6B    7    8   9   10  11  12  13   14  15   16   17  18
                                     12Z  AVG MX 2MIN
DY MAX MIN AVG DEP HDD CDD  WTR  SNW DPTH SPD SPD DIR MIN PSBL S-S WX    SPD DR
================================================================================

 1  35  18  27  -7  38   0 0.00  0.0    2  5.8 13 230   M    M   6        16 210
 2  40  14  27  -7  38   0 0.00  0.0    1  4.3 10 320   M    M   1        12 310
 3  39  21  30  -4  35   0 0.39  4.0    3 10.5 37  10   M    M   9 18     45  10
 4  30   4  17 -17  48   0 0.00  0.0    2 10.1 25 360   M    M   0        33 360
 5  53  12  33  -1  32   0 0.00  0.0    1 10.2 21 230   M    M   0        26 240
 6  54  30  42   8  23   0 0.00  0.0    0  8.1 18  30   M    M   0        23  40
 7  37  19  28  -6  37   0    T    T    0 16.7 38  30   M    M   8 18     46  30
 8  63  22  43   9  22   0 0.00  0.0    0 17.0 32 230   M    M   3        39 230
 9  36  25  31  -3  34   0 0.00  0.0    0 12.5 26  40   M    M  10        34  50
10  47  24  36   2  29   0 0.00  0.0    0 16.3 28 220   M    M   3        33 210
11  61  22  42   8  23   0 0.00  0.0    0  6.8 17  10   M    M   1 1      20  60
12  36  22  29  -5  36   0 0.00  0.0    0 13.4 25  20   M    M  10 1      31  20
13  37  20  29  -6  36   0 0.00  0.0    0  9.2 17 200   M    M   9 8      21 200
14  36  25  31  -4  34   0    T    T    T  7.2 17  10   M    M   8 1      21  10
15  57  23  40   5  25   0 0.00  0.0    0  8.5 18 360   M    M   0 18     23 320
16  63  19  41   6  24   0 0.00  0.0    0  9.5 18 210   M    M   0        22 210
17  61  26  44   9  21   0 0.00  0.0    0 11.6 31 360   M    M   0        37 360
18  70  30  50  15  15   0 0.00  0.0    0 11.8 22 230   M    M   0        26 230
19  72  30  51  16  14   0 0.00  0.0    0  8.7 17  50   M    M   0        22  50
20  45  34  40   5  25   0 0.00  0.0    0 12.7 25  30   M    M   4        32  30
21  38  30  34  -1  31   0 0.70 11.0    0 10.3 21  40   M    M  10 12     26  40
22  31  12  22 -13  43   0    T  0.0    9 12.3 22  20   M    M   4 1      26  30
23  40   5  23 -12  42   0 0.00  0.0    7 10.0 17 310   M    M   0        22 300
24  40  22  31  -4  34   0 0.00  0.0    6 10.1 16 220   M    M   0        19 220
25  50  25  38   3  27   0 0.00  0.0    0 10.6 17 260   M    M   0        23 260
26  70  34  52  17  13   0 0.00  0.0    0 10.0 16 270   M    M   0        19 270
27  72  39  56  21   9   0 0.00  0.0    0 11.3 22 210   M    M   0        25 220
28  70  35  53  18  12   0 0.00  0.0    0  8.3 20  20   M    M   0        26  20
29  52  37  45  10  20   0 0.00  0.0    0 12.5 26  20   M    M   5        32  30
30  42  36  39   3  26   0 0.01    T    0  9.8 17 200   M    M   9 18     21 210
31  44  34  39   3  26   0 0.05    T    0 11.7 18 220   M    M  10 12     22 200
================================================================================
SM 1521  749       872   0  1.15    15.0 327.8          M      110
================================================================================
AV 49.1 24.2                              10.6 FASTST   M    M   4    MAX(MPH)
                                 MISC ---->  # 38  30               # 46   30
================================================================================
NOTES:
# LAST OF SEVERAL OCCURRENCES

COLUMN 17 PEAK WIND IN M.P.H.

PRELIMINARY LOCAL CLIMATOLOGICAL DATA (WS FORM: F-6) , PAGE 2

                                          STATION:  DALHART
                                          MONTH:    JANUARY
                                          YEAR:     2015
                                          LATITUDE:   36  1 N
                                          LONGITUDE: 102 33 W

[TEMPERATURE DATA]      [PRECIPITATION DATA]       SYMBOLS USED IN COLUMN 16

AVERAGE MONTHLY: 36.6   TOTAL FOR MONTH:   1.15    1 = FOG OR MIST
DPTR FM NORMAL:   1.9   DPTR FM NORMAL:    0.63    2 = FOG REDUCING VISIBILITY
HIGHEST:    72 ON 27,19 GRTST 24HR  0.70 ON 21-21      TO 1/4 MILE OR LESS
LOWEST:      4 ON  4                               3 = THUNDER
                        SNOW, ICE PELLETS, HAIL    4 = ICE PELLETS
                        TOTAL MONTH:  15.0 INCHES  5 = HAIL
                        GRTST 24HR  11.0 ON 21-21  6 = FREEZING RAIN OR DRIZZLE
                        GRTST DEPTH:   9 ON 22     7 = DUSTSTORM OR SANDSTORM:
                                                       VSBY 1/2 MILE OR LESS
                                                   8 = SMOKE OR HAZE
[NO. OF DAYS WITH]      [WEATHER - DAYS WITH]      9 = BLOWING SNOW
                                                   X = TORNADO
MAX 32 OR BELOW:   2    0.01 INCH OR MORE:   4
MAX 90 OR ABOVE:   0    0.10 INCH OR MORE:   2
MIN 32 OR BELOW:  24    0.50 INCH OR MORE:   1
MIN  0 OR BELOW:   0    1.00 INCH OR MORE:   0

[HDD (BASE 65) ]
TOTAL THIS MO.   872    CLEAR  (SCALE 0-3)  17
DPTR FM NORMAL   -67    PTCLDY (SCALE 4-7)   6
TOTAL FM JUL 1  2588    CLOUDY (SCALE 8-10)  8
DPTR FM NORMAL  -294

[CDD (BASE 65) ]
TOTAL THIS MO.     0
DPTR FM NORMAL     0    [PRESSURE DATA]
TOTAL FM JAN 1     0    HIGHEST SLP 30.96 ON  7
DPTR FM NORMAL     0    LOWEST  SLP 29.76 ON  3

[REMARKS]
#FINAL-01-15#
