000
CXUS53 KBIS 270725
CF6DIK
PRELIMINARY LOCAL CLIMATOLOGICAL DATA (WS FORM: F-6)

                                          STATION:   DICKINSON ND
                                          MONTH:     FEBRUARY
                                          YEAR:      2015
                                          LATITUDE:   46 47 N
                                          LONGITUDE: 102 48 W

  TEMPERATURE IN F:       :PCPN:    SNOW:  WIND      :SUNSHINE: SKY     :PK WND
================================================================================
1   2   3   4   5  6A  6B    7    8   9   10  11  12  13   14  15   16   17  18
                                     12Z  AVG MX 2MIN
DY MAX MIN AVG DEP HDD CDD  WTR  SNW DPTH SPD SPD DIR MIN PSBL S-S WX    SPD DR
================================================================================

 1   6 -13  -3 -21  68   0 0.01    M    M  8.3 20 170   M    M   3 18     22 180
 2  16   3  10  -8  55   0    T    M    M 10.7 22 320   M    M   5 8      25 320
 3  14  -4   5 -13  60   0 0.01    M    M  9.8 18 320   M    M   8 18     22 310
 4  15 -13   1 -17  64   0 0.00    M    M 11.9 22 190   M    M   0        26 190
 5  41  13  27   9  38   0 0.00    M    M  7.8 17 270   M    M   3        19 270
 6  47  29  38  20  27   0 0.00    M    M  7.5 15 250   M    M   0        20 250
 7  58  32  45  26  20   0 0.08    M    M  9.1 18 290   M    M   4 1      23 290
 8  55  26  41  22  24   0 0.04    M    M  6.5 18 290   M    M   7 1268   22 290
 9  33  27  30  11  35   0 0.01    M    M 12.8 25 140   M    M  10 126    29 140
10  34  14  24   5  41   0    T    M    M 19.5 32 320   M    M   9 18     41 320
11  17   1   9 -11  56   0    T    M    M 12.5 21 340   M    M   6        25 340
12  41   2  22   2  43   0    T    M    M 14.3 28 180   M    M   4        32 180
13  47  21  34  14  31   0    T    M    M  7.5 22  50   M    M   7 18     27  50
14  21   4  13  -7  52   0    T    M    M 19.3 30 140   M    M  10 18     36 150
15  36  11  24   4  41   0 0.00    M    M 13.7 23 300   M    M   8        27 310
16  30   2  16  -5  49   0    T    M    M 14.0 26 320   M    M   9 18     33 330
17  14  -4   5 -16  60   0 0.00    M    M 17.7 33 310   M    M   1        42 310
18  21  -9   6 -15  59   0 0.00    M    M  6.7 16 330   M    M   3        20 330
19  46   8  27   6  38   0    T    M    M 14.6 23 310   M    M   8        28 310
20  37  19  28   6  37   0    T    M    M 12.8 18 310   M    M   9 1      23 300
21  20  -7   7 -15  58   0    T    M    M 15.3 21 330   M    M   7 18     27 340
22   8 -16  -4 -26  69   0 0.00    M    M  7.3 16 320   M    M   0        20 320
23  37  -1  18  -4  47   0 0.00    M    M 19.1 33 250   M    M   2        40 240
24  40  27  34  11  31   0    T    M    M 10.8 21 300   M    M   9 1      26 300
25  27  -5  11 -12  54   0    T    M    M 13.8 20 330   M    M   7 168    24  40
26  11 -12   0 -23  65   0 0.00    M    M  8.1 16 320   M    M   0        21 330
================================================================================
SM  772  155      1222   0  0.15    M    311.4          M      139
================================================================================
AV 29.7  6.0                              12.0 FASTST   M    M   5    MAX(MPH)
                                 MISC ---->  # 33 310               # 42  310
================================================================================
NOTES:
# LAST OF SEVERAL OCCURRENCES

COLUMN 17 PEAK WIND IN M.P.H.

PRELIMINARY LOCAL CLIMATOLOGICAL DATA (WS FORM: F-6) , PAGE 2

                                          STATION:  DICKINSON ND
                                          MONTH:    FEBRUARY
                                          YEAR:     2015
                                          LATITUDE:   46 47 N
                                          LONGITUDE: 102 48 W

[TEMPERATURE DATA]      [PRECIPITATION DATA]       SYMBOLS USED IN COLUMN 16

AVERAGE MONTHLY: 17.8   TOTAL FOR MONTH:   0.15    1 = FOG OR MIST
DPTR FM NORMAL:  -2.4   DPTR FM NORMAL:   -0.15    2 = FOG REDUCING VISIBILITY
HIGHEST:    58 ON  7    GRTST 24HR  0.12 ON  7- 8      TO 1/4 MILE OR LESS
LOWEST:    -16 ON 22                               3 = THUNDER
                        SNOW, ICE PELLETS, HAIL    4 = ICE PELLETS
                        TOTAL MONTH:    M          5 = HAIL
                        GRTST 24HR    M  ON   M    6 = FREEZING RAIN OR DRIZZLE
                        GRTST DEPTH:  M  ON   M    7 = DUSTSTORM OR SANDSTORM:
                                                       VSBY 1/2 MILE OR LESS
                                                   8 = SMOKE OR HAZE
[NO. OF DAYS WITH]      [WEATHER - DAYS WITH]      9 = BLOWING SNOW
                                                   X = TORNADO
MAX 32 OR BELOW:  13    0.01 INCH OR MORE:   5
MAX 90 OR ABOVE:   0    0.10 INCH OR MORE:   0
MIN 32 OR BELOW:  26    0.50 INCH OR MORE:   0
MIN  0 OR BELOW:  10    1.00 INCH OR MORE:   0

[HDD (BASE 65) ]
TOTAL THIS MO.  1222    CLEAR  (SCALE 0-3)   9
DPTR FM NORMAL    57    PTCLDY (SCALE 4-7)  10
TOTAL FM JUL 1  6007    CLOUDY (SCALE 8-10)  7
DPTR FM NORMAL  -205

[CDD (BASE 65) ]
TOTAL THIS MO.     0
DPTR FM NORMAL     0    [PRESSURE DATA]
TOTAL FM JAN 1     0    HIGHEST SLP M ON M
DPTR FM NORMAL     0    LOWEST  SLP 29.57 ON  7

[REMARKS]
