000
CXUS53 KBIS 270731
CF6DIK
PRELIMINARY LOCAL CLIMATOLOGICAL DATA (WS FORM: F-6)

                                          STATION:   DICKINSON ND
                                          MONTH:     JULY
                                          YEAR:      2017
                                          LATITUDE:   46 47 N
                                          LONGITUDE: 102 48 W

  TEMPERATURE IN F:       :PCPN:    SNOW:  WIND      :SUNSHINE: SKY     :PK WND
================================================================================
1   2   3   4   5  6A  6B    7    8   9   10  11  12  13   14  15   16   17  18
                                     12Z  AVG MX 2MIN
DY MAX MIN AVG DEP HDD CDD  WTR  SNW DPTH SPD SPD DIR MIN PSBL S-S WX    SPD DR
================================================================================

 1  90  54  72   6   0   7 0.00    M    M 11.8 26  30   M    M   2        35 300
 2  88  50  69   2   0   4 0.27    M    M 13.0 24 340   M    M   0 13     33 320
 3  95  58  77  10   0  12 0.00    M    M 10.9 17 180   M    M   0        23 180
 4  99  61  80  13   0  15 0.00    M    M  7.7 20 260   M    M   0 3      24 260
 5 104  57  81  13   0  16 0.00    M    M  9.3 25 280   M    M   0        31 280
 6  89  57  73   5   0   8 0.00    M    M  9.4 17  30   M    M   0        23  10
 7  92  54  73   5   0   8 0.00    M    M  7.3 17  50   M    M   0        24  40
 8  96  55  76   8   0  11 0.00    M    M  9.6 24 210   M    M   0        29 200
 9  94  59  77   9   0  12 0.00    M    M 12.9 24  40   M    M   0 8      29 200
10  93  59  76   8   0  11 0.02    M    M 13.8 28 290   M    M   1 3      38 280
11  93  61  77   8   0  12 0.00    M    M 13.3 32 300   M    M   0        40 310
12  78  52  65  -4   0   0 0.00    M    M  9.4 17  20   M    M   4 1      24  30
13  86  48  67  -2   0   2 0.00    M    M  9.6 16 140   M    M   0        22 120
14 104  61  83  14   0  18 0.00    M    M 14.2 24  20   M    M   0 3      30  10
15  89  60  75   6   0  10 0.00    M    M 10.2 15 110   M    M   0        22  90
16 102  62  82  12   0  17    T    M    M 18.2 29 150   M    M   0        35 260
17  91  64  78   8   0  13 0.00    M    M 10.9 22 330   M    M   0        27 350
18  86  57  72   2   0   7    T    M    M  8.2 16 150   M    M   0 8      20 130
19  86  61  74   4   0   9 1.35    M    M  9.1 35 190   M    M   3 13     44 220
20  97  63  80  10   0  15 0.32    M    M 15.0 39 150   M    M   0 3      49 230
21  94  62  78   8   0  13 0.00    M    M  9.0 23 290   M    M   0        27 290
22  86  52  69  -1   0   4 0.00    M    M 12.0 31 300   M    M   0        39 300
23  89  53  71   1   0   6 0.00    M    M  6.9 20 140   M    M   0        25 150
24  97  66  82  12   0  17 0.00    M    M 12.7 22 170   M    M   0        27 160
25  87  63  75   4   0  10 0.00    M    M  8.2 22  20   M    M   0        26  20
26  89  55  72   1   0   7 0.00    M    M  7.7 14  80   M    M   0        22 150
================================================================================
SM 2394 1504         0 264  1.96    M    280.3          M       10
================================================================================
AV 92.1 57.9                              10.8 FASTST   M    M   0    MAX(MPH)
                                 MISC ---->  # 39 150               # 49  230
================================================================================
NOTES:
# LAST OF SEVERAL OCCURRENCES

COLUMN 17 PEAK WIND IN M.P.H.

PRELIMINARY LOCAL CLIMATOLOGICAL DATA (WS FORM: F-6) , PAGE 2

                                          STATION:  DICKINSON ND
                                          MONTH:    JULY
                                          YEAR:     2017
                                          LATITUDE:   46 47 N
                                          LONGITUDE: 102 48 W

[TEMPERATURE DATA]      [PRECIPITATION DATA]       SYMBOLS USED IN COLUMN 16

AVERAGE MONTHLY: 75.0   TOTAL FOR MONTH:   1.96    1 = FOG OR MIST
DPTR FM NORMAL:   6.0   DPTR FM NORMAL:   -0.18    2 = FOG REDUCING VISIBILITY
HIGHEST:   104 ON 14, 5 GRTST 24HR  1.35 ON 19-19      TO 1/4 MILE OR LESS
LOWEST:     48 ON 13                               3 = THUNDER
                        SNOW, ICE PELLETS, HAIL    4 = ICE PELLETS
                        TOTAL MONTH:    M          5 = HAIL
                        GRTST 24HR    M  ON   M    6 = FREEZING RAIN OR DRIZZLE
                        GRTST DEPTH:  M  ON   M    7 = DUSTSTORM OR SANDSTORM:
                                                       VSBY 1/2 MILE OR LESS
                                                   8 = SMOKE OR HAZE
[NO. OF DAYS WITH]      [WEATHER - DAYS WITH]      9 = BLOWING SNOW
                                                   X = TORNADO
MAX 32 OR BELOW:   0    0.01 INCH OR MORE:   4
MAX 90 OR ABOVE:  15    0.10 INCH OR MORE:   3
MIN 32 OR BELOW:   0    0.50 INCH OR MORE:   1
MIN  0 OR BELOW:   0    1.00 INCH OR MORE:   1

[HDD (BASE 65) ]
TOTAL THIS MO.     0    CLEAR  (SCALE 0-3)  24
DPTR FM NORMAL   -32    PTCLDY (SCALE 4-7)   2
TOTAL FM JUL 1     0    CLOUDY (SCALE 8-10)  0
DPTR FM NORMAL   -32

[CDD (BASE 65) ]
TOTAL THIS MO.   264
DPTR FM NORMAL   132    [PRESSURE DATA]
TOTAL FM JAN 1   324    HIGHEST SLP M ON M
DPTR FM NORMAL   128    LOWEST  SLP 29.64 ON 11

[REMARKS]
