000
CXUS56 KTFX 011205
CF6DLN
PRELIMINARY LOCAL CLIMATOLOGICAL DATA (WS FORM: F-6)

                                          STATION:   DILLON AIRPORT MT
                                          MONTH:     APRIL
                                          YEAR:      2016
                                          LATITUDE:   45 15 N
                                          LONGITUDE: 112 33 W

  TEMPERATURE IN F:       :PCPN:    SNOW:  WIND      :SUNSHINE: SKY     :PK WND
================================================================================
1   2   3   4   5  6A  6B    7    8   9   10  11  12  13   14  15   16   17  18
                                     12Z  AVG MX 2MIN
DY MAX MIN AVG DEP HDD CDD  WTR  SNW DPTH SPD SPD DIR MIN PSBL S-S WX    SPD DR
================================================================================

 1  60  24  42   4  23   0 0.00    M    0  6.2 13 210   M    M   2        15 210
 2  66  32  49  11  16   0 0.00    M    0 15.8 31 280   M    M   0        36 270
 3  67  38  53  15  12   0 0.00    M    0 10.7 25 280   M    M   1        29 270
 4  60  31  46   7  19   0 0.23    M    0 12.9 49 270   M    M   3 38     65 260
 5  50  29  40   1  25   0 0.00    M    0 17.2 30 260   M    M   2        38 260
 6  63  34  49  10  16   0 0.00    M    0 16.1 30 250   M    M   1 8      37 250
 7  68  28  48   9  17   0 0.00    M    0  6.7 13  40   M    M   0        20  50
 8  73  31  52  12  13   0 0.00    M    0  7.8 16 200   M    M   0        19 200
 9  73  36  55  15  10   0 0.00    M    0 11.9 25 260   M    M   0        31 260
10  60  33  47   7  18   0 0.00    M    0 10.4 23  20   M    M   0        26  20
11  70  30  50  10  15   0 0.00    M    0  7.3 22 240   M    M   0        33 250
12  70  37  54  14  11   0 0.02    M    0 11.4 36 180   M    M   4        48 180
13  57  38  48   7  17   0 0.11    M    0  8.4 23 260   M    M   6 1      30 260
14  45  29  37  -4  28   0 0.15    M    0  6.1 28 260   M    M   7 123    36 260
15  41  28  35  -6  30   0 0.02    M    0  9.6 22  30   M    M   8 18     26 320
16  53  24  39  -3  26   0 0.00    M    0  5.7 18  40   M    M   1        23  30
17  59  25  42   0  23   0 0.00    M    0  8.6 24  30   M    M   0        28  40
18  59  28  44   2  21   0 0.00    M    0  8.4 20  50   M    M   0        26  20
19  69  25  47   5  18   0 0.00    M    0  5.9 14  40   M    M   0        21  40
20  73  32  53  10  12   0 0.00    M    0  8.1 18  20   M    M   0 8      22  20
21  75  37  56  13   9   0 0.00    M    0  7.9 21 190   M    M   1 8      28 190
22  74  44  59  16   6   0 0.00    M    0 11.7 29 170   M    M   0 8      37 180
23  57  42  50   6  15   0 0.34    M    0 10.0 20  40   M    M   9 18     23  30
24  49  40  45   1  20   0 0.15    M    0  6.4 17  60   M    M  10 1      20  60
25  50  37  44   0  21   0 0.07    M    0  9.9 23  30   M    M  10 1      28  30
26  53  37  45   0  20   0 0.00    M    0 10.6 24  30   M    M   9        29  40
27  51  34  43  -2  22   0 0.00    M    0 11.8 28  40   M    M   9        32  40
28  46  33  40  -5  25   0    T    M    0 15.1 31  30   M    M   9 18     39  30
29  52  33  43  -3  22   0 0.04    M    0  7.3 22 130   M    M   9 1      25 140
30  51  37  44  -2  21   0 0.00    M    0 13.0 29  30   M    M  10        34  30
================================================================================
SM 1794  986       551   0  1.13    M    298.9          M      111
================================================================================
AV 59.8 32.9                              10.0 FASTST   M    M   4    MAX(MPH)
                                 MISC ---->  # 49 270               # 65  260
================================================================================
NOTES:
# LAST OF SEVERAL OCCURRENCES

COLUMN 17 PEAK WIND IN M.P.H.

PRELIMINARY LOCAL CLIMATOLOGICAL DATA (WS FORM: F-6) , PAGE 2

                                          STATION:  DILLON AIRPORT MT
                                          MONTH:    APRIL
                                          YEAR:     2016
                                          LATITUDE:   45 15 N
                                          LONGITUDE: 112 33 W

[TEMPERATURE DATA]      [PRECIPITATION DATA]       SYMBOLS USED IN COLUMN 16

AVERAGE MONTHLY: 46.3   TOTAL FOR MONTH:   1.13    1 = FOG OR MIST
DPTR FM NORMAL:   4.7   DPTR FM NORMAL:    0.09    2 = FOG REDUCING VISIBILITY
HIGHEST:    75 ON 21    GRTST 24HR  0.43 ON 23-24      TO 1/4 MILE OR LESS
LOWEST:     24 ON 16, 1                            3 = THUNDER
                        SNOW, ICE PELLETS, HAIL    4 = ICE PELLETS
                        TOTAL MONTH:    M          5 = HAIL
                        GRTST 24HR    M  ON   M    6 = FREEZING RAIN OR DRIZZLE
                        GRTST DEPTH:   0           7 = DUSTSTORM OR SANDSTORM:
                                                       VSBY 1/2 MILE OR LESS
                                                   8 = SMOKE OR HAZE
[NO. OF DAYS WITH]      [WEATHER - DAYS WITH]      9 = BLOWING SNOW
                                                   X = TORNADO
MAX 32 OR BELOW:   0    0.01 INCH OR MORE:   9
MAX 90 OR ABOVE:   0    0.10 INCH OR MORE:   5
MIN 32 OR BELOW:  14    0.50 INCH OR MORE:   0
MIN  0 OR BELOW:   0    1.00 INCH OR MORE:   0

[HDD (BASE 65) ]
TOTAL THIS MO.   551    CLEAR  (SCALE 0-3)  18
DPTR FM NORMAL  -151    PTCLDY (SCALE 4-7)   4
TOTAL FM JUL 1  6905    CLOUDY (SCALE 8-10)  8
DPTR FM NORMAL  -664

[CDD (BASE 65) ]
TOTAL THIS MO.     0
DPTR FM NORMAL     0    [PRESSURE DATA]
TOTAL FM JAN 1     0    HIGHEST SLP 30.50 ON 17
DPTR FM NORMAL     0    LOWEST  SLP 29.53 ON 23

[REMARKS]
#FINAL-04-16#
