000
CXUS51 KLWX 240620
CF6DMH
PRELIMINARY LOCAL CLIMATOLOGICAL DATA (WS FORM: F-6)

                                          STATION:   BALTIMORE INNER HARBOR MD
                                          MONTH:     MAY
                                          YEAR:      2016
                                          LATITUDE:   39 16 N
                                          LONGITUDE:  76 37 W

  TEMPERATURE IN F:       :PCPN:    SNOW:  WIND      :SUNSHINE: SKY     :PK WND
================================================================================
1   2   3   4   5  6A  6B    7    8   9   10  11  12  13   14  15   16   17  18
                                     12Z  AVG MX 2MIN
DY MAX MIN AVG DEP HDD CDD  WTR  SNW DPTH SPD SPD DIR MIN PSBL S-S WX    SPD DR
================================================================================

 1  55  50  53  -9  12   0 0.24    M    M   M   M   M   M    M   M         M  M
 2  69  54  62   0   3   0 0.21    M    M   M   M   M   M    M   M         M  M
 3  66  56  61  -1   4   0 0.05    M    M   M   M   M   M    M   M         M  M
 4  57  51  54  -8  11   0 0.06    M    M   M   M   M   M    M   M         M  M
 5  57  50  54  -9  11   0 0.01    M    M   M   M   M   M    M   M         M  M
 6  55  50  53 -10  12   0 1.33    M    M   M   M   M   M    M   M         M  M
 7  64  50  57  -6   8   0 0.02    M    M   M   M   M   M    M   M         M  M
 8  70  55  63  -1   2   0 0.00    M    M   M   M   M   M    M   M         M  M
 9  68  50  59  -5   6   0 0.00    M    M   M   M   M   M    M   M         M  M
10  62  53  58  -6   7   0 0.01    M    M   M   M   M   M    M   M         M  M
11  59  51  55  -9  10   0 0.32    M    M   M   M   M   M    M   M         M  M
12  66  57  62  -3   3   0 0.00    M    M   M   M   M   M    M   M         M  M
13  76  62  69   4   0   4 0.02    M    M   M   M   M   M    M   M         M  M
14  76  53  65   0   0   0 0.05    M    M   M   M   M   M    M   M         M  M
15  60  48  54 -12  11   0 0.00    M    M   M   M   M   M    M   M         M  M
16  67  44  56 -10   9   0 0.00    M    M   M   M   M   M    M   M         M  M
17  59  54  57  -9   8   0 0.17    M    M   M   M   M   M    M   M         M  M
18  67  54  61  -6   4   0 0.00    M    M   M   M   M   M    M   M         M  M
19  73  58  66  -1   0   1 0.00    M    M   M   M   M   M    M   M         M  M
20  74  56  65  -2   0   0 0.00    M    M   M   M   M   M    M   M         M  M
21  65  54  60  -8   5   0 0.55    M    M   M   M   M   M    M   M         M  M
22  63  53  58 -10   7   0 0.22    M    M   M   M   M   M    M   M         M  M
23  74  57  66  -2   0   1 0.39    M    M   M   M   M   M    M   M         M  M
================================================================================
SM 1502 1220       133   6  3.65    M        M          M        M
================================================================================
AV 65.3 53.0                                 M FASTST   M    M   7    MAX(MPH)
                                 MISC ---->     M   M                  M    M
================================================================================
NOTES:
# LAST OF SEVERAL OCCURRENCES

COLUMN 17 PEAK WIND IN M.P.H.

PRELIMINARY LOCAL CLIMATOLOGICAL DATA (WS FORM: F-6) , PAGE 2

                                          STATION:  BALTIMORE INNER HARBOR MD
                                          MONTH:    MAY
                                          YEAR:     2016
                                          LATITUDE:   39 16 N
                                          LONGITUDE:  76 37 W

[TEMPERATURE DATA]      [PRECIPITATION DATA]       SYMBOLS USED IN COLUMN 16

AVERAGE MONTHLY: 59.2   TOTAL FOR MONTH:   3.65    1 = FOG OR MIST
DPTR FM NORMAL:  -5.7   DPTR FM NORMAL:    1.18    2 = FOG REDUCING VISIBILITY
HIGHEST:    76 ON 14,13 GRTST 24HR  1.35 ON  6- 7      TO 1/4 MILE OR LESS
LOWEST:     44 ON 16                               3 = THUNDER
                        SNOW, ICE PELLETS, HAIL    4 = ICE PELLETS
                        TOTAL MONTH:    M          5 = HAIL
                        GRTST 24HR    M  ON   M    6 = FREEZING RAIN OR DRIZZLE
                        GRTST DEPTH:  M  ON   M    7 = DUSTSTORM OR SANDSTORM:
                                                       VSBY 1/2 MILE OR LESS
                                                   8 = SMOKE OR HAZE
[NO. OF DAYS WITH]      [WEATHER - DAYS WITH]      9 = BLOWING SNOW
                                                   X = TORNADO
MAX 32 OR BELOW:   0    0.01 INCH OR MORE:  15
MAX 90 OR ABOVE:   0    0.10 INCH OR MORE:   8
MIN 32 OR BELOW:   0    0.50 INCH OR MORE:   2
MIN  0 OR BELOW:   0    1.00 INCH OR MORE:   1

[HDD (BASE 65) ]
TOTAL THIS MO.   133    CLEAR  (SCALE 0-3)   0
DPTR FM NORMAL    61    PTCLDY (SCALE 4-7)   0
TOTAL FM JUL 1  3421    CLOUDY (SCALE 8-10)  0
DPTR FM NORMAL  -596

[CDD (BASE 65) ]
TOTAL THIS MO.     6
DPTR FM NORMAL   -62    [PRESSURE DATA]
TOTAL FM JAN 1    41    HIGHEST SLP M ON M
DPTR FM NORMAL   -52    LOWEST  SLP 29.62 ON  5

[REMARKS]
