000
CXUS55 KCAE 231400
CF6DNL
PRELIMINARY LOCAL CLIMATOLOGICAL DATA (WS FORM: F-6)

                                          STATION:   AUGUSTA DANIEL FIELD GA
                                          MONTH:     MAY
                                          YEAR:      2017
                                          LATITUDE:   33 28 N
                                          LONGITUDE:  82  2 W

  TEMPERATURE IN F:       :PCPN:    SNOW:  WIND      :SUNSHINE: SKY     :PK WND
================================================================================
1   2   3   4   5  6A  6B    7    8   9   10  11  12  13   14  15   16   17  18
                                     12Z  AVG MX 2MIN
DY MAX MIN AVG DEP HDD CDD  WTR  SNW DPTH SPD SPD DIR MIN PSBL S-S WX    SPD DR
================================================================================

 1  86  64  75   7   0  10 0.22    M    M 10.8 25 200   M    M   8        33 180
 2  82  59  71   2   0   6 0.00    M    M  5.6 15 310   M    M   0        19 240
 3  87  62  75   6   0  10 0.00    M    M  5.5 12 150   M    M   0        17  10
 4  78  64  71   2   0   6 0.11    M    M  8.6 16 190   M    M   4 1      23 120
 5  69  54  62  -8   3   0 0.13    M    M  9.0 17 210   M    M   8 1      24 210
 6  74  49  62  -8   3   0    T    M    M  8.6 21  10   M    M   3        28 310
 7  76  53  65  -5   0   0 0.02    M    M  7.9 15 300   M    M   1        22 310
 8  82  53  68  -3   0   3 0.00    M    M  4.5 14 320   M    M   0        19 340
 9  90  61  76   5   0  11 0.00    M    M  5.9 15 290   M    M   0 8      23 270
10  93  70  82  11   0  17 0.00    M    M  5.4 13 300   M    M   0        20 240
11  92  74  83  11   0  18 0.00    M    M  7.6 16 300   M    M   0        23 250
12  88  72  80   8   0  15 0.00    M    M  6.2 15 200   M    M   1        19 200
13  74  64  69  -3   0   4 0.48    M    M  4.5 12  60   M    M   6 138    13 350
14  86  61  74   2   0   9 0.00    M    M  3.8 10  30   M    M   0 18     14  50
15  93  62  78   5   0  13 0.00    M    M  2.7  9 230   M    M   0        13 330
16  94  68  81   8   0  16 0.00    M    M  5.6 15 200   M    M   0        18 190
17  91  70  81   8   0  16 0.00    M    M  8.3 15 140   M    M   2        20 150
18  90  70  80   6   0  15 0.00    M    M  7.0 14 140   M    M   5 18     18 140
19  90  68  79   5   0  14 0.00    M    M  5.4 12 140   M    M   0        15 110
20  93  71  82   8   0  17 0.01    M    M  5.4 13 120   M    M   5 8      17 230
21  87  75  81   7   0  16 0.21    M    M  7.4 17 200   M    M   7        23 200
22  90  71  81   6   0  16 0.72    M    M  5.1 16 300   M    M   5 13     24 300
================================================================================
SM 1885 1415         6 232  1.90    M    140.8          M       55
================================================================================
AV 85.7 64.3                               6.4 FASTST   M    M   3    MAX(MPH)
                                 MISC ---->  # 25 200               # 33  180
================================================================================
NOTES:
# LAST OF SEVERAL OCCURRENCES

COLUMN 17 PEAK WIND IN M.P.H.

PRELIMINARY LOCAL CLIMATOLOGICAL DATA (WS FORM: F-6) , PAGE 2

                                          STATION:  AUGUSTA DANIEL FIELD GA
                                          MONTH:    MAY
                                          YEAR:     2017
                                          LATITUDE:   33 28 N
                                          LONGITUDE:  82  2 W

[TEMPERATURE DATA]      [PRECIPITATION DATA]       SYMBOLS USED IN COLUMN 16

AVERAGE MONTHLY: 75.0   TOTAL FOR MONTH:   1.90    1 = FOG OR MIST
DPTR FM NORMAL:   3.4   DPTR FM NORMAL:   -0.05    2 = FOG REDUCING VISIBILITY
HIGHEST:    94 ON 16    GRTST 24HR  0.72 ON 22-22      TO 1/4 MILE OR LESS
LOWEST:     49 ON  6                               3 = THUNDER
                        SNOW, ICE PELLETS, HAIL    4 = ICE PELLETS
                        TOTAL MONTH:    M          5 = HAIL
                        GRTST 24HR    M  ON   M    6 = FREEZING RAIN OR DRIZZLE
                        GRTST DEPTH:  M  ON   M    7 = DUSTSTORM OR SANDSTORM:
                                                       VSBY 1/2 MILE OR LESS
                                                   8 = SMOKE OR HAZE
[NO. OF DAYS WITH]      [WEATHER - DAYS WITH]      9 = BLOWING SNOW
                                                   X = TORNADO
MAX 32 OR BELOW:   0    0.01 INCH OR MORE:   8
MAX 90 OR ABOVE:  10    0.10 INCH OR MORE:   6
MIN 32 OR BELOW:   0    0.50 INCH OR MORE:   1
MIN  0 OR BELOW:   0    1.00 INCH OR MORE:   0

[HDD (BASE 65) ]
TOTAL THIS MO.     6    CLEAR  (SCALE 0-3)  13
DPTR FM NORMAL    -2    PTCLDY (SCALE 4-7)   7
TOTAL FM JUL 1  1245    CLOUDY (SCALE 8-10)  2
DPTR FM NORMAL  -922

[CDD (BASE 65) ]
TOTAL THIS MO.   232
DPTR FM NORMAL    75    [PRESSURE DATA]
TOTAL FM JAN 1   547    HIGHEST SLP M ON M
DPTR FM NORMAL   289    LOWEST  SLP 29.51 ON  5

[REMARKS]
