000
CXUS55 KCAE 221400
CF6DNL
PRELIMINARY LOCAL CLIMATOLOGICAL DATA (WS FORM: F-6)

                                          STATION:   AUGUSTA DANIEL FIELD GA
                                          MONTH:     MAY
                                          YEAR:      2015
                                          LATITUDE:   33 28 N
                                          LONGITUDE:  82  2 W

  TEMPERATURE IN F:       :PCPN:    SNOW:  WIND      :SUNSHINE: SKY     :PK WND
================================================================================
1   2   3   4   5  6A  6B    7    8   9   10  11  12  13   14  15   16   17  18
                                     12Z  AVG MX 2MIN
DY MAX MIN AVG DEP HDD CDD  WTR  SNW DPTH SPD SPD DIR MIN PSBL S-S WX    SPD DR
================================================================================

 1  71  54  63  -5   2   0 0.00    M    M  7.1 18 360   M    M   3        27  20
 2  78  54  66  -3   0   1 0.00    M    M  4.2 13 330   M    M   0        15 320
 3  82  56  69   0   0   4 0.00    M    M  3.6 12 130   M    M   1 18     16 120
 4  83  60  72   3   0   7 0.00    M    M  4.8 15 160   M    M   1        21 170
 5  83  60  72   2   0   7 0.00    M    M  5.5 14  80   M    M   0        20 100
 6  84  60  72   2   0   7 0.00    M    M  5.7 16  90   M    M   0        23  80
 7  84  62  73   3   0   8 0.00    M    M  6.9 17  40   M    M   0        25  40
 8  88  64  76   5   0  11 0.00    M    M  8.6 16  10   M    M   0        23 350
 9  89  66  78   7   0  13 0.00    M    M  8.8 24  50   M    M   2        29  50
10  91  68  80   9   0  15    T    M    M  5.5 13 320   M    M   2        18 310
11  95  71  83  11   0  18 0.07  0.0    0  5.3 15 200   M    M   4 3      22 200
12  92  71  82  10   0  17 0.28  0.0    0  5.1 21 300   M    M   1 38     27 300
13  89  70  80   8   0  15 0.00  0.0    0  5.4 12 320   M    M   0        15  10
14  84  63  74   2   0   9 0.00    M    M  7.1 13 110   M    M   1        18  70
15  85  67  76   3   0  11 0.00    M    M  6.8 12 190   M    M   4        16 170
16  87  66  77   4   0  12 0.00    M    M  5.8 13 150   M    M   0        18 130
17  89  64  77   4   0  12 0.00    M    M  5.1 12 140   M    M   0        17 140
18  89  69  79   5   0  14 0.35    M    M  4.6 23 130   M    M   2 3      29 140
19  90  69  80   6   0  15 0.00    M    M  4.6 14 300   M    M   1        20 310
20  93  72  83   9   0  18 0.00    M    M  4.8 13 310   M    M   1        17 290
21  90  69  80   6   0  15 0.00    M    M  8.1 17 300   M    M   0        26 260
================================================================================
SM 1816 1355         2 229  0.70     0.0 123.4          M       23
================================================================================
AV 86.5 64.5                               5.9 FASTST   M    M   1    MAX(MPH)
                                 MISC ---->  # 24  50               # 29   50
================================================================================
NOTES:
# LAST OF SEVERAL OCCURRENCES

COLUMN 17 PEAK WIND IN M.P.H.

PRELIMINARY LOCAL CLIMATOLOGICAL DATA (WS FORM: F-6) , PAGE 2

                                          STATION:  AUGUSTA DANIEL FIELD GA
                                          MONTH:    MAY
                                          YEAR:     2015
                                          LATITUDE:   33 28 N
                                          LONGITUDE:  82  2 W

[TEMPERATURE DATA]      [PRECIPITATION DATA]       SYMBOLS USED IN COLUMN 16

AVERAGE MONTHLY: 75.5   TOTAL FOR MONTH:   0.70    1 = FOG OR MIST
DPTR FM NORMAL:   4.0   DPTR FM NORMAL:   -1.14    2 = FOG REDUCING VISIBILITY
HIGHEST:    95 ON 11    GRTST 24HR  0.35 ON 18-18      TO 1/4 MILE OR LESS
LOWEST:     54 ON  2, 1                            3 = THUNDER
                        SNOW, ICE PELLETS, HAIL    4 = ICE PELLETS
                        TOTAL MONTH:   0.0 INCH    5 = HAIL
                        GRTST 24HR     0.0         6 = FREEZING RAIN OR DRIZZLE
                        GRTST DEPTH:   0           7 = DUSTSTORM OR SANDSTORM:
                                                       VSBY 1/2 MILE OR LESS
                                                   8 = SMOKE OR HAZE
[NO. OF DAYS WITH]      [WEATHER - DAYS WITH]      9 = BLOWING SNOW
                                                   X = TORNADO
MAX 32 OR BELOW:   0    0.01 INCH OR MORE:   3
MAX 90 OR ABOVE:   6    0.10 INCH OR MORE:   2
MIN 32 OR BELOW:   0    0.50 INCH OR MORE:   0
MIN  0 OR BELOW:   0    1.00 INCH OR MORE:   0

[HDD (BASE 65) ]
TOTAL THIS MO.     2    CLEAR  (SCALE 0-3)  19
DPTR FM NORMAL    -6    PTCLDY (SCALE 4-7)   2
TOTAL FM JUL 1  2036    CLOUDY (SCALE 8-10)  0
DPTR FM NORMAL  -131

[CDD (BASE 65) ]
TOTAL THIS MO.   229
DPTR FM NORMAL    82    [PRESSURE DATA]
TOTAL FM JAN 1   420    HIGHEST SLP M ON M
DPTR FM NORMAL   172    LOWEST  SLP 29.78 ON M

[REMARKS]
