192
CXUS53 KDMX 160920
CF6DSM
PRELIMINARY LOCAL CLIMATOLOGICAL DATA (WS FORM: F-6)

                                          STATION:   DES MOINES IA
                                          MONTH:     JANUARY
                                          YEAR:      2018
                                          LATITUDE:   41 31 N
                                          LONGITUDE:  93 39 W

  TEMPERATURE IN F:       :PCPN:    SNOW:  WIND      :SUNSHINE: SKY     :PK WND
================================================================================
1   2   3   4   5  6A  6B    7    8   9   10  11  12  13   14  15   16   17  18
                                     12Z  AVG MX 2MIN
DY MAX MIN AVG DEP HDD CDD  WTR  SNW DPTH SPD SPD DIR MIN PSBL S-S WX    SPD DR
================================================================================

 1  -1 -19 -10 -33  75   0 0.00  0.0    3  6.5 13 280   M    M   0        14 280
 2  21 -15   3 -20  62   0    T  0.2    3 12.4 23 240   M    M   3 9      31 240
 3  21  -1  10 -13  55   0    T    T    3 14.2 24 320   M    M   3        31 320
 4  10  -5   3 -20  62   0    T    T    3  3.9  9  50   M    M   7        14  80
 5  14   0   7 -16  58   0    T    T    3  6.3 13  30   M    M   7        14  30
 6  16  -5   6 -17  59   0 0.00  0.0    3  9.8 18 140   M    M   4        24 140
 7  38  16  27   5  38   0 0.00  0.0    2  9.9 17 190   M    M   7 1      22 200
 8  44  22  33  11  32   0 0.00  0.0    1  7.6 14 250   M    M   5 1      17 270
 9  44  32  38  16  27   0 0.00  0.0    T 12.0 21 150   M    M   8 18     24 150
10  46  35  41  19  24   0    T  0.0    T 10.5 21 160   M    M  10 13     26 160
11  44   6  25   3  40   0 0.09  0.7    0 18.8 32 310   M    M   9 14689  40 300
12   9  -3   3 -19  62   0 0.00  0.0    1 14.0 22 330   M    M   3        29 320
13  14   3   9 -13  56   0 0.00  0.0    1  6.3 15 350   M    M   6        19 360
14  26   9  18  -4  47   0 0.12  1.9    1 10.0 25 330   M    M  10 19     36 320
15  21  -5   8 -14  57   0    T  0.2    3 21.1 29 320   M    M   7 9      42 310
================================================================================
SM  367   70       754   0  0.21     3.0 163.3          M       89
================================================================================
AV 24.5  4.7                              10.9 FASTST   M    M   6    MAX(MPH)
                                 MISC ---->  # 32 310               # 42  310
================================================================================
NOTES:
# LAST OF SEVERAL OCCURRENCES

COLUMN 17 PEAK WIND IN M.P.H.

PRELIMINARY LOCAL CLIMATOLOGICAL DATA (WS FORM: F-6) , PAGE 2

                                          STATION:  DES MOINES IA
                                          MONTH:    JANUARY
                                          YEAR:     2018
                                          LATITUDE:   41 31 N
                                          LONGITUDE:  93 39 W

[TEMPERATURE DATA]      [PRECIPITATION DATA]       SYMBOLS USED IN COLUMN 16

AVERAGE MONTHLY: 14.6   TOTAL FOR MONTH:   0.21    1 = FOG OR MIST
DPTR FM NORMAL:  -7.8   DPTR FM NORMAL:   -0.27    2 = FOG REDUCING VISIBILITY
HIGHEST:    46 ON 10    GRTST 24HR  0.12 ON 14-14      TO 1/4 MILE OR LESS
LOWEST:    -19 ON  1                               3 = THUNDER
                        SNOW, ICE PELLETS, HAIL    4 = ICE PELLETS
                        TOTAL MONTH:   3.0 INCHES  5 = HAIL
                        GRTST 24HR   1.9 ON   M    6 = FREEZING RAIN OR DRIZZLE
                        GRTST DEPTH:   3 ON 15, 6  7 = DUSTSTORM OR SANDSTORM:
                                                       VSBY 1/2 MILE OR LESS
                                                   8 = SMOKE OR HAZE
[NO. OF DAYS WITH]      [WEATHER - DAYS WITH]      9 = BLOWING SNOW
                                                   X = TORNADO
MAX 32 OR BELOW:  10    0.01 INCH OR MORE:   2
MAX 90 OR ABOVE:   0    0.10 INCH OR MORE:   1
MIN 32 OR BELOW:  14    0.50 INCH OR MORE:   0
MIN  0 OR BELOW:   8    1.00 INCH OR MORE:   0

[HDD (BASE 65) ]
TOTAL THIS MO.   754    CLEAR  (SCALE 0-3)   2
DPTR FM NORMAL   116    PTCLDY (SCALE 4-7)  10
TOTAL FM JUL 1  2986    CLOUDY (SCALE 8-10)  3
DPTR FM NORMAL  -119

[CDD (BASE 65) ]
TOTAL THIS MO.     0
DPTR FM NORMAL     0    [PRESSURE DATA]
TOTAL FM JAN 1     0    HIGHEST SLP M ON M
DPTR FM NORMAL     0    LOWEST  SLP 29.52 ON 10

[REMARKS]
