000
CXUS55 KTWC 220855
CF6DUG
PRELIMINARY LOCAL CLIMATOLOGICAL DATA (WS FORM: F-6)

                                          STATION:   DOUGLAS AZ
                                          MONTH:     JUNE
                                          YEAR:      2017
                                          LATITUDE:   31 28 N
                                          LONGITUDE: 109 36 W

  TEMPERATURE IN F:       :PCPN:    SNOW:  WIND      :SUNSHINE: SKY     :PK WND
================================================================================
1   2   3   4   5  6A  6B    7    8   9   10  11  12  13   14  15   16   17  18
                                     12Z  AVG MX 2MIN
DY MAX MIN AVG DEP HDD CDD  WTR  SNW DPTH SPD SPD DIR MIN PSBL S-S WX    SPD DR
================================================================================

 1  87  58  73  -1   0   8 0.00  0.0    0  6.7 23 200   M    M   M        30 160
 2  92  47  70  -5   0   5 0.00  0.0    0  4.9 16  80   M    M   M        27 150
 3  94  54  74  -1   0   9 0.00  0.0    0  5.9 24  70   M    M   M        31  60
 4  98  63  81   6   0  16 0.00  0.0    0  6.1 15 230   M    M   M        20 220
 5 100  62  81   5   0  16 0.00  0.0    0  6.0 16 250   M    M   0        19 250
 6 100  64  82   6   0  17    T  0.0    0  6.9 32 100   M    M   0 3      41  90
 7  97  67  82   6   0  17 0.00  0.0    0  8.8 25 320   M    M   1 3      33 310
 8  97  63  80   4   0  15 0.00  0.0    0  7.9 28 310   M    M   0        35 320
 9  97  61  79   2   0  14 0.00  0.0    0  7.2 16 260   M    M   0        22 270
10  97  60  79   2   0  14 0.00  0.0    0 11.6 28 240   M    M   0        35 240
11  94  60  77   0   0  12 0.00  0.0    0 12.3 28 240   M    M   0        41 190
12  94  58  76  -2   0  11 0.00  0.0    0  9.7 25 230   M    M   0        32 250
13  96  54  75  -3   0  10 0.00  0.0    0  9.6 17 270   M    M   0        26 290
14 100  51  76  -2   0  11 0.00  0.0    0  7.2 16 250   M    M   0        21 250
15 102  54  78   0   0  13 0.00  0.0    0  8.6 20 280   M    M   0        23 280
16 101  56  79   0   0  14 0.00  0.0    0  8.6 23 340   M    M   0        29 310
17 101  57  79   0   0  14 0.00  0.0    0  7.1 20 330   M    M   0        26 340
18 105  57  81   2   0  16 0.00  0.0    0  7.7 15 330   M    M   0        20 340
19 109  64  87   8   0  22 0.00  0.0    0 10.0 31  80   M    M   0 8      38  80
20 108  72  90  10   0  25 0.00  0.0    0  7.4 20 130   M    M   2 8      23 130
21 107  69  88   8   0  23 0.00  0.0    0  8.7 30 300   M    M   0 3      36 300
================================================================================
SM 2076 1251         0 302    T      0.0 168.9          M        3
================================================================================
AV 98.9 59.6                               8.0 FASTST   M    M   0    MAX(MPH)
                                 MISC ---->  # 32 100               # 41   90
================================================================================
NOTES:
# LAST OF SEVERAL OCCURRENCES

COLUMN 17 PEAK WIND IN M.P.H.

PRELIMINARY LOCAL CLIMATOLOGICAL DATA (WS FORM: F-6) , PAGE 2

                                          STATION:  DOUGLAS AZ
                                          MONTH:    JUNE
                                          YEAR:     2017
                                          LATITUDE:   31 28 N
                                          LONGITUDE: 109 36 W

[TEMPERATURE DATA]      [PRECIPITATION DATA]       SYMBOLS USED IN COLUMN 16

AVERAGE MONTHLY: 79.2   TOTAL FOR MONTH:      T    1 = FOG OR MIST
DPTR FM NORMAL:   2.0   DPTR FM NORMAL:   -0.30    2 = FOG REDUCING VISIBILITY
HIGHEST:   109 ON 19    GRTST 24HR    T  ON  6- 6      TO 1/4 MILE OR LESS
LOWEST:     47 ON  2                               3 = THUNDER
                        SNOW, ICE PELLETS, HAIL    4 = ICE PELLETS
                        TOTAL MONTH:   0.0 INCH    5 = HAIL
                        GRTST 24HR     0.0         6 = FREEZING RAIN OR DRIZZLE
                        GRTST DEPTH:   0           7 = DUSTSTORM OR SANDSTORM:
                                                       VSBY 1/2 MILE OR LESS
                                                   8 = SMOKE OR HAZE
[NO. OF DAYS WITH]      [WEATHER - DAYS WITH]      9 = BLOWING SNOW
                                                   X = TORNADO
MAX 32 OR BELOW:   0    0.01 INCH OR MORE:   0
MAX 90 OR ABOVE:  20    0.10 INCH OR MORE:   0
MIN 32 OR BELOW:   0    0.50 INCH OR MORE:   0
MIN  0 OR BELOW:   0    1.00 INCH OR MORE:   0

[HDD (BASE 65) ]
TOTAL THIS MO.     0    CLEAR  (SCALE 0-3)  17
DPTR FM NORMAL     0    PTCLDY (SCALE 4-7)   0
TOTAL FM JUL 1  2123    CLOUDY (SCALE 8-10)  0
DPTR FM NORMAL  -399

[CDD (BASE 65) ]
TOTAL THIS MO.   302
DPTR FM NORMAL    45    [PRESSURE DATA]
TOTAL FM JAN 1   495    HIGHEST SLP M ON M
DPTR FM NORMAL    37    LOWEST  SLP 27.09 ON 21

[REMARKS]
