000
CXUS51 KPBZ 190904
CF6DUJ
PRELIMINARY LOCAL CLIMATOLOGICAL DATA (WS FORM: F-6)

                                          STATION:   DUBOIS
                                          MONTH:     JANUARY
                                          YEAR:      2017
                                          LATITUDE:   41 10 N
                                          LONGITUDE:  78 54 W

  TEMPERATURE IN F:       :PCPN:    SNOW:  WIND      :SUNSHINE: SKY     :PK WND
================================================================================
1   2   3   4   5  6A  6B    7    8   9   10  11  12  13   14  15   16   17  18
                                     12Z  AVG MX 2MIN
DY MAX MIN AVG DEP HDD CDD  WTR  SNW DPTH SPD SPD DIR MIN PSBL S-S WX    SPD DR
================================================================================

 1  37  25  31   7  34   0 0.02    M    0  6.9 20 290   M    M   2 1      24 290
 2  37  29  33   9  32   0 0.00  0.0    0 12.0 17 120   M    M   9 18     23 120
 3  40  37  39  15  26   0 0.30    M    0  9.5 20 120   M    M  10 12     28 130
 4  41  17  29   5  36   0 0.17    M    0 18.6 25 260   M    M  10 18     43 260
 5  20  14  17  -7  48   0 0.02    M    M 11.8 24 260   M    M  10 18     32 280
 6  16   2   9 -15  56   0    T    M    0  6.9 14 230   M    M   6 18     17 250
 7  14   0   7 -17  58   0 0.00    M    0  7.0 18 250   M    M   6 18     26 250
 8  13   4   9 -15  56   0    T    M    0 16.3 25 280   M    M   9 8      34 250
 9  24   5  15  -9  50   0 0.00  0.0    0  6.1 12 220   M    M   7 8      18 160
10  35  18  27   3  38   0 0.28    M    0 11.0 21 130   M    M   9 168    28 130
11  50  35  43  19  22   0 0.26    M    0 10.8 29 240   M    M   3 1      39 230
12  58  34  46  23  19   0 1.01    M    0 14.4 25 280   M    M  10 138    34 200
13  34  23  29   6  36   0 0.00  0.0    0  9.5 17 270   M    M   5 18     22 270
14  31  22  27   4  38   0 0.00  0.0    0  6.2 14 110   M    M   8 18     18 100
15  32  18  25   2  40   0 0.00  0.0    0  3.7  9 220   M    M   2 18     12 220
16  38  15  27   4  38   0 0.01    M    0  4.9 10 120   M    M   4        13 120
17  51  34  43  20  22   0 0.26    M    0  7.7 15 270   M    M  10 128    21 280
18  47  35  41  18  24   0 0.01    M    0 12.2 20 260   M    M  10 18     24 240
================================================================================
SM  618  367       673   0  2.34     0.0 175.5          M      130
================================================================================
AV 34.3 20.4                               9.7 FASTST   M    M   7    MAX(MPH)
                                 MISC ---->  # 29 240                 43    M
================================================================================
NOTES:
# LAST OF SEVERAL OCCURRENCES

COLUMN 17 PEAK WIND IN M.P.H.

PRELIMINARY LOCAL CLIMATOLOGICAL DATA (WS FORM: F-6) , PAGE 2

                                          STATION:  DUBOIS
                                          MONTH:    JANUARY
                                          YEAR:     2017
                                          LATITUDE:   41 10 N
                                          LONGITUDE:  78 54 W

[TEMPERATURE DATA]      [PRECIPITATION DATA]       SYMBOLS USED IN COLUMN 16

AVERAGE MONTHLY: 27.4   TOTAL FOR MONTH:   2.34    1 = FOG OR MIST
DPTR FM NORMAL:   3.8   DPTR FM NORMAL:    0.47    2 = FOG REDUCING VISIBILITY
HIGHEST:    58 ON 12    GRTST 24HR  1.25 ON 11-12      TO 1/4 MILE OR LESS
LOWEST:      0 ON  7                               3 = THUNDER
                        SNOW, ICE PELLETS, HAIL    4 = ICE PELLETS
                        TOTAL MONTH:   0.0 INCH    5 = HAIL
                        GRTST 24HR     0.0         6 = FREEZING RAIN OR DRIZZLE
                        GRTST DEPTH:   0           7 = DUSTSTORM OR SANDSTORM:
                                                       VSBY 1/2 MILE OR LESS
                                                   8 = SMOKE OR HAZE
[NO. OF DAYS WITH]      [WEATHER - DAYS WITH]      9 = BLOWING SNOW
                                                   X = TORNADO
MAX 32 OR BELOW:   7    0.01 INCH OR MORE:  10
MAX 90 OR ABOVE:   0    0.10 INCH OR MORE:   6
MIN 32 OR BELOW:  13    0.50 INCH OR MORE:   1
MIN  0 OR BELOW:   1    1.00 INCH OR MORE:   1

[HDD (BASE 65) ]
TOTAL THIS MO.   673    CLEAR  (SCALE 0-3)   2
DPTR FM NORMAL   -73    PTCLDY (SCALE 4-7)   6
TOTAL FM JUL 1  2886    CLOUDY (SCALE 8-10) 10
DPTR FM NORMAL  -522

[CDD (BASE 65) ]
TOTAL THIS MO.     0
DPTR FM NORMAL     0    [PRESSURE DATA]
TOTAL FM JAN 1     0    HIGHEST SLP M ON M
DPTR FM NORMAL     0    LOWEST  SLP 29.53 ON  3

[REMARKS]
