967
CXUS53 KFGF 280915
CF6DVL
PRELIMINARY LOCAL CLIMATOLOGICAL DATA (WS FORM: F-6)

                                          STATION:   DEVIL`S LAKE
                                          MONTH:     APRIL
                                          YEAR:      2016
                                          LATITUDE:   48  7 N
                                          LONGITUDE:  98 54 W

  TEMPERATURE IN F:       :PCPN:    SNOW:  WIND      :SUNSHINE: SKY     :PK WND
================================================================================
1   2   3   4   5  6A  6B    7    8   9   10  11  12  13   14  15   16   17  18
                                     12Z  AVG MX 2MIN
DY MAX MIN AVG DEP HDD CDD  WTR  SNW DPTH SPD SPD DIR MIN PSBL S-S WX    SPD DR
================================================================================

 1  42  18  30   M  35   0    T    M    0 17.9 31 330   M    M   6 1      46 330
 2  43  16  30   M  35   0    T    M    0 14.3 27 340   M    M   3        38 340
 3  34  22  28   M  37   0    T    M    0 14.6 18  30   M    M   6        25  30
 4  38  20  29   M  36   0    T    M    0  8.9 15 140   M    M   7         M  M
 5  52  29  41   M  24   0 0.11    M    0 11.2 16 150   M    M   4 1      24 140
 6  38  31  35   M  30   0 0.07    M    0 11.2 18  10   M    M   9 1       M  M
 7  41  27  34   M  31   0    T    M    0 20.7 28 340   M    M  10 1      37 330
 8  31  18  25   M  40   0 0.00  0.0    0 13.0 22  10   M    M   3        30  10
 9  52  21  37   M  28   0 0.00  0.0    0 23.5 36 170   M    M   2        50 160
10  41  27  34   M  31   0    T    M    0 21.2 29 310   M    M   8        41 300
11  35  19  27   M  38   0    T    M    0 12.5 21 350   M    M   3        25 350
12  45  24  35   M  30   0    T    M    0 12.2 18 150   M    M   4 8      25 150
13  63  24  44   M  21   0 0.00  0.0    0  9.0 15 120   M    M   0         M  M
14  65  43  54   M  11   0 0.01    M    0 10.6 18 150   M    M   7         M  M
15  65  37  51   M  14   0 0.09    M    0 15.6 24 360   M    M   7 13     32  10
16  37  34  36   M  29   0 0.30    M    0 15.8 21  20   M    M  10 1      21  30
17  40  34  37   M  28   0 0.40    M    0 14.4 18  30   M    M  10 1       M  M
18  46  35  41   M  24   0 0.03    M    0 16.9 22  50   M    M  10 1      32  70
19  55  40  48   M  17   0    T    M    0  9.7 14  80   M    M  10 1       M  M
20  67  45  56   M   9   0 0.00  0.0    0  7.3 12 240   M    M   5 1       M  M
21  53  33  43   M  22   0 0.00  0.0    0 18.5 30  10   M    M   1        36  10
22  58  27  43   M  22   0 0.00  0.0    0  9.8 20  70   M    M   0        25  70
23  60  39  50   M  15   0 0.00  0.0    0 23.0 31  70   M    M   3        40  70
24  45  40  43   M  22   0 0.12    M    0 24.9 32  60   M    M  10        43  60
25  42  36  39   M  26   0 0.09    M    0 19.8 27  60   M    M  10 1      36  60
26  50  35  43   M  22   0    T    M    0 13.1 21  80   M    M   9        24 100
27  55  39  47   M  18   0 0.00  0.0    0 16.1 27  50   M    M   3        36  50
================================================================================
SM 1293  813       695   0  1.22     0.0 405.7          M      160
================================================================================
AV 47.9 30.1                              15.0 FASTST   M    M   6    MAX(MPH)
                                 MISC ---->    36   M               # 50  160
================================================================================
NOTES:
# LAST OF SEVERAL OCCURRENCES

COLUMN 17 PEAK WIND IN M.P.H.

PRELIMINARY LOCAL CLIMATOLOGICAL DATA (WS FORM: F-6) , PAGE 2

                                          STATION:  DEVIL`S LAKE
                                          MONTH:    APRIL
                                          YEAR:     2016
                                          LATITUDE:   48  7 N
                                          LONGITUDE:  98 54 W

[TEMPERATURE DATA]      [PRECIPITATION DATA]       SYMBOLS USED IN COLUMN 16

AVERAGE MONTHLY: 39.0   TOTAL FOR MONTH:   1.22    1 = FOG OR MIST
DPTR FM NORMAL:     M   DPTR FM NORMAL:       M    2 = FOG REDUCING VISIBILITY
HIGHEST:    67 ON 20    GRTST 24HR  0.40 ON 17-17      TO 1/4 MILE OR LESS
LOWEST:     16 ON  2                               3 = THUNDER
                        SNOW, ICE PELLETS, HAIL    4 = ICE PELLETS
                        TOTAL MONTH:   0.0 INCH    5 = HAIL
                        GRTST 24HR     0.0         6 = FREEZING RAIN OR DRIZZLE
                        GRTST DEPTH:   0           7 = DUSTSTORM OR SANDSTORM:
                                                       VSBY 1/2 MILE OR LESS
                                                   8 = SMOKE OR HAZE
[NO. OF DAYS WITH]      [WEATHER - DAYS WITH]      9 = BLOWING SNOW
                                                   X = TORNADO
MAX 32 OR BELOW:   1    0.01 INCH OR MORE:   9
MAX 90 OR ABOVE:   0    0.10 INCH OR MORE:   4
MIN 32 OR BELOW:  14    0.50 INCH OR MORE:   0
MIN  0 OR BELOW:   0    1.00 INCH OR MORE:   0

[HDD (BASE 65) ]
TOTAL THIS MO.   695    CLEAR  (SCALE 0-3)   7
DPTR FM NORMAL     M    PTCLDY (SCALE 4-7)  11
TOTAL FM JUL 1  7522    CLOUDY (SCALE 8-10)  9
DPTR FM NORMAL     M

[CDD (BASE 65) ]
TOTAL THIS MO.     0
DPTR FM NORMAL     M    [PRESSURE DATA]
TOTAL FM JAN 1     0    HIGHEST SLP M ON M
DPTR FM NORMAL     M    LOWEST  SLP M ON M

[REMARKS]
