000
CXUS55 KPSR 011005
CF6DVT
PRELIMINARY LOCAL CLIMATOLOGICAL DATA (WS FORM: F-6)

                                          STATION:   DEER VLY/PHOENIX AZ
                                          MONTH:     JANUARY
                                          YEAR:      2015
                                          LATITUDE:   33 41 N
                                          LONGITUDE: 112  4 W

  TEMPERATURE IN F:       :PCPN:    SNOW:  WIND      :SUNSHINE: SKY     :PK WND
================================================================================
1   2   3   4   5  6A  6B    7    8   9   10  11  12  13   14  15   16   17  18
                                     12Z  AVG MX 2MIN
DY MAX MIN AVG DEP HDD CDD  WTR  SNW DPTH SPD SPD DIR MIN PSBL S-S WX    SPD DR
================================================================================

 1  45  31  38 -15  27   0 0.00  0.0    0  2.4 10 210   M    M   5        13 350
 2  51  30  41 -12  24   0 0.00  0.0    0  4.3 15 210   M    M   0        18 210
 3  52  29  41 -13  24   0 0.00  0.0    0  1.9 12  30   M    M   0        14  30
 4  62  34  48  -6  17   0 0.00  0.0    0  2.0 10  30   M    M   0        13  30
 5  72  41  57   3   8   0 0.00  0.0    0  2.5 10  30   M    M   0        13  20
 6  75  42  59   5   6   0 0.00  0.0    0  2.2 14  30   M    M   0        18  30
 7  81  47  64  10   1   0 0.00  0.0    0  4.0 12  40   M    M   0        17  80
 8  70  52  61   7   4   0 0.00  0.0    0  7.1 18  80   M    M   0        22  80
 9  72  45  59   5   6   0 0.00  0.0    0  6.1 13 140   M    M   0        17  60
10  64  53  59   5   6   0 0.02  0.0    0  4.2 10  80   M    M   4        16  80
11  69  51  60   6   5   0 0.06  0.0    0  4.3 10  40   M    M   7 1      15  30
12  64  52  58   4   7   0 0.08  0.0    0  1.5  8  30   M    M   7 1      10 160
13  61  50  56   2   9   0 0.11  0.0    0  3.1 12  30   M    M   7 1      15  30
14  64  43  54  -1  11   0 0.00  0.0    0  4.3 15 250   M    M   0        16 250
15  70  44  57   2   8   0 0.00  0.0    0  4.7 14  30   M    M   0        16  30
16  71  44  58   3   7   0 0.00  0.0    0  3.6 12  60   M    M   0        15 100
17  71  43  57   2   8   0 0.00  0.0    0  2.5 13  30   M    M   0        14  30
18  72  45  59   4   6   0 0.00  0.0    0  1.2  9  30   M    M   0        12  40
19  71  46  59   4   6   0 0.00  0.0    0  2.1 13  40   M    M   0        15  40
20  72  47  60   5   5   0 0.00  0.0    0  1.0 12  30   M    M   0        15  30
21  72  50  61   6   4   0 0.00  0.0    0  5.6 22 350   M    M   1        28 340
22  63  46  55   0  10   0 0.00  0.0    0  9.3 26  30   M    M   0        33  30
23  60  39  50  -5  15   0 0.00  0.0    0  2.8 13  30   M    M   0        15  40
24  75  42  59   4   6   0 0.00  0.0    0  5.3 20  90   M    M   0        28  70
25  75  46  61   6   4   0 0.00  0.0    0  3.7 12  60   M    M   0        14  50
26  70  53  62   7   3   0 0.02  0.0    0  3.8 10  30   M    M   4        16  80
27  73  53  63   8   2   0    T  0.0    0  2.8 12  50   M    M   4        20  50
28  74  50  62   7   3   0 0.00  0.0    0  2.9 10 250   M    M   0        15 240
29  70  54  62   7   3   0 0.13  0.0    0  2.6  9 210   M    M   4 1      10  50
30  58  53  56   1   9   0 0.51  0.0    0  4.9 15 110   M    M  10 1      20 100
31  60  50  55   0  10   0 0.01  0.0    0  1.5  9 160   M    M   7 18     12 140
================================================================================
SM 2079 1405       264   0  0.94     0.0 110.2          M       60
================================================================================
AV 67.1 45.3                               3.6 FASTST   M    M   2    MAX(MPH)
                                 MISC ---->  # 26  30               # 33   30
================================================================================
NOTES:
# LAST OF SEVERAL OCCURRENCES

COLUMN 17 PEAK WIND IN M.P.H.

PRELIMINARY LOCAL CLIMATOLOGICAL DATA (WS FORM: F-6) , PAGE 2

                                          STATION:  DEER VLY/PHOENIX AZ
                                          MONTH:    JANUARY
                                          YEAR:     2015
                                          LATITUDE:   33 41 N
                                          LONGITUDE: 112  4 W

[TEMPERATURE DATA]      [PRECIPITATION DATA]       SYMBOLS USED IN COLUMN 16

AVERAGE MONTHLY: 56.2   TOTAL FOR MONTH:   0.94    1 = FOG OR MIST
DPTR FM NORMAL:   1.6   DPTR FM NORMAL:   -0.54    2 = FOG REDUCING VISIBILITY
HIGHEST:    81 ON  7    GRTST 24HR  0.63 ON 29-30      TO 1/4 MILE OR LESS
LOWEST:     29 ON  3                               3 = THUNDER
                        SNOW, ICE PELLETS, HAIL    4 = ICE PELLETS
                        TOTAL MONTH:   0.0 INCH    5 = HAIL
                        GRTST 24HR     0.0         6 = FREEZING RAIN OR DRIZZLE
                        GRTST DEPTH:   0           7 = DUSTSTORM OR SANDSTORM:
                                                       VSBY 1/2 MILE OR LESS
                                                   8 = SMOKE OR HAZE
[NO. OF DAYS WITH]      [WEATHER - DAYS WITH]      9 = BLOWING SNOW
                                                   X = TORNADO
MAX 32 OR BELOW:   0    0.01 INCH OR MORE:   8
MAX 90 OR ABOVE:   0    0.10 INCH OR MORE:   3
MIN 32 OR BELOW:   3    0.50 INCH OR MORE:   1
MIN  0 OR BELOW:   0    1.00 INCH OR MORE:   0

[HDD (BASE 65) ]
TOTAL THIS MO.   264    CLEAR  (SCALE 0-3)  21
DPTR FM NORMAL   -60    PTCLDY (SCALE 4-7)   9
TOTAL FM JUL 1   687    CLOUDY (SCALE 8-10)  1
DPTR FM NORMAL  -187

[CDD (BASE 65) ]
TOTAL THIS MO.     0
DPTR FM NORMAL    -1    [PRESSURE DATA]
TOTAL FM JAN 1     0    HIGHEST SLP 30.39 ON  4
DPTR FM NORMAL     0    LOWEST  SLP 29.76 ON 31

[REMARKS]
#FINAL-01-15#
