000
CXUS55 KPSR 251005
CF6DVT
PRELIMINARY LOCAL CLIMATOLOGICAL DATA (WS FORM: F-6)

                                          STATION:   DEER VLY/PHOENIX AZ
                                          MONTH:     APRIL
                                          YEAR:      2017
                                          LATITUDE:   33 41 N
                                          LONGITUDE: 112  4 W

  TEMPERATURE IN F:       :PCPN:    SNOW:  WIND      :SUNSHINE: SKY     :PK WND
================================================================================
1   2   3   4   5  6A  6B    7    8   9   10  11  12  13   14  15   16   17  18
                                     12Z  AVG MX 2MIN
DY MAX MIN AVG DEP HDD CDD  WTR  SNW DPTH SPD SPD DIR MIN PSBL S-S WX    SPD DR
================================================================================

 1  71  47  59  -7   6   0 0.00  0.0    0  4.8 14 260   M    M   0        19 260
 2  80  49  65  -1   0   0 0.00  0.0    0  6.1 18 220   M    M   0        28 200
 3  82  52  67   1   0   2    T  0.0    0 10.4 29  20   M    M   1        40  20
 4  78  51  65  -1   0   0 0.00  0.0    0  7.9 20 340   M    M   0        24 340
 5  83  54  69   3   0   4 0.00  0.0    0  6.3 16  20   M    M   0        22  10
 6  88  55  72   5   0   7 0.00  0.0    0  4.1 15 240   M    M   0        20 210
 7  87  59  73   6   0   8 0.00  0.0    0  4.3 14 230   M    M   0        19 210
 8  84  56  70   3   0   5 0.00  0.0    0  7.9 22 230   M    M   0        30 250
 9  78  49  64  -4   1   0 0.00  0.0    0  4.6 13 210   M    M   0        17 270
10  82  50  66  -2   0   1 0.00  0.0    0  4.3 14  30   M    M   0        16  30
11  86  52  69   1   0   4 0.00  0.0    0  4.5 20 260   M    M   0        24 250
12  89  56  73   5   0   8 0.00  0.0    0  4.2 13  30   M    M   0        17 220
13  90  59  75   7   0  10 0.00  0.0    0  6.4 20 250   M    M   0        24 250
14  86  53  70   1   0   5 0.00  0.0    0  3.9 16 240   M    M   0        21 250
15  85  54  70   1   0   5 0.00  0.0    0  4.1 14 180   M    M   0        17 180
16  88  53  71   2   0   6 0.00  0.0    0  3.7 13 220   M    M   0        17 240
17  89  57  73   3   0   8 0.00  0.0    0  3.9 16 240   M    M   0        19 260
18  91  59  75   5   0  10 0.00  0.0    0  6.3 18 240   M    M   0        25 230
19  87  64  76   6   0  11 0.00  0.0    0  5.4 16 260   M    M   0        20 250
20  90  56  73   3   0   8 0.00  0.0    0  6.1 18 280   M    M   0        22 280
21  92  58  75   4   0  10 0.00  0.0    0  7.2 20 260   M    M   0        25 340
22  93  61  77   6   0  12 0.00  0.0    0  4.0 10 240   M    M   0        15 260
23  96  62  79   8   0  14 0.00  0.0    0  7.7 24 260   M    M   0        29 250
24  88  66  77   5   0  12 0.00  0.0    0 11.1 24 230   M    M   0        30 200
================================================================================
SM 2063 1332         7 150    T      0.0 139.2          M        1
================================================================================
AV 86.0 55.5                               5.8 FASTST   M    M   0    MAX(MPH)
                                 MISC ---->  # 29  20               # 40   20
================================================================================
NOTES:
# LAST OF SEVERAL OCCURRENCES

COLUMN 17 PEAK WIND IN M.P.H.

PRELIMINARY LOCAL CLIMATOLOGICAL DATA (WS FORM: F-6) , PAGE 2

                                          STATION:  DEER VLY/PHOENIX AZ
                                          MONTH:    APRIL
                                          YEAR:     2017
                                          LATITUDE:   33 41 N
                                          LONGITUDE: 112  4 W

[TEMPERATURE DATA]      [PRECIPITATION DATA]       SYMBOLS USED IN COLUMN 16

AVERAGE MONTHLY: 70.7   TOTAL FOR MONTH:      T    1 = FOG OR MIST
DPTR FM NORMAL:   2.3   DPTR FM NORMAL:   -0.40    2 = FOG REDUCING VISIBILITY
HIGHEST:    96 ON 23    GRTST 24HR    T  ON  3- 3      TO 1/4 MILE OR LESS
LOWEST:     47 ON  1                               3 = THUNDER
                        SNOW, ICE PELLETS, HAIL    4 = ICE PELLETS
                        TOTAL MONTH:   0.0 INCH    5 = HAIL
                        GRTST 24HR     0.0         6 = FREEZING RAIN OR DRIZZLE
                        GRTST DEPTH:   0           7 = DUSTSTORM OR SANDSTORM:
                                                       VSBY 1/2 MILE OR LESS
                                                   8 = SMOKE OR HAZE
[NO. OF DAYS WITH]      [WEATHER - DAYS WITH]      9 = BLOWING SNOW
                                                   X = TORNADO
MAX 32 OR BELOW:   0    0.01 INCH OR MORE:   0
MAX 90 OR ABOVE:   6    0.10 INCH OR MORE:   0
MIN 32 OR BELOW:   0    0.50 INCH OR MORE:   0
MIN  0 OR BELOW:   0    1.00 INCH OR MORE:   0

[HDD (BASE 65) ]
TOTAL THIS MO.     7    CLEAR  (SCALE 0-3)  24
DPTR FM NORMAL   -25    PTCLDY (SCALE 4-7)   0
TOTAL FM JUL 1   911    CLOUDY (SCALE 8-10)  0
DPTR FM NORMAL  -375

[CDD (BASE 65) ]
TOTAL THIS MO.   150
DPTR FM NORMAL    35    [PRESSURE DATA]
TOTAL FM JAN 1   278    HIGHEST SLP M ON M
DPTR FM NORMAL   110    LOWEST  SLP 29.54 ON 24

[REMARKS]
