000
CXUS54 KMAF 301100
CF6E38
PRELIMINARY LOCAL CLIMATOLOGICAL DATA (WS FORM: F-6)

                                          STATION:   Alpine-Casparis Municipal
                                          MONTH:     AUGUST
                                          YEAR:      2014
                                          LATITUDE:   30 23 N
                                          LONGITUDE: 103 41 W

  TEMPERATURE IN F:       :PCPN:    SNOW:  WIND      :SUNSHINE: SKY     :PK WND
================================================================================
1   2   3   4   5  6A  6B    7    8   9   10  11  12  13   14  15   16   17  18
                                     12Z  AVG MX 2MIN
DY MAX MIN AVG DEP HDD CDD  WTR  SNW DPTH SPD SPD DIR MIN PSBL S-S WX    SPD DR
================================================================================

 1  81  63  72   M   0   7 0.15  0.0    0  6.9 16  40   M    M   6        20  40
 2  82  62  72   M   0   7 0.22  0.0    0  4.9 22  60   M    M   5 3      30  60
 3  85  64  75   M   0  10 0.00  0.0    0  4.8 14 120   M    M   5        17 120
 4  87  61  74   M   0   9 0.00  0.0    0  4.2 13  80   M    M   1        18  80
 5  89  64  77   M   0  12 0.00  0.0    0  5.3 10 150   M    M   2        18 160
 6  93  68  81   M   0  16 0.00  0.0    0  6.1 17 260   M    M   2 3       M  M
 7  96  68  82   M   0  17 0.00  0.0    0  5.8 12 220   M    M   1        17 220
 8  92  62  77   M   0  12 0.00  0.0    0  4.7 14 140   M    M   2        21 140
 9  92  69  81   M   0  16 0.00  0.0    0  7.2 14 330   M    M   2        22 310
10  89  61  75   M   0  10 0.87  0.0    0  5.4 15  20   M    M   4 3      21  20
11  86  67  77   M   0  12 0.03  0.0    0  5.0 24  50   M    M   6        30  50
12  87  64  76   M   0  11 0.00  0.0    0  5.1 17 150   M    M   3 3      24 150
13  89  62  76   M   0  11 0.00  0.0    0  6.5 16 160   M    M   2        24 160
14  89  65  77   M   0  12 0.00  0.0    0  7.2 14  90   M    M   2        20  90
15  91  65  78   M   0  13 0.00  0.0    0  7.4 14 110   M    M   2        22 330
16  91  66  79   M   0  14 0.13  0.0    0  4.2 10 360   M    M   3 3      16 130
17  88  63  76   M   0  11 0.30  0.0    0  5.5 23  20   M    M   5 3      29  20
18  85  61  73   M   0   8 0.00  0.0    0  4.4 16 260   M    M   2 3       M  M
19  86  65  76   M   0  11 0.54  0.0    0  7.2 28 170   M    M   2 3      35 170
20  87  68  78   M   0  13 0.37  0.0    0  7.6 16 150   M    M   3 3      30 150
21  88  69  79   M   0  14 0.00  0.0    0  7.4 16 130   M    M   2        23 130
22  89  67  78   M   0  13 0.13  0.0    0  7.4 12 230   M    M   3 3      27 230
23  89  64  77   M   0  12 0.00  0.0    0  4.0 10 220   M    M   3         M  M
24  91  66  79   M   0  14 0.00  0.0    0  5.0 10 270   M    M   2 3       M  M
25  91  64  78   M   0  13 0.00  0.0    0  5.8 12 330   M    M   1         M  M
26  91  61  76   M   0  11 0.00  0.0    0  4.6 14 130   M    M   1        18 130
27  91  63  77   M   0  12 0.00  0.0    0  4.4 13  80   M    M   2        16  80
28  92  64  78   M   0  13 0.00  0.0    0  7.0 15  80   M    M   2 3       M  M
29  92  64  78   M   0  13 0.00  0.0    0  7.3 14 360   M    M   1        23 360
================================================================================
SM 2579 1870         0 347  2.74     0.0 168.3          M       77
================================================================================
AV 88.9 64.5                               5.8 FASTST   M    M   3    MAX(MPH)
                                 MISC ---->    28   M               # 35  170
================================================================================
NOTES:
# LAST OF SEVERAL OCCURRENCES

COLUMN 17 PEAK WIND IN M.P.H.

PRELIMINARY LOCAL CLIMATOLOGICAL DATA (WS FORM: F-6) , PAGE 2

                                          STATION:  Alpine-Casparis Municipal
                                          MONTH:    AUGUST
                                          YEAR:     2014
                                          LATITUDE:   30 23 N
                                          LONGITUDE: 103 41 W

[TEMPERATURE DATA]      [PRECIPITATION DATA]       SYMBOLS USED IN COLUMN 16

AVERAGE MONTHLY: 76.7   TOTAL FOR MONTH:   2.74    1 = FOG OR MIST
DPTR FM NORMAL:     M   DPTR FM NORMAL:       M    2 = FOG REDUCING VISIBILITY
HIGHEST:    96 ON  7    GRTST 24HR  0.87 ON 10-10      TO 1/4 MILE OR LESS
LOWEST:     61 ON 26,18                            3 = THUNDER
                        SNOW, ICE PELLETS, HAIL    4 = ICE PELLETS
                        TOTAL MONTH:   0.0 INCH    5 = HAIL
                        GRTST 24HR     0.0         6 = FREEZING RAIN OR DRIZZLE
                        GRTST DEPTH:   0           7 = DUSTSTORM OR SANDSTORM:
                                                       VSBY 1/2 MILE OR LESS
                                                   8 = SMOKE OR HAZE
[NO. OF DAYS WITH]      [WEATHER - DAYS WITH]      9 = BLOWING SNOW
                                                   X = TORNADO
MAX 32 OR BELOW:   0    0.01 INCH OR MORE:   9
MAX 90 OR ABOVE:  12    0.10 INCH OR MORE:   8
MIN 32 OR BELOW:   0    0.50 INCH OR MORE:   2
MIN  0 OR BELOW:   0    1.00 INCH OR MORE:   0

[HDD (BASE 65) ]
TOTAL THIS MO.     0    CLEAR  (SCALE 0-3)  23
DPTR FM NORMAL     M    PTCLDY (SCALE 4-7)   6
TOTAL FM JUL 1     0    CLOUDY (SCALE 8-10)  0
DPTR FM NORMAL     M

[CDD (BASE 65) ]
TOTAL THIS MO.   347
DPTR FM NORMAL     M    [PRESSURE DATA]
TOTAL FM JAN 1  1573    HIGHEST SLP M ON M
DPTR FM NORMAL     M    LOWEST  SLP M ON M

[REMARKS]
