000
CXUS53 KGID 180730
CF6EAR
PRELIMINARY LOCAL CLIMATOLOGICAL DATA (WS FORM: F-6)

                                          STATION:   KEARNEY
                                          MONTH:     DECEMBER
                                          YEAR:      2014
                                          LATITUDE:   40 43 N
                                          LONGITUDE:  99  0 W

  TEMPERATURE IN F:       :PCPN:    SNOW:  WIND      :SUNSHINE: SKY     :PK WND
================================================================================
1   2   3   4   5  6A  6B    7    8   9   10  11  12  13   14  15   16   17  18
                                     12Z  AVG MX 2MIN
DY MAX MIN AVG DEP HDD CDD  WTR  SNW DPTH SPD SPD DIR MIN PSBL S-S WX    SPD DR
================================================================================

 1  27  12  20 -10  45   0 0.00    M    M 11.4 17 170   M    M   4        21 170
 2  57  16  37   8  28   0 0.00    M    M 13.7 20 190   M    M   0        25 190
 3  37  19  28  -1  37   0 0.00    M    M  7.9 10 120   M    M   1         M  M
 4  48  18  33   5  32   0 0.00    M    M  9.6 20 170   M    M   0        20 170
 5  54  28  41  13  24   0 0.00    M    M  8.9 20 340   M    M   0         M  M
 6  45  19  32   4  33   0 0.00    M    M  6.5 15 130   M    M   1         M  M
 7  45  28  37  10  28   0 0.00    M    M 10.3 16 170   M    M   6        20 150
 8  57  25  41  14  24   0 0.00    M    M  8.7 12 320   M    M   0         M  M
 9  36  18  27   0  38   0 0.00    M    M  5.9  9 160   M    M   1         M  M
10  39  18  29   2  36   0 0.00    M    M  6.7 12 150   M    M   7         M  M
11  39  32  36  10  29   0 0.00    M    M 10.7 17 180   M    M  10        17 170
12  50  39  45  19  20   0 0.00    M    M 12.7 21 170   M    M  10        23 180
13  54  46  50  24  15   0 0.00    M    M 13.0 21 160   M    M  10        27 160
14  57  36  47  21  18   0 0.37    M    M 16.9 25 330   M    M  10 3      31 330
15  36  27  32   6  33   0    M    M    M 24.4 38 320   M    M  10        47 320
16  27  21  24  -1  41   0 0.00    M    M 13.0 27 310   M    M  10        36 310
17  25  19  22  -3  43   0 0.00    M    M  7.0  9  90   M    M  10         M  M
================================================================================
SM  733  421       524   0  0.37    M    187.3          M       90
================================================================================
AV 43.1 24.8                              11.0 FASTST   M    M   5    MAX(MPH)
                                 MISC ---->  # 38 320                 47    M
================================================================================
NOTES:
# LAST OF SEVERAL OCCURRENCES

COLUMN 17 PEAK WIND IN M.P.H.

PRELIMINARY LOCAL CLIMATOLOGICAL DATA (WS FORM: F-6) , PAGE 2

                                          STATION:  KEARNEY
                                          MONTH:    DECEMBER
                                          YEAR:     2014
                                          LATITUDE:   40 43 N
                                          LONGITUDE:  99  0 W

[TEMPERATURE DATA]      [PRECIPITATION DATA]       SYMBOLS USED IN COLUMN 16

AVERAGE MONTHLY: 33.9   TOTAL FOR MONTH:   0.37    1 = FOG OR MIST
DPTR FM NORMAL:   6.9   DPTR FM NORMAL:    0.02    2 = FOG REDUCING VISIBILITY
HIGHEST:    57 ON 14, 8 GRTST 24HR  0.37 ON 14-14      TO 1/4 MILE OR LESS
LOWEST:     12 ON  1                               3 = THUNDER
                        SNOW, ICE PELLETS, HAIL    4 = ICE PELLETS
                        TOTAL MONTH:    M          5 = HAIL
                        GRTST 24HR    M  ON   M    6 = FREEZING RAIN OR DRIZZLE
                        GRTST DEPTH:  M  ON   M    7 = DUSTSTORM OR SANDSTORM:
                                                       VSBY 1/2 MILE OR LESS
                                                   8 = SMOKE OR HAZE
[NO. OF DAYS WITH]      [WEATHER - DAYS WITH]      9 = BLOWING SNOW
                                                   X = TORNADO
MAX 32 OR BELOW:   3    0.01 INCH OR MORE:   1
MAX 90 OR ABOVE:   0    0.10 INCH OR MORE:   1
MIN 32 OR BELOW:  14    0.50 INCH OR MORE:   0
MIN  0 OR BELOW:   0    1.00 INCH OR MORE:   0

[HDD (BASE 65) ]
TOTAL THIS MO.   524    CLEAR  (SCALE 0-3)   7
DPTR FM NORMAL  -121    PTCLDY (SCALE 4-7)   3
TOTAL FM JUL 1  1929    CLOUDY (SCALE 8-10)  7
DPTR FM NORMAL  -149

[CDD (BASE 65) ]
TOTAL THIS MO.     0
DPTR FM NORMAL     0    [PRESSURE DATA]
TOTAL FM JAN 1   914    HIGHEST SLP M ON M
DPTR FM NORMAL    43    LOWEST  SLP M ON M

[REMARKS]
