000
CXUS55 KEAX 230736
CF6EAX
PRELIMINARY LOCAL CLIMATOLOGICAL DATA (WS FORM: F-6)

                                          STATION:   Pleasant Hill NWS MO
                                          MONTH:     APRIL
                                          YEAR:      2014
                                          LATITUDE:   38 48 N
                                          LONGITUDE:  94 16 W

  TEMPERATURE IN F:       :PCPN:    SNOW:  WIND      :SUNSHINE: SKY     :PK WND
================================================================================
1   2   3   4   5  6A  6B    7    8   9   10  11  12  13   14  15   16   17  18
                                     12Z  AVG MX 2MIN
DY MAX MIN AVG DEP HDD CDD  WTR  SNW DPTH SPD SPD DIR MIN PSBL S-S WX    SPD DR
================================================================================

 1  55  29  42  -7  23   0    T  0.0    0   M   M   M   0    0   0 3       0   0
 2  54  43  49   0  16   0 1.61  0.0    0   M   M   M   0    0   0         0   0
 3  73  41  57   7   8   0 0.14  0.0    0   M   M   M   0    0   0 3       0   0
 4  44  37  41  -9  24   0 0.00  0.0    0   M   M   M   0    0   0         0   0
 5  57  29  43  -7  22   0 0.00  0.0    0   M   M   M   0    0   0         0   0
 6  61  44  53   2  12   0 0.00  0.0    0   M   M   M   0    0   0         0   0
 7  65  45  55   4  10   0 0.00  0.0    0   M   M   M   0    0   0         0   0
 8  58  43  51   0  14   0    T  0.0    0   M   M   M   0    0   0         0   0
 9  72  37  55   3  10   0 0.00  0.0    0   M   M   M   0    0   0         0   0
10  69  51  60   8   5   0 0.00  0.0    0   M   M   M   0    0   0         M  M
11  76  48  62  10   3   0 0.00  0.0    0   M   M   M   0    0   0         0   0
12  82  57  70  17   0   5 0.00  0.0    0   M   M   M   0    0   0         0   0
13  70  38  54   1  11   0 1.26  0.0    0   M   M   M   0    0   0 35      0   0
14  43  30  37 -16  28   0 0.02    T    0   M   M   M   0    0   0         0   0
15  54  29  42 -12  23   0 0.00  0.0    0   M   M   M   0    0   0         0   0
16  64  40  52  -2  13   0 0.00  0.0    0   M   M   M   0    0   0         0   0
17  48  38  43 -11  22   0    T  0.0    0   M   M   M   0    0   0         0   0
18  68  35  52  -3  13   0 0.00  0.0    0   M   M   M   0    0   0         0   0
19  76  48  62   7   3   0 0.00  0.0    0   M   M   M   0    0   0         0   0
20  77  54  66  11   0   1    T  0.0    0   M   M   M   0    0   0         0   0
21  72  58  65   9   0   0 0.05  0.0    0   M   M   M   0    0   0         0   0
22  69  47  58   2   7   0 0.00  0.0    0   M   M   M   0    0   0         0   0
================================================================================
SM 1407  921       267   6  3.08    T        M            0      0
================================================================================
AV 64.0 41.9                                 M FASTST    0   0   0    MAX(MPH)
                                 MISC ---->     M   M               #  0    0
================================================================================
NOTES:
# LAST OF SEVERAL OCCURRENCES

COLUMN 17 PEAK WIND IN M.P.H.

PRELIMINARY LOCAL CLIMATOLOGICAL DATA (WS FORM: F-6) , PAGE 2

                                          STATION:  Pleasant Hill NWS MO
                                          MONTH:    APRIL
                                          YEAR:     2014
                                          LATITUDE:   38 48 N
                                          LONGITUDE:  94 16 W

[TEMPERATURE DATA]      [PRECIPITATION DATA]       SYMBOLS USED IN COLUMN 16

AVERAGE MONTHLY: 52.9   TOTAL FOR MONTH:   3.08    1 = FOG OR MIST
DPTR FM NORMAL:   0.4   DPTR FM NORMAL:    0.33    2 = FOG REDUCING VISIBILITY
HIGHEST:    82 ON 12    GRTST 24HR  1.61 ON  2- 2      TO 1/4 MILE OR LESS
LOWEST:     29 ON 15, 5                            3 = THUNDER
                        SNOW, ICE PELLETS, HAIL    4 = ICE PELLETS
                        TOTAL MONTH:    T          5 = HAIL
                        GRTST 24HR    T  ON 14-14  6 = FREEZING RAIN OR DRIZZLE
                        GRTST DEPTH:   0           7 = DUSTSTORM OR SANDSTORM:
                                                       VSBY 1/2 MILE OR LESS
                                                   8 = SMOKE OR HAZE
[NO. OF DAYS WITH]      [WEATHER - DAYS WITH]      9 = BLOWING SNOW
                                                   X = TORNADO
MAX 32 OR BELOW:   0    0.01 INCH OR MORE:   5
MAX 90 OR ABOVE:   0    0.10 INCH OR MORE:   3
MIN 32 OR BELOW:   4    0.50 INCH OR MORE:   2
MIN  0 OR BELOW:   0    1.00 INCH OR MORE:   2

[HDD (BASE 65) ]
TOTAL THIS MO.   267    CLEAR  (SCALE 0-3)  22
DPTR FM NORMAL   -14    PTCLDY (SCALE 4-7)   0
TOTAL FM JUL 1  5431    CLOUDY (SCALE 8-10)  0
DPTR FM NORMAL   458

[CDD (BASE 65) ]
TOTAL THIS MO.     6
DPTR FM NORMAL     5    [PRESSURE DATA]
TOTAL FM JAN 1     6    HIGHEST SLP  0.00 ON M
DPTR FM NORMAL     4    LOWEST  SLP  0.00 ON M

[REMARKS]
