000
CXUS55 KEAX 290736
CF6EAX
PRELIMINARY LOCAL CLIMATOLOGICAL DATA (WS FORM: F-6)

                                          STATION:   Pleasant Hill NWS MO
                                          MONTH:     JULY
                                          YEAR:      2014
                                          LATITUDE:   38 48 N
                                          LONGITUDE:  94 16 W

  TEMPERATURE IN F:       :PCPN:    SNOW:  WIND      :SUNSHINE: SKY     :PK WND
================================================================================
1   2   3   4   5  6A  6B    7    8   9   10  11  12  13   14  15   16   17  18
                                     12Z  AVG MX 2MIN
DY MAX MIN AVG DEP HDD CDD  WTR  SNW DPTH SPD SPD DIR MIN PSBL S-S WX    SPD DR
================================================================================

 1  82  67  75  -2   0  10 0.01  0.0    0   M   M   M   0    0   0         0   0
 2  73  56  65 -12   0   0 0.00  0.0    0   M   M   M   0    0   0         0   0
 3  78  54  66 -11   0   1 0.00  0.0    0   M   M   M   0    0   0         0   0
 4  80  59  70  -7   0   5 0.00  0.0    0   M   M   M   0    0   0         0   0
 5  82  65  74  -3   0   9 0.01  0.0    0   M   M   M   0    0   0         0   0
 6  84  64  74  -3   0   9 2.67  0.0    0   M   M   M   0    0   0         0   0
 7  89  65  77  -1   0  12 1.61  0.0    0   M   M   M   0    0   0         0   0
 8  82  65  74  -4   0   9 0.11  0.0    0   M   M   M   0    0   0         0   0
 9  83  62  73  -5   0   8 0.00  0.0    0   M   M   M   0    0   0         0   0
10  83  64  74  -4   0   9 0.00  0.0    0   M   M   M   0    0   0         0   0
11  87  65  76  -2   0  11 0.00  0.0    0   M   M   M   0    0   0         0   0
12  90  71  81   3   0  16 0.00  0.0    0   M   M   M   0    0   0         0   0
13  84  70  77  -1   0  12 0.12  0.0    0   M   M   M   0    0   0 8       0   0
14  80  62  71  -7   0   6 0.09  0.0    0   M   M   M   0    0   0         0   0
15  73  53  63 -15   2   0 0.00  0.0    0   M   M   M   0    0   0         0   0
16  76  54  65 -13   0   0 0.00  0.0    0   M   M   M   0    0   0         0   0
17  76  57  67 -11   0   2 0.00  0.0    0   M   M   M   0    0   0         0   0
18  78  62  70  -8   0   5 0.00  0.0    0   M   M   M   0    0   0         0   0
19  80  59  70  -8   0   5 0.00  0.0    0   M   M   M   0    0   0         0   0
20  82  61  72  -6   0   7 0.00  0.0    0   M   M   M   0    0   0         0   0
21  89  67  78   0   0  13 0.00  0.0    0   M   M   M   0    0   0         0   0
22  93  71  82   4   0  17 0.00  0.0    0   M   M   M   0    0   0         0   0
23  85  69  77  -1   0  12 0.00  0.0    0   M   M   M   0    0   0         0   0
24  81  63  72  -6   0   7 0.00  0.0    0   M   M   M   0    0   0         0   0
25  91  67  79   1   0  14 0.00  0.0    0   M   M   M   0    0   0         0   0
26  89  75  82   4   0  17 0.06  0.0    0   M   M   M   0    0   0         0   0
27  86  68  77  -1   0  12 0.00  0.0    0   M   M   M   0    0   0         0   0
28  79  60  70  -8   0   5 0.00  0.0    0   M   M   M   0    0   0         0   0
================================================================================
SM 2315 1775         2 233  4.68     0.0     M            0      0
================================================================================
AV 82.7 63.4                                 M FASTST    0   0   0    MAX(MPH)
                                 MISC ---->     M   M               #  0    0
================================================================================
NOTES:
# LAST OF SEVERAL OCCURRENCES

COLUMN 17 PEAK WIND IN M.P.H.

PRELIMINARY LOCAL CLIMATOLOGICAL DATA (WS FORM: F-6) , PAGE 2

                                          STATION:  Pleasant Hill NWS MO
                                          MONTH:    JULY
                                          YEAR:     2014
                                          LATITUDE:   38 48 N
                                          LONGITUDE:  94 16 W

[TEMPERATURE DATA]      [PRECIPITATION DATA]       SYMBOLS USED IN COLUMN 16

AVERAGE MONTHLY: 73.0   TOTAL FOR MONTH:   4.68    1 = FOG OR MIST
DPTR FM NORMAL:  -4.8   DPTR FM NORMAL:    0.86    2 = FOG REDUCING VISIBILITY
HIGHEST:    93 ON 22    GRTST 24HR  2.67 ON  6- 6      TO 1/4 MILE OR LESS
LOWEST:     53 ON 15                               3 = THUNDER
                        SNOW, ICE PELLETS, HAIL    4 = ICE PELLETS
                        TOTAL MONTH:   0.0 INCH    5 = HAIL
                        GRTST 24HR     0.0         6 = FREEZING RAIN OR DRIZZLE
                        GRTST DEPTH:   0           7 = DUSTSTORM OR SANDSTORM:
                                                       VSBY 1/2 MILE OR LESS
                                                   8 = SMOKE OR HAZE
[NO. OF DAYS WITH]      [WEATHER - DAYS WITH]      9 = BLOWING SNOW
                                                   X = TORNADO
MAX 32 OR BELOW:   0    0.01 INCH OR MORE:   8
MAX 90 OR ABOVE:   3    0.10 INCH OR MORE:   4
MIN 32 OR BELOW:   0    0.50 INCH OR MORE:   2
MIN  0 OR BELOW:   0    1.00 INCH OR MORE:   2

[HDD (BASE 65) ]
TOTAL THIS MO.     2    CLEAR  (SCALE 0-3)  28
DPTR FM NORMAL     2    PTCLDY (SCALE 4-7)   0
TOTAL FM JUL 1     2    CLOUDY (SCALE 8-10)  0
DPTR FM NORMAL     2

[CDD (BASE 65) ]
TOTAL THIS MO.   233
DPTR FM NORMAL  -125    [PRESSURE DATA]
TOTAL FM JAN 1   627    HIGHEST SLP  0.00 ON M
DPTR FM NORMAL   -80    LOWEST  SLP  0.00 ON M

[REMARKS]
