000
CXUS52 KTAE 250800
CF6ECP
PRELIMINARY LOCAL CLIMATOLOGICAL DATA (WS FORM: F-6)

                                          STATION:   PANAMA CITY NW
                                          MONTH:     DECEMBER
                                          YEAR:      2014
                                          LATITUDE:   30 21 N
                                          LONGITUDE:  85 48 W

  TEMPERATURE IN F:       :PCPN:    SNOW:  WIND      :SUNSHINE: SKY     :PK WND
================================================================================
1   2   3   4   5  6A  6B    7    8   9   10  11  12  13   14  15   16   17  18
                                     12Z  AVG MX 2MIN
DY MAX MIN AVG DEP HDD CDD  WTR  SNW DPTH SPD SPD DIR MIN PSBL S-S WX    SPD DR
================================================================================

 1  78  48  63   M   2   0 0.00  0.0    0  2.8 10  20   M    M   1        22 270
 2  78  51  65   M   0   0 0.00  0.0    0  4.4 16 200   M    M   3        53 170
 3  79  56  68   M   0   3 0.00  0.0    0  1.8  9 180   M    M   2 1       M  M
 4  78  54  66   M   0   1 0.00  0.0    0  2.8  9  90   M    M   0         M  M
 5  78  54  66   M   0   1 0.00  0.0    0  4.3 13 100   M    M   2         M  M
 6  74  60  67   M   0   2 0.01  0.0    0  3.7 30 200   M    M   8 128    32 200
 7  66  50  58   M   7   0 0.00  0.0    0 10.0 18  20   M    M   4        25 360
 8  60  40  50   M  15   0 0.00  0.0    0  6.3 13  20   M    M   5        17  60
 9  63  36  50   M  15   0 0.00  0.0    0  4.9 21 330   M    M   0        26 330
10  58  35  47   M  18   0 0.00  0.0    0  6.2 13 340   M    M   0        20  50
11  59  34  47   M  18   0 0.00  0.0    0  4.1 12 340   M    M   0 8      18 230
12  66  33  50   M  15   0 0.00  0.0    0  3.6 14 320   M    M   0        17 330
13  68  34  51   M  14   0 0.00  0.0    0  4.1 14 320   M    M   0        22  20
14  67  34  51   M  14   0 0.00  0.0    0  3.0 10 260   M    M   0 18      M  M
15  67  35  51   M  14   0 0.00    M    0  2.5 12 170   M    M   0 1      14 160
16  74  45  60   M   5   0 0.03    M    0  7.9 18 250   M    M   2 18     31 210
17  62  35  49   M  16   0 0.00  0.0    0  2.9 10 190   M    M   0 8      14 170
18  65  40  53   M  12   0 0.00  0.0    0  2.3  9 150   M    M   0        20 160
19  58  45  52   M  13   0 0.53    M    0  4.0 22 360   M    M   7 1       M 340
20  55  49  52   M  13   0 0.07    M    0  8.2 15  10   M    M  10 1       M  90
21  57  54  56   M   9   0 0.03  0.0    0  5.8 25 360   M    M  10 1       M  M
22  67  55  61   M   4   0 0.42  0.0    0  3.5 12  90   M    M  10 12     23  30
23  73  64  69   M   0   4 2.29  0.0    0  8.2 29 140   M    M  10 123    41 150
24  75  53  64   M   1   0 1.04  0.0    0 11.9 29 220   M    M   7 138    36 220
================================================================================
SM 1625 1094       205  11  4.42     0.0 119.2          M       81
================================================================================
AV 67.7 45.6                               5.0 FASTST   M    M   3    MAX(MPH)
                                 MISC ---->  # 30 200               # 53  170
================================================================================
NOTES:
# LAST OF SEVERAL OCCURRENCES

COLUMN 17 PEAK WIND IN M.P.H.

PRELIMINARY LOCAL CLIMATOLOGICAL DATA (WS FORM: F-6) , PAGE 2

                                          STATION:  PANAMA CITY NW
                                          MONTH:    DECEMBER
                                          YEAR:     2014
                                          LATITUDE:   30 21 N
                                          LONGITUDE:  85 48 W

[TEMPERATURE DATA]      [PRECIPITATION DATA]       SYMBOLS USED IN COLUMN 16

AVERAGE MONTHLY: 56.6   TOTAL FOR MONTH:   4.42    1 = FOG OR MIST
DPTR FM NORMAL:     M   DPTR FM NORMAL:       M    2 = FOG REDUCING VISIBILITY
HIGHEST:    79 ON  3    GRTST 24HR  3.11 ON 23-24      TO 1/4 MILE OR LESS
LOWEST:     33 ON 12                               3 = THUNDER
                        SNOW, ICE PELLETS, HAIL    4 = ICE PELLETS
                        TOTAL MONTH:   0.0 INCH    5 = HAIL
                        GRTST 24HR     0.0         6 = FREEZING RAIN OR DRIZZLE
                        GRTST DEPTH:   0           7 = DUSTSTORM OR SANDSTORM:
                                                       VSBY 1/2 MILE OR LESS
                                                   8 = SMOKE OR HAZE
[NO. OF DAYS WITH]      [WEATHER - DAYS WITH]      9 = BLOWING SNOW
                                                   X = TORNADO
MAX 32 OR BELOW:   0    0.01 INCH OR MORE:   8
MAX 90 OR ABOVE:   0    0.10 INCH OR MORE:   4
MIN 32 OR BELOW:   0    0.50 INCH OR MORE:   3
MIN  0 OR BELOW:   0    1.00 INCH OR MORE:   2

[HDD (BASE 65) ]
TOTAL THIS MO.   205    CLEAR  (SCALE 0-3)  15
DPTR FM NORMAL     M    PTCLDY (SCALE 4-7)   5
TOTAL FM JUL 1   492    CLOUDY (SCALE 8-10)  4
DPTR FM NORMAL     M

[CDD (BASE 65) ]
TOTAL THIS MO.    11
DPTR FM NORMAL     M    [PRESSURE DATA]
TOTAL FM JAN 1  2589    HIGHEST SLP M ON M
DPTR FM NORMAL     M    LOWEST  SLP 29.64 ON 24

[REMARKS]
