000
CXUS54 KEWX 280910
CF6ECU
PRELIMINARY LOCAL CLIMATOLOGICAL DATA (WS FORM: F-6)

                                          STATION:   Edwards County Airport
                                          MONTH:     APRIL
                                          YEAR:      2016
                                          LATITUDE:   29 57 N
                                          LONGITUDE: 100 10 W

  TEMPERATURE IN F:       :PCPN:    SNOW:  WIND      :SUNSHINE: SKY     :PK WND
================================================================================
1   2   3   4   5  6A  6B    7    8   9   10  11  12  13   14  15   16   17  18
                                     12Z  AVG MX 2MIN
DY MAX MIN AVG DEP HDD CDD  WTR  SNW DPTH SPD SPD DIR MIN PSBL S-S WX    SPD DR
================================================================================

 1  63  43  53   M  12   0 0.30    M    0  9.4 15  30   M    M   5 3      23  30
 2  66  39  53   M  12   0 0.00  0.0    0  4.5 10 310   M    M   0         M  M
 3  73  50  62   M   3   0 0.00  0.0    0  3.3 13 190   M    M   0 8      17 190
 4  81  48  65   M   0   0 0.00  0.0    0  3.7 12 180   M    M   0        16 190
 5  79  52  66   M   0   1 0.00  0.0    0  8.0 15 170   M    M   0        22 150
 6  77  55  66   M   0   1 0.00  0.0    0  8.1 17 160   M    M   1        27 160
 7  81  52  67   M   0   2 0.00  0.0    0  3.7 12 200   M    M   0        20 170
 8  75  57  66   M   0   1 0.00    M    0  4.9 13 140   M    M   1        20 140
 9  66  55  61   M   4   0 0.01    M    0 11.7 17 160   M    M   7 1      23 150
10  75  61  68   M   0   3 0.01  0.0    0 15.3 21 160   M    M   7 123    27 160
11  84  64  74   M   0   9 0.00    M    0  6.7 21 160   M    M   0        28 160
12  68  57  63   M   2   0 0.41  0.0    0  9.8 14  40   M    M   7 3      27  10
13  73  57  65   M   0   0 0.00  0.0    0  5.5 12  50   M    M   5 1      17  60
14  81  55  68   M   0   3 0.00    M    0  3.5  9 170   M    M   3 12     16 130
15  75  55  65   M   0   0 0.00    M    0 13.3 20 150   M    M   4 1      27 160
16  77  63  70   M   0   5 0.00  0.0    0 15.7 18 140   M    M   8 12     31 140
17  73  59  66   M   0   1 1.52  0.0    0  8.3 16 160   M    M   8 1      27 150
18  70  61  66   M   0   1 0.11  0.0    0  8.0 14  50   M    M  10 12     22  50
19  77  61  69   M   0   4 0.00  0.0    0  5.8 13 150   M    M   7        18 150
20  77  61  69   M   0   4 0.00  0.0    0  6.0 15 150   M    M   5        20 150
21  81  57  69   M   0   4 0.01    M    M  5.9 15 160   M    M   4 1      21 160
22  81  55  68   M   0   3 0.00    M    M  0.3  7  80   M    M   1         M  M
23  77  57  67   M   0   2 0.00    M    0  4.5 14 160   M    M   1        20 160
24  77  61  69   M   0   4 0.00  0.0    0  7.4 14 170   M    M   5        23 160
25  84  64  74   M   0   9 0.00  0.0    0  7.6 16 150   M    M   5 1      22 150
26  81  66  74   M   0   9 0.00  0.0    0 12.8 18 160   M    M   5 18     24 160
27  84  57  71   M   0   6 0.04  0.0    0  3.7 22 340   M    M   1 3      44 340
================================================================================
SM 2056 1522        33  72  2.41     0.0 197.4          M      100
================================================================================
AV 76.1 56.4                               7.3 FASTST   M    M   4    MAX(MPH)
                                 MISC ---->    22   M                 44    M
================================================================================
NOTES:
# LAST OF SEVERAL OCCURRENCES

COLUMN 17 PEAK WIND IN M.P.H.

PRELIMINARY LOCAL CLIMATOLOGICAL DATA (WS FORM: F-6) , PAGE 2

                                          STATION:  Edwards County Airport
                                          MONTH:    APRIL
                                          YEAR:     2016
                                          LATITUDE:   29 57 N
                                          LONGITUDE: 100 10 W

[TEMPERATURE DATA]      [PRECIPITATION DATA]       SYMBOLS USED IN COLUMN 16

AVERAGE MONTHLY: 66.3   TOTAL FOR MONTH:   2.41    1 = FOG OR MIST
DPTR FM NORMAL:     M   DPTR FM NORMAL:       M    2 = FOG REDUCING VISIBILITY
HIGHEST:    84 ON 27,25 GRTST 24HR  1.52 ON 17-17      TO 1/4 MILE OR LESS
LOWEST:     39 ON  2                               3 = THUNDER
                        SNOW, ICE PELLETS, HAIL    4 = ICE PELLETS
                        TOTAL MONTH:   0.0 INCH    5 = HAIL
                        GRTST 24HR     0.0         6 = FREEZING RAIN OR DRIZZLE
                        GRTST DEPTH:   0           7 = DUSTSTORM OR SANDSTORM:
                                                       VSBY 1/2 MILE OR LESS
                                                   8 = SMOKE OR HAZE
[NO. OF DAYS WITH]      [WEATHER - DAYS WITH]      9 = BLOWING SNOW
                                                   X = TORNADO
MAX 32 OR BELOW:   0    0.01 INCH OR MORE:   8
MAX 90 OR ABOVE:   0    0.10 INCH OR MORE:   4
MIN 32 OR BELOW:   0    0.50 INCH OR MORE:   1
MIN  0 OR BELOW:   0    1.00 INCH OR MORE:   1

[HDD (BASE 65) ]
TOTAL THIS MO.    33    CLEAR  (SCALE 0-3)  12
DPTR FM NORMAL     M    PTCLDY (SCALE 4-7)  13
TOTAL FM JUL 1   663    CLOUDY (SCALE 8-10)  2
DPTR FM NORMAL     M

[CDD (BASE 65) ]
TOTAL THIS MO.    72
DPTR FM NORMAL     M    [PRESSURE DATA]
TOTAL FM JAN 1   130    HIGHEST SLP M ON M
DPTR FM NORMAL     M    LOWEST  SLP M ON M

[REMARKS]
