000
CXUS55 KVEF 300940
CF6EED
PRELIMINARY LOCAL CLIMATOLOGICAL DATA (WS FORM: F-6)

                                          STATION:   NEEDLES CA
                                          MONTH:     JUNE
                                          YEAR:      2015
                                          LATITUDE:   34 46 N
                                          LONGITUDE: 114 37 W

  TEMPERATURE IN F:       :PCPN:    SNOW:  WIND      :SUNSHINE: SKY     :PK WND
================================================================================
1   2   3   4   5  6A  6B    7    8   9   10  11  12  13   14  15   16   17  18
                                     12Z  AVG MX 2MIN
DY MAX MIN AVG DEP HDD CDD  WTR  SNW DPTH SPD SPD DIR MIN PSBL S-S WX    SPD DR
================================================================================

 1 106  80  93   7   0  28 0.00  0.0    0 10.7 25 200   M    M   0        31 200
 2 102  75  89   2   0  24 0.00  0.0    0  7.7 16 230   M    M   0        22 180
 3  99  77  88   1   0  23 0.00  0.0    0  9.3 21 250   M    M   0        27 210
 4  98  74  86  -1   0  21 0.00  0.0    0  9.2 22 190   M    M   0        31 220
 5  96  73  85  -3   0  20 0.00  0.0    0 11.5 26 210   M    M   0        35 230
 6  97  67  82  -6   0  17 0.00  0.0    0  6.2 17 110   M    M   0        23 110
 7 103  71  87  -1   0  22 0.00  0.0    0  5.2 14 240   M    M   0        17 130
 8 109  73  91   3   0  26 0.00  0.0    0  5.6 14  90   M    M   0        18 100
 9  95  74  85  -4   0  20 0.02  0.0    0 11.2 24 200   M    M   5        33 220
10 101  75  88  -1   0  23    T  0.0    0  9.4 23 190   M    M   4        28 180
11 103  80  92   3   0  27 0.00  0.0    0  6.1 15 290   M    M   0        19  40
12 109  81  95   5   0  30 0.00  0.0    0  5.4 16 260   M    M   0        20 230
13 110  85  98   8   0  33 0.19  0.0    0  5.2 12 170   M    M   0 3      17 260
14 112  78  95   5   0  30 0.00  0.0    0  6.9 17 230   M    M   0        24 190
15 115  85 100   9   0  35 0.00  0.0    0 10.0 23 220   M    M   0        29 230
16 115  85 100   9   0  35 0.00  0.0    0 10.1 24 240   M    M   0        33 220
17 118  83 101  10   0  36 0.00  0.0    0  9.0 25 250   M    M   0        34 250
18 114  86 100   8   0  35 0.00  0.0    0  9.9 26 280   M    M   0        32 250
19 114  81  98   6   0  33 0.00  0.0    0  7.7 20 200   M    M   1        27 200
20 117  83 100   8   0  35 0.00  0.0    0  9.1 21 200   M    M   0        30 190
21 113  87 100   8   0  35 0.00  0.0    0 10.4 20 210   M    M   0        27 170
22 112  85  99   6   0  34 0.00  0.0    0  7.2 18 210   M    M   0        28 200
23 113  87 100   7   0  35 0.00  0.0    0  7.2 15 170   M    M   0        19 200
24 117  84 101   8   0  36 0.00  0.0    0  7.3 23 260   M    M   1        31 260
25 112  85  99   5   0  34 0.00  0.0    0  8.0 17 110   M    M   0        22 110
26 117  89 103   9   0  38 0.00  0.0    0  7.7 22 280   M    M   0        25 280
27 113  89 101   7   0  36 0.00  0.0    0 10.0 20 220   M    M   0        25 220
28 113  93 103   9   0  38 0.00  0.0    0  7.6 24 170   M    M   0        31 170
29 115  91 103   8   0  38 0.00  0.0    0  7.8 20 220   M    M   0        27 200
================================================================================
SM 3158 2356         0 877  0.21     0.0 238.6          M       11
================================================================================
AV108.9 81.2                               8.2 FASTST   M    M   0    MAX(MPH)
                                 MISC ---->  # 26 210               # 35  230
================================================================================
NOTES:
# LAST OF SEVERAL OCCURRENCES

COLUMN 17 PEAK WIND IN M.P.H.

PRELIMINARY LOCAL CLIMATOLOGICAL DATA (WS FORM: F-6) , PAGE 2

                                          STATION:  NEEDLES CA
                                          MONTH:    JUNE
                                          YEAR:     2015
                                          LATITUDE:   34 46 N
                                          LONGITUDE: 114 37 W

[TEMPERATURE DATA]      [PRECIPITATION DATA]       SYMBOLS USED IN COLUMN 16

AVERAGE MONTHLY: 95.1   TOTAL FOR MONTH:   0.21    1 = FOG OR MIST
DPTR FM NORMAL:   4.5   DPTR FM NORMAL:    0.18    2 = FOG REDUCING VISIBILITY
HIGHEST:   118 ON 17    GRTST 24HR  0.19 ON 13-13      TO 1/4 MILE OR LESS
LOWEST:     67 ON  6                               3 = THUNDER
                        SNOW, ICE PELLETS, HAIL    4 = ICE PELLETS
                        TOTAL MONTH:   0.0 INCH    5 = HAIL
                        GRTST 24HR     0.0         6 = FREEZING RAIN OR DRIZZLE
                        GRTST DEPTH:   0           7 = DUSTSTORM OR SANDSTORM:
                                                       VSBY 1/2 MILE OR LESS
                                                   8 = SMOKE OR HAZE
[NO. OF DAYS WITH]      [WEATHER - DAYS WITH]      9 = BLOWING SNOW
                                                   X = TORNADO
MAX 32 OR BELOW:   0    0.01 INCH OR MORE:   2
MAX 90 OR ABOVE:  29    0.10 INCH OR MORE:   1
MIN 32 OR BELOW:   0    0.50 INCH OR MORE:   0
MIN  0 OR BELOW:   0    1.00 INCH OR MORE:   0

[HDD (BASE 65) ]
TOTAL THIS MO.     0    CLEAR  (SCALE 0-3)  27
DPTR FM NORMAL     0    PTCLDY (SCALE 4-7)   2
TOTAL FM JUL 1   641    CLOUDY (SCALE 8-10)  0
DPTR FM NORMAL  -530

[CDD (BASE 65) ]
TOTAL THIS MO.   877
DPTR FM NORMAL   136    [PRESSURE DATA]
TOTAL FM JAN 1  1896    HIGHEST SLP M ON M
DPTR FM NORMAL   326    LOWEST  SLP 29.45 ON 14

[REMARKS]
