000
CXUS56 KEKA 231211
CF6EKA
PRELIMINARY LOCAL CLIMATOLOGICAL DATA (WS FORM: F-6)

                                          STATION:   EUREKA CA
                                          MONTH:     SEPTEMBER
                                          YEAR:      2014
                                          LATITUDE:   40 47 N
                                          LONGITUDE: 124 10 W

  TEMPERATURE IN F:       :PCPN:    SNOW:  WIND      :SUNSHINE: SKY     :PK WND
================================================================================
1   2   3   4   5  6A  6B    7    8   9   10  11  12  13   14  15   16   17  18
                                     12Z  AVG MX 2MIN
DY MAX MIN AVG DEP HDD CDD  WTR  SNW DPTH SPD SPD DIR MIN PSBL S-S WX    SPD DR
================================================================================

 1  66  57  62   4   3   0 0.00  0.0    0  3.5  8 310   M    M   0 1      12  M
 2  65  54  60   2   5   0 0.00  0.0    0  4.4 10 360   M    M   6 1      18  M
 3  66  49  58   0   7   0 0.00  0.0    0  6.4 16  20   M    M   5 18     31  10
 4  66  46  56  -2   9   0 0.00  0.0    0  4.3 13 250   M    M   6 18     15  M
 5  62  49  56  -2   9   0 0.00  0.0    0  4.4 12  50   M    M   9 2      13  M
 6  63  53  58   0   7   0 0.00  0.0    0  3.8  9 320   M    M  10 1      13  M
 7  59  53  56  -2   9   0 0.00  0.0    0  4.4  8 320   M    M  10        14  M
 8  61  51  56  -2   9   0    T  0.0    0  4.0  9 260   M    M  10 1      20  M
 9  63  52  58   0   7   0 0.00  0.0    0  2.4  7 330   M    M   5 1      12  M
10  65  49  57  -1   8   0 0.00  0.0    0  3.3 12 320   M    M   3 28     14  M
11  69  49  59   1   6   0 0.00  0.0    0  3.7 12 290   M    M   5 2      14  M
12  63  48  56  -1   9   0 0.00  0.0    0  4.3 12 270   M    M   8 2      14  M
13  61  50  56  -1   9   0 0.00  0.0    0  2.5  7 300   M    M   5 2      13  M
14  61  50  56  -1   9   0 0.00  0.0    0  3.9  9 290   M    M   9 2      12  M
15  65  53  59   2   6   0 0.00  0.0    0  2.8  9 300   M    M   8 1      15  M
16  69  50  60   3   5   0 0.00  0.0    0  3.7  9 280   M    M   5        13  M
17  65  55  60   3   5   0 0.38  0.0    0  3.3  8 310   M    M  10 13     13  M
18  71  59  65   8   0   0    T  0.0    0  4.3 10  30   M    M   9 1      18  M
19  67  57  62   5   3   0 0.00  0.0    0  2.2  6 320   M    M   4 2      12  M
20  66  57  62   5   3   0 0.00  0.0    0  4.5  9  20   M    M   5 2      16  M
21  68  59  64   7   1   0 0.00  0.0    0  3.9 10 300   M    M   9 1      18  M
22  70  59  65   9   0   0 0.00  0.0    0  3.7 10 270   M    M   8        17  M
================================================================================
SM 1431 1159       129   0  0.38     0.0  83.7          M      149
================================================================================
AV 65.0 52.7                               3.8 FASTST   M    M   7    MAX(MPH)
                                 MISC ---->  # 16  20               # 31   10
================================================================================
NOTES:
# LAST OF SEVERAL OCCURRENCES

COLUMN 17 PEAK WIND IN M.P.H.

PRELIMINARY LOCAL CLIMATOLOGICAL DATA (WS FORM: F-6) , PAGE 2

                                          STATION:  EUREKA CA
                                          MONTH:    SEPTEMBER
                                          YEAR:     2014
                                          LATITUDE:   40 47 N
                                          LONGITUDE: 124 10 W

[TEMPERATURE DATA]      [PRECIPITATION DATA]       SYMBOLS USED IN COLUMN 16

AVERAGE MONTHLY: 58.9   TOTAL FOR MONTH:   0.38    1 = FOG OR MIST
DPTR FM NORMAL:   1.4   DPTR FM NORMAL:    0.00    2 = FOG REDUCING VISIBILITY
HIGHEST:    71 ON 18    GRTST 24HR  0.38 ON 17-17      TO 1/4 MILE OR LESS
LOWEST:     46 ON  4                               3 = THUNDER
                        SNOW, ICE PELLETS, HAIL    4 = ICE PELLETS
                        TOTAL MONTH:   0.0 INCH    5 = HAIL
                        GRTST 24HR     0.0         6 = FREEZING RAIN OR DRIZZLE
                        GRTST DEPTH:   0           7 = DUSTSTORM OR SANDSTORM:
                                                       VSBY 1/2 MILE OR LESS
                                                   8 = SMOKE OR HAZE
[NO. OF DAYS WITH]      [WEATHER - DAYS WITH]      9 = BLOWING SNOW
                                                   X = TORNADO
MAX 32 OR BELOW:   0    0.01 INCH OR MORE:   1
MAX 90 OR ABOVE:   0    0.10 INCH OR MORE:   1
MIN 32 OR BELOW:   0    0.50 INCH OR MORE:   0
MIN  0 OR BELOW:   0    1.00 INCH OR MORE:   0

[HDD (BASE 65) ]
TOTAL THIS MO.   129    CLEAR  (SCALE 0-3)   2
DPTR FM NORMAL   -38    PTCLDY (SCALE 4-7)  12
TOTAL FM JUL 1   492    CLOUDY (SCALE 8-10)  8
DPTR FM NORMAL  -101

[CDD (BASE 65) ]
TOTAL THIS MO.     0
DPTR FM NORMAL     0    [PRESSURE DATA]
TOTAL FM JAN 1     1    HIGHEST SLP M ON M
DPTR FM NORMAL     1    LOWEST  SLP M ON M

[REMARKS]
