000
CXUS54 KSHV 291300
CF6ELD
PRELIMINARY LOCAL CLIMATOLOGICAL DATA (WS FORM: F-6)

                                          STATION:   EL DORADO
                                          MONTH:     APRIL
                                          YEAR:      2016
                                          LATITUDE:   33 13 N
                                          LONGITUDE:  92 49 W

  TEMPERATURE IN F:       :PCPN:    SNOW:  WIND      :SUNSHINE: SKY     :PK WND
================================================================================
1   2   3   4   5  6A  6B    7    8   9   10  11  12  13   14  15   16   17  18
                                     12Z  AVG MX 2MIN
DY MAX MIN AVG DEP HDD CDD  WTR  SNW DPTH SPD SPD DIR MIN PSBL S-S WX    SPD DR
================================================================================

 1  65  46  56  -4   9   0 0.02  0.0    0  6.6 17 350   M    M   2        26 360
 2  67  40  54  -6  11   0 0.00  0.0    0  5.8 17 320   M    M   0        22 300
 3  75  38  57  -3   8   0 0.00  0.0    0  3.1 16 200   M    M   0        21 220
 4  82  42  62   1   3   0 0.00  0.0    0  4.9 14 190   M    M   0 8      23 210
 5  82  51  67   6   0   2 0.00  0.0    0  5.7 15  80   M    M   0 8      19 110
 6  76  50  63   2   2   0 0.00  0.0    0 10.5 25 210   M    M   2        35 210
 7  83  42  63   2   2   0 0.00  0.0    0  6.3 20 260   M    M   0        29 260
 8  73  43  58  -4   7   0 0.00  0.0    0  5.5 18 330   M    M   0        24 310
 9  74  42  58  -4   7   0    T  0.0    0  1.3 12  50   M    M   3        14  60
10  80  59  70   8   0   5 0.00  0.0    0 12.9 24 190   M    M   5        33 180
11  68  57  63   1   2   0 2.49  0.0    0  8.5 32 340   M    M   9 13     52 330
12  69  52  61  -1   4   0 0.00  0.0    0  8.9 20  50   M    M   3        26  30
13  65  52  59  -4   6   0 0.05  0.0    0  5.2 13  50   M    M   6 1      16  40
14  66  51  59  -4   6   0 0.23  0.0    0  6.3 17  70   M    M   9 13     20  70
15  75  53  64   1   1   0 0.00  0.0    0  7.9 18 100   M    M   9 12     23 110
16  69  60  65   1   0   0    T  0.0    0  9.3 16  80   M    M  10 1      20  60
17  76  61  69   5   0   4 0.00  0.0    0  9.2 18 120   M    M   7        25 100
18  70  61  66   2   0   1 0.34  0.0    0  5.8 15 110   M    M   8 1      19 110
19  66  60  63  -1   2   0 1.77  0.0    0  4.9 10 120   M    M   8 1      13 120
20  74  58  66   2   0   1 0.85  0.0    0  4.1 14 150   M    M   8 12     18 150
21  76  60  68   3   0   3 0.31  0.0    0  3.0 13 200   M    M   7 123    17 210
22  79  56  68   3   0   3 0.34  0.0    0  4.9 16 340   M    M   2 13     23 330
23  81  52  67   2   0   2 0.00  0.0    0  1.7 12  70   M    M   2        14  20
24  80  52  66   0   0   1 0.00  0.0    0  4.3 16 170   M    M   2        24 150
25  83  59  71   5   0   6 0.00  0.0    0  7.7 14 200   M    M   3        18 190
26  84  69  77  11   0  12 0.00  0.0    0  7.4 17 170   M    M   6        23 160
27  82  61  72   6   0   7 0.23  0.0    0  6.9 32 130   M    M   4 13     46 120
28  85  54  70   3   0   5 0.00  0.0    0  3.6 12 100   M    M   0        16  50
================================================================================
SM 2105 1481        70  52  6.63     0.0 172.2          M      115
================================================================================
AV 75.2 52.9                               6.2 FASTST   M    M   4    MAX(MPH)
                                 MISC ---->  # 32 340               # 52  330
================================================================================
NOTES:
# LAST OF SEVERAL OCCURRENCES

COLUMN 17 PEAK WIND IN M.P.H.

PRELIMINARY LOCAL CLIMATOLOGICAL DATA (WS FORM: F-6) , PAGE 2

                                          STATION:  EL DORADO
                                          MONTH:    APRIL
                                          YEAR:     2016
                                          LATITUDE:   33 13 N
                                          LONGITUDE:  92 49 W

[TEMPERATURE DATA]      [PRECIPITATION DATA]       SYMBOLS USED IN COLUMN 16

AVERAGE MONTHLY: 64.0   TOTAL FOR MONTH:   6.63    1 = FOG OR MIST
DPTR FM NORMAL:   0.9   DPTR FM NORMAL:    2.82    2 = FOG REDUCING VISIBILITY
HIGHEST:    85 ON 28    GRTST 24HR  2.49 ON 11-11      TO 1/4 MILE OR LESS
LOWEST:     38 ON  3                               3 = THUNDER
                        SNOW, ICE PELLETS, HAIL    4 = ICE PELLETS
                        TOTAL MONTH:   0.0 INCH    5 = HAIL
                        GRTST 24HR     0.0         6 = FREEZING RAIN OR DRIZZLE
                        GRTST DEPTH:   0           7 = DUSTSTORM OR SANDSTORM:
                                                       VSBY 1/2 MILE OR LESS
                                                   8 = SMOKE OR HAZE
[NO. OF DAYS WITH]      [WEATHER - DAYS WITH]      9 = BLOWING SNOW
                                                   X = TORNADO
MAX 32 OR BELOW:   0    0.01 INCH OR MORE:  10
MAX 90 OR ABOVE:   0    0.10 INCH OR MORE:   8
MIN 32 OR BELOW:   0    0.50 INCH OR MORE:   3
MIN  0 OR BELOW:   0    1.00 INCH OR MORE:   2

[HDD (BASE 65) ]
TOTAL THIS MO.    70    CLEAR  (SCALE 0-3)  15
DPTR FM NORMAL   -44    PTCLDY (SCALE 4-7)   7
TOTAL FM JUL 1  2010    CLOUDY (SCALE 8-10)  6
DPTR FM NORMAL  -640

[CDD (BASE 65) ]
TOTAL THIS MO.    52
DPTR FM NORMAL   -11    [PRESSURE DATA]
TOTAL FM JAN 1    85    HIGHEST SLP M ON M
DPTR FM NORMAL    -6    LOWEST  SLP 29.63 ON M

[REMARKS]
