000
CXUS54 KSHV 161300
CF6ELD
PRELIMINARY LOCAL CLIMATOLOGICAL DATA (WS FORM: F-6)

                                          STATION:   EL DORADO
                                          MONTH:     JANUARY
                                          YEAR:      2018
                                          LATITUDE:   33 13 N
                                          LONGITUDE:  92 49 W

  TEMPERATURE IN F:       :PCPN:    SNOW:  WIND      :SUNSHINE: SKY     :PK WND
================================================================================
1   2   3   4   5  6A  6B    7    8   9   10  11  12  13   14  15   16   17  18
                                     12Z  AVG MX 2MIN
DY MAX MIN AVG DEP HDD CDD  WTR  SNW DPTH SPD SPD DIR MIN PSBL S-S WX    SPD DR
================================================================================

 1  29  16  23 -21  42   0 0.00  0.0    0 10.0 17  40   M    M   0        25  40
 2  27  13  20 -24  45   0 0.00  0.0    0  6.4 13  30   M    M   4        18 360
 3  41  13  27 -17  38   0 0.00  0.0    0  3.9 13 220   M    M   1        19 240
 4  44  17  31 -13  34   0 0.00  0.0    0  2.5 13  50   M    M   0        16 340
 5  53  20  37  -7  28   0 0.00  0.0    0  2.1  9 160   M    M   0        12 220
 6  56  24  40  -4  25   0 0.00  0.0    0  4.0 10  80   M    M   0        14 120
 7  56  32  44   0  21   0 0.30  0.0    0  7.0 18 160   M    M   6 13     24 150
 8  54  46  50   6  15   0 0.02  0.0    0  8.0 16 330   M    M   9 1      23 330
 9  53  43  48   4  17   0 0.00  0.0    0  5.2  9  40   M    M  10 1      13 340
10  61  48  55  11  10   0 0.03  0.0    0  4.7  8 190   M    M  10 1      12 190
11  70  36  53   9  12   0 1.06  0.0    0  8.3 25 330   M    M   9 136    31 330
12  38  25  32 -12  33   0 0.25  0.1    T 11.3 23 320   M    M   4 146    31 330
13  39  25  32 -12  33   0 0.00  0.0    0  5.9 15 330   M    M   0        22  30
14  35  23  29 -15  36   0 0.00  0.0    0  3.4 10 120   M    M   2        13 130
15  58  23  41  -3  24   0 0.02    M    0  5.3 16  20   M    M   5 1      23 360
================================================================================
SM  714  404       413   0  1.68     0.1  88.0          M       60
================================================================================
AV 47.6 26.9                               5.9 FASTST   M    M   4    MAX(MPH)
                                 MISC ---->  # 25 330               # 31  330
================================================================================
NOTES:
# LAST OF SEVERAL OCCURRENCES

COLUMN 17 PEAK WIND IN M.P.H.

PRELIMINARY LOCAL CLIMATOLOGICAL DATA (WS FORM: F-6) , PAGE 2

                                          STATION:  EL DORADO
                                          MONTH:    JANUARY
                                          YEAR:     2018
                                          LATITUDE:   33 13 N
                                          LONGITUDE:  92 49 W

[TEMPERATURE DATA]      [PRECIPITATION DATA]       SYMBOLS USED IN COLUMN 16

AVERAGE MONTHLY: 37.3   TOTAL FOR MONTH:   1.68    1 = FOG OR MIST
DPTR FM NORMAL:  -6.7   DPTR FM NORMAL:   -0.30    2 = FOG REDUCING VISIBILITY
HIGHEST:    70 ON 11    GRTST 24HR  1.06 ON 11-11      TO 1/4 MILE OR LESS
LOWEST:     13 ON  3, 2                            3 = THUNDER
                        SNOW, ICE PELLETS, HAIL    4 = ICE PELLETS
                        TOTAL MONTH:   0.1 INCH    5 = HAIL
                        GRTST 24HR   0.1 ON 12-12  6 = FREEZING RAIN OR DRIZZLE
                        GRTST DEPTH:   T           7 = DUSTSTORM OR SANDSTORM:
                                                       VSBY 1/2 MILE OR LESS
                                                   8 = SMOKE OR HAZE
[NO. OF DAYS WITH]      [WEATHER - DAYS WITH]      9 = BLOWING SNOW
                                                   X = TORNADO
MAX 32 OR BELOW:   2    0.01 INCH OR MORE:   6
MAX 90 OR ABOVE:   0    0.10 INCH OR MORE:   3
MIN 32 OR BELOW:  11    0.50 INCH OR MORE:   1
MIN  0 OR BELOW:   0    1.00 INCH OR MORE:   1

[HDD (BASE 65) ]
TOTAL THIS MO.   413    CLEAR  (SCALE 0-3)   7
DPTR FM NORMAL    89    PTCLDY (SCALE 4-7)   4
TOTAL FM JUL 1  1408    CLOUDY (SCALE 8-10)  4
DPTR FM NORMAL    -3

[CDD (BASE 65) ]
TOTAL THIS MO.     0
DPTR FM NORMAL     0    [PRESSURE DATA]
TOTAL FM JAN 1     0    HIGHEST SLP M ON M
DPTR FM NORMAL     0    LOWEST  SLP 29.71 ON 11

[REMARKS]
