000
CXUS54 KEPZ 201200
CF6ELP
PRELIMINARY LOCAL CLIMATOLOGICAL DATA (WS FORM: F-6)

                                          STATION:   EL PASO
                                          MONTH:     OCTOBER
                                          YEAR:      2014
                                          LATITUDE:   31 47 N
                                          LONGITUDE: 106 24 W

  TEMPERATURE IN F:       :PCPN:    SNOW:  WIND      :SUNSHINE: SKY     :PK WND
================================================================================
1   2   3   4   5  6A  6B    7    8   9   10  11  12  13   14  15   16   17  18
                                     12Z  AVG MX 2MIN
DY MAX MIN AVG DEP HDD CDD  WTR  SNW DPTH SPD SPD DIR MIN PSBL S-S WX    SPD DR
================================================================================

 1  85  63  74   4   0   9 0.00  0.0    0  8.3 22 250   M    M   0        27 250
 2  83  59  71   1   0   6 0.00  0.0    0  7.9 20 360   M    M   0        24  20
 3  84  53  69  -1   0   4 0.00  0.0    0  5.5 16 360   M    M   0        19 350
 4  87  52  70   1   0   5 0.00  0.0    0  4.9 16 280   M    M   0        19 280
 5  87  58  73   4   0   8 0.00  0.0    0  6.6 17 290   M    M   1        23 290
 6  85  54  70   1   0   5 0.00  0.0    0  4.3 14 260   M    M   5        19 280
 7  87  55  71   3   0   6 0.00  0.0    0  4.4 13 190   M    M   6        14 250
 8  88  59  74   6   0   9 0.00  0.0    0  3.7 18 290   M    M   3        22 290
 9  86  62  74   6   0   9 0.00  0.0    0 10.4 23 260   M    M   4        28 260
10  80  59  70   3   0   5 0.00  0.0    0  8.0 24 360   M    M   3        29  10
11  77  56  67   0   0   2 0.00  0.0    0  4.3 12 160   M    M   3        14 160
12  84  55  70   3   0   5 0.00  0.0    0 16.8 35 300   M    M   2        49 290
13  74  49  62  -4   3   0 0.00  0.0    0  4.5 18 350   M    M   1        23 350
14  79  46  63  -3   2   0 0.00  0.0    0  4.0  9  10   M    M   0        11  10
15  83  50  67   1   0   2 0.00  0.0    0  5.2 13 360   M    M   1        15  10
16  88  52  70   5   0   5 0.00  0.0    0  3.7 14 300   M    M   1        18 300
17  87  57  72   7   0   7    T  0.0    0  6.5 18 240   M    M   2        22 250
18  79  61  70   6   0   5 0.10  0.0    0  8.6 20 100   M    M   5 3      27 110
19  80  58  69   5   0   4 0.88  0.0    0 12.0 44 240   M    M   8 13     53 240
================================================================================
SM 1583 1058         5  96  0.98     0.0 129.6          M       45
================================================================================
AV 83.3 55.7                               6.8 FASTST   M    M   2    MAX(MPH)
                                 MISC ---->  # 44 240               # 53  240
================================================================================
NOTES:
# LAST OF SEVERAL OCCURRENCES

COLUMN 17 PEAK WIND IN M.P.H.

PRELIMINARY LOCAL CLIMATOLOGICAL DATA (WS FORM: F-6) , PAGE 2

                                          STATION:  EL PASO
                                          MONTH:    OCTOBER
                                          YEAR:     2014
                                          LATITUDE:   31 47 N
                                          LONGITUDE: 106 24 W

[TEMPERATURE DATA]      [PRECIPITATION DATA]       SYMBOLS USED IN COLUMN 16

AVERAGE MONTHLY: 69.5   TOTAL FOR MONTH:   0.98    1 = FOG OR MIST
DPTR FM NORMAL:   2.2   DPTR FM NORMAL:    0.59    2 = FOG REDUCING VISIBILITY
HIGHEST:    88 ON 16, 8 GRTST 24HR  0.88 ON 18-19      TO 1/4 MILE OR LESS
LOWEST:     46 ON 14                               3 = THUNDER
                        SNOW, ICE PELLETS, HAIL    4 = ICE PELLETS
                        TOTAL MONTH:   0.0 INCH    5 = HAIL
                        GRTST 24HR     0.0         6 = FREEZING RAIN OR DRIZZLE
                        GRTST DEPTH:   0           7 = DUSTSTORM OR SANDSTORM:
                                                       VSBY 1/2 MILE OR LESS
                                                   8 = SMOKE OR HAZE
[NO. OF DAYS WITH]      [WEATHER - DAYS WITH]      9 = BLOWING SNOW
                                                   X = TORNADO
MAX 32 OR BELOW:   0    0.01 INCH OR MORE:   2
MAX 90 OR ABOVE:   0    0.10 INCH OR MORE:   2
MIN 32 OR BELOW:   0    0.50 INCH OR MORE:   1
MIN  0 OR BELOW:   0    1.00 INCH OR MORE:   0

[HDD (BASE 65) ]
TOTAL THIS MO.     5    CLEAR  (SCALE 0-3)  13
DPTR FM NORMAL   -23    PTCLDY (SCALE 4-7)   6
TOTAL FM JUL 1     5    CLOUDY (SCALE 8-10)  0
DPTR FM NORMAL   -27

[CDD (BASE 65) ]
TOTAL THIS MO.    96
DPTR FM NORMAL    25    [PRESSURE DATA]
TOTAL FM JAN 1  2631    HIGHEST SLP M ON M
DPTR FM NORMAL   314    LOWEST  SLP 29.58 ON 12

[REMARKS]
