000
CXUS54 KEPZ 271200
CF6ELP
PRELIMINARY LOCAL CLIMATOLOGICAL DATA (WS FORM: F-6)

                                          STATION:   EL PASO
                                          MONTH:     DECEMBER
                                          YEAR:      2014
                                          LATITUDE:   31 47 N
                                          LONGITUDE: 106 24 W

  TEMPERATURE IN F:       :PCPN:    SNOW:  WIND      :SUNSHINE: SKY     :PK WND
================================================================================
1   2   3   4   5  6A  6B    7    8   9   10  11  12  13   14  15   16   17  18
                                     12Z  AVG MX 2MIN
DY MAX MIN AVG DEP HDD CDD  WTR  SNW DPTH SPD SPD DIR MIN PSBL S-S WX    SPD DR
================================================================================

 1  63  33  48   1  17   0 0.00  0.0    0  4.7 13 100   M    M   3        16  80
 2  61  35  48   1  17   0 0.00  0.0    0  3.9 10  50   M    M   6        13  30
 3  71  49  60  13   5   0 0.00  0.0    0  4.9 13 210   M    M   7        15 210
 4  65  48  57  10   8   0    T  0.0    0  6.1 21 250   M    M   8        24 260
 5  66  45  56  10   9   0 0.00  0.0    0  6.9 25 280   M    M   4        30 280
 6  68  48  58  12   7   0 0.00  0.0    0  9.1 21  90   M    M   8        26 120
 7  68  47  58  12   7   0    T  0.0    0  7.0 13  20   M    M   4        16  10
 8  69  42  56  10   9   0 0.00  0.0    0  6.9 14 360   M    M   6        17 360
 9  68  48  58  13   7   0    T    M    0  7.3 14 110   M    M   7 3      18 120
10  68  43  56  11   9   0 0.00  0.0    0  3.2  9  10   M    M   2 1      11 360
11  71  43  57  12   8   0 0.00  0.0    0  2.6  9  30   M    M   2 1      10  30
12  72  41  57  12   8   0 0.00  0.0    0  3.6 13 260   M    M   5        15 260
13  72  45  59  14   6   0 0.00  0.0    0 11.4 35 280   M    M   4        41 280
14  59  41  50   5  15   0    T    M    0 11.1 36 290   M    M   1        50 300
15  58  33  46   2  19   0 0.00  0.0    0  2.7 16 280   M    M   4        18 290
16  61  34  48   4  17   0 0.00  0.0    0  7.7 15 140   M    M   6        18 120
17  62  35  49   5  16   0 0.00  0.0    0 11.4 32 260   M    M   3        43 250
18  55  35  45   1  20   0 0.01    M    0  7.0 30 260   M    M   6        37 260
19  55  33  44   0  21   0 0.00  0.0    0  4.6 12 350   M    M   3        15 270
20  57  26  42  -2  23   0 0.00  0.0    0  4.6 16 230   M    M   2        22 230
21  63  34  49   5  16   0 0.00  0.0    0 11.1 33 270   M    M   7        44 260
22  67  48  58  14   7   0 0.00  0.0    0 14.1 32 280   M    M   4        43 260
23  55  30  43  -1  22   0 0.00  0.0    0 12.7 33  10   M    M   3        41  10
24  51  23  37  -7  28   0 0.00  0.0    0  6.4 17 240   M    M   1        21 220
25  68  34  51   7  14   0 0.00  0.0    0 10.4 28 250   M    M   5        36 260
26  52  36  44   0  21   0 0.11    M    0  9.6 22 250   M    M   8 1      27 240
================================================================================
SM 1645 1009       356   0  0.12     0.0 191.0          M      119
================================================================================
AV 63.3 38.8                               7.3 FASTST   M    M   5    MAX(MPH)
                                 MISC ---->  # 36 290               # 50  300
================================================================================
NOTES:
# LAST OF SEVERAL OCCURRENCES

COLUMN 17 PEAK WIND IN M.P.H.

PRELIMINARY LOCAL CLIMATOLOGICAL DATA (WS FORM: F-6) , PAGE 2

                                          STATION:  EL PASO
                                          MONTH:    DECEMBER
                                          YEAR:     2014
                                          LATITUDE:   31 47 N
                                          LONGITUDE: 106 24 W

[TEMPERATURE DATA]      [PRECIPITATION DATA]       SYMBOLS USED IN COLUMN 16

AVERAGE MONTHLY: 51.0   TOTAL FOR MONTH:   0.12    1 = FOG OR MIST
DPTR FM NORMAL:   6.0   DPTR FM NORMAL:   -0.56    2 = FOG REDUCING VISIBILITY
HIGHEST:    72 ON 13,12 GRTST 24HR  0.11 ON 26-26      TO 1/4 MILE OR LESS
LOWEST:     23 ON 24                               3 = THUNDER
                        SNOW, ICE PELLETS, HAIL    4 = ICE PELLETS
                        TOTAL MONTH:   0.0 INCH    5 = HAIL
                        GRTST 24HR     0.0         6 = FREEZING RAIN OR DRIZZLE
                        GRTST DEPTH:   0           7 = DUSTSTORM OR SANDSTORM:
                                                       VSBY 1/2 MILE OR LESS
                                                   8 = SMOKE OR HAZE
[NO. OF DAYS WITH]      [WEATHER - DAYS WITH]      9 = BLOWING SNOW
                                                   X = TORNADO
MAX 32 OR BELOW:   0    0.01 INCH OR MORE:   2
MAX 90 OR ABOVE:   0    0.10 INCH OR MORE:   1
MIN 32 OR BELOW:   3    0.50 INCH OR MORE:   0
MIN  0 OR BELOW:   0    1.00 INCH OR MORE:   0

[HDD (BASE 65) ]
TOTAL THIS MO.   356    CLEAR  (SCALE 0-3)   7
DPTR FM NORMAL  -164    PTCLDY (SCALE 4-7)  17
TOTAL FM JUL 1   719    CLOUDY (SCALE 8-10)  2
DPTR FM NORMAL  -243

[CDD (BASE 65) ]
TOTAL THIS MO.     0
DPTR FM NORMAL     0    [PRESSURE DATA]
TOTAL FM JAN 1  2671    HIGHEST SLP M ON M
DPTR FM NORMAL   340    LOWEST  SLP 29.55 ON 22

[REMARKS]
