000
CXUS56 KLKN 231009
CF6ELY
PRELIMINARY LOCAL CLIMATOLOGICAL DATA (WS FORM: F-6)

                                          STATION:   ELY AIRPORT NV
                                          MONTH:     MAY
                                          YEAR:      2017
                                          LATITUDE:   39 16 N
                                          LONGITUDE: 114 51 W

  TEMPERATURE IN F:       :PCPN:    SNOW:  WIND      :SUNSHINE: SKY     :PK WND
================================================================================
1   2   3   4   5  6A  6B    7    8   9   10  11  12  13   14  15   16   17  18
                                     12Z  AVG MX 2MIN
DY MAX MIN AVG DEP HDD CDD  WTR  SNW DPTH SPD SPD DIR MIN PSBL S-S WX    SPD DR
================================================================================

 1  65  28  47   0  18   0 0.00  0.0    0  7.1 17 320   M    M   0        22 310
 2  67  30  49   2  16   0 0.00  0.0    0 10.3 20 360   M    M   1        29 300
 3  71  29  50   3  15   0 0.00  0.0    0  8.4 15  10   M    M   0        20  10
 4  79  31  55   8  10   0 0.00  0.0    0  7.1 13 190   M    M   1        17  20
 5  79  38  59  11   6   0 0.00  0.0    0 12.7 26 200   M    M   1        35 220
 6  74  43  59  11   6   0    T  0.0    0 18.0 41 170   M    M   1        51 170
 7  67  32  50   2  15   0 0.00  0.0    0  8.8 25 170   M    M   1        32 170
 8  66  38  52   3  13   0 0.09  0.0    0  6.5 20  20   M    M   5 1      24  20
 9  71  32  52   3  13   0 0.00  0.0    0  9.7 25  40   M    M   2        37  20
10  75  32  54   5  11   0 0.00  0.0    0  9.6 17  20   M    M   0        25 360
11  78  35  57   8   8   0 0.00  0.0    0 10.6 20 130   M    M   0        31 140
12  76  37  57   7   8   0 0.00  0.0    0 21.1 38 170   M    M   0        51 200
13  60  30  45  -5  20   0 0.00  0.0    0  8.0 17 310   M    M   2        24 290
14  66  25  46  -4  19   0 0.00  0.0    0 12.4 33 190   M    M   1        55 150
15  58  29  44  -6  21   0    T  0.0    0  9.7 24 170   M    M   3        32 150
16  56  26  41 -10  24   0 0.08  0.0    0 10.9 26 210   M    M   6 1      34 210
17  44  31  38 -13  27   0 0.07  0.7    T  8.9 29 290   M    M   8 18     35 360
18  51  31  41 -10  24   0 0.03  0.5    1 10.7 23 350   M    M   8 1      33 310
19  63  23  43  -9  22   0 0.00  0.0    0  7.6 17  20   M    M   2        21  20
20  69  27  48  -4  17   0    T  0.0    0  6.9 15 360   M    M   3        20  20
21  72  30  51  -1  14   0 0.00  0.0    0  8.1 20 350   M    M   3        26 350
22  75  32  54   2  11   0 0.00  0.0    0  6.7 15  20   M    M   0        19  20
================================================================================
SM 1482  689       338   0  0.27     1.2 219.8          M       48
================================================================================
AV 67.4 31.3                              10.0 FASTST   M    M   2    MAX(MPH)
                                 MISC ---->  # 41 170               # 55  150
================================================================================
NOTES:
# LAST OF SEVERAL OCCURRENCES

COLUMN 17 PEAK WIND IN M.P.H.

PRELIMINARY LOCAL CLIMATOLOGICAL DATA (WS FORM: F-6) , PAGE 2

                                          STATION:  ELY AIRPORT NV
                                          MONTH:    MAY
                                          YEAR:     2017
                                          LATITUDE:   39 16 N
                                          LONGITUDE: 114 51 W

[TEMPERATURE DATA]      [PRECIPITATION DATA]       SYMBOLS USED IN COLUMN 16

AVERAGE MONTHLY: 49.3   TOTAL FOR MONTH:   0.27    1 = FOG OR MIST
DPTR FM NORMAL:  -0.2   DPTR FM NORMAL:   -0.51    2 = FOG REDUCING VISIBILITY
HIGHEST:    79 ON  5, 4 GRTST 24HR  0.09 ON  8- 8      TO 1/4 MILE OR LESS
LOWEST:     23 ON 19                               3 = THUNDER
                        SNOW, ICE PELLETS, HAIL    4 = ICE PELLETS
                        TOTAL MONTH:   1.2 INCHES  5 = HAIL
                        GRTST 24HR   0.7 ON 17-17  6 = FREEZING RAIN OR DRIZZLE
                        GRTST DEPTH:   1 ON 18     7 = DUSTSTORM OR SANDSTORM:
                                                       VSBY 1/2 MILE OR LESS
                                                   8 = SMOKE OR HAZE
[NO. OF DAYS WITH]      [WEATHER - DAYS WITH]      9 = BLOWING SNOW
                                                   X = TORNADO
MAX 32 OR BELOW:   0    0.01 INCH OR MORE:   4
MAX 90 OR ABOVE:   0    0.10 INCH OR MORE:   0
MIN 32 OR BELOW:  17    0.50 INCH OR MORE:   0
MIN  0 OR BELOW:   0    1.00 INCH OR MORE:   0

[HDD (BASE 65) ]
TOTAL THIS MO.   338    CLEAR  (SCALE 0-3)  18
DPTR FM NORMAL    -3    PTCLDY (SCALE 4-7)   2
TOTAL FM JUL 1  6711    CLOUDY (SCALE 8-10)  2
DPTR FM NORMAL  -533

[CDD (BASE 65) ]
TOTAL THIS MO.     0
DPTR FM NORMAL     0    [PRESSURE DATA]
TOTAL FM JAN 1     0    HIGHEST SLP M ON M
DPTR FM NORMAL     0    LOWEST  SLP 29.42 ON  6

[REMARKS]
