000
CXUS53 KMKX 290650
CF6ENW
PRELIMINARY LOCAL CLIMATOLOGICAL DATA (WS FORM: F-6)

                                          STATION:   KENOSHA WI
                                          MONTH:     JUNE
                                          YEAR:      2015
                                          LATITUDE:   42 35 N
                                          LONGITUDE:  87 56 W

  TEMPERATURE IN F:       :PCPN:    SNOW:  WIND      :SUNSHINE: SKY     :PK WND
================================================================================
1   2   3   4   5  6A  6B    7    8   9   10  11  12  13   14  15   16   17  18
                                     12Z  AVG MX 2MIN
DY MAX MIN AVG DEP HDD CDD  WTR  SNW DPTH SPD SPD DIR MIN PSBL S-S WX    SPD DR
================================================================================

 1  61  38  50 -11  15   0 0.00  0.0    0  8.5 18  70   M    M   0        22  70
 2  66  36  51 -10  14   0 0.00  0.0    0  6.8 14 120   M    M   0        19 100
 3  71  45  58  -4   7   0 0.00  0.0    0  7.7 16 130   M    M   1        22 110
 4  84  56  70   8   0   5 0.00  0.0    0  8.0 16 230   M    M   4        22 250
 5  65  52  59  -3   6   0 0.00  0.0    0 11.3 21  20   M    M   5 12     28  30
 6  66  50  58  -5   7   0 0.00  0.0    0  7.5 15  30   M    M   4        19  40
 7  80  52  66   3   0   1 0.11  0.0    0 10.0 26 210   M    M   5 1      34 230
 8  82  57  70   6   0   5 0.21  0.0    0  8.9 22 350   M    M   2 13     32 280
 9  85  55  70   6   0   5    T  0.0    0  7.8 15 240   M    M   1 3      19 210
10  87  57  72   8   0   7 0.00  0.0    0  9.8 23 240   M    M   0        31 250
11  66  56  61  -4   4   0 0.11  0.0    0  9.2 18  60   M    M   6 13     24  40
12  62  56  59  -6   6   0 0.38  0.0    0  7.6 16 290   M    M  10 13     20 290
13  79  56  68   3   0   3 0.30  0.0    0  5.7 15 230   M    M   7 1238   20 230
14  81  59  70   4   0   5 0.50  0.0    0  4.6 14 270   M    M   7 1      18 290
15  80  65  73   7   0   8 1.00    M    M  4.4 18  10   M    M   8 1      22  20
16  70  52  61  -5   4   0 0.00    M    M  8.0 19  10   M    M   1 1      15  40
17  74  50  62  -5   3   0 0.00    M    M  4.8 13  90   M    M   4        14 100
18  82  55  69   2   0   4 0.00  0.0    0 10.4 21  30   M    M   4 1      29  20
19  68  50  59  -8   6   0 0.00  0.0    0  8.2 14  80   M    M   0        20  40
20  76  49  63  -5   2   0    T  0.0    0  5.9 17 150   M    M   1 3      21 150
21  85  63  74   6   0   9 0.00  0.0    0  7.6 17 100   M    M   2 1      22 100
22  81  63  72   4   0   7 0.36  0.0    0 10.4 32 170   M    M   5 13     40 170
23  80  57  69   0   0   4 0.00  0.0    0  8.6 16 290   M    M   1        20 300
24  80  55  68  -1   0   3 0.00  0.0    0  5.3 14 220   M    M   2        18 220
25  72  56  64  -5   1   0    T  0.0    0  5.7 12  40   M    M   7 1      14  30
26  71  55  63  -6   2   0 0.00    M    M  8.4 16  70   M    M   4 18     20  20
27  76  50  63  -7   2   0 0.00    M    M  7.4 15  40   M    M   1        20 350
28  79  47  63  -7   2   0 0.01    M    M  3.8 15 130   M    M   3        19 140
================================================================================
SM 2109 1492        81  66  2.98     0.0 212.3          M       95
================================================================================
AV 75.3 53.3                               7.6 FASTST   M    M   3    MAX(MPH)
                                 MISC ---->  # 32 170               # 40  170
================================================================================
NOTES:
# LAST OF SEVERAL OCCURRENCES

COLUMN 17 PEAK WIND IN M.P.H.

PRELIMINARY LOCAL CLIMATOLOGICAL DATA (WS FORM: F-6) , PAGE 2

                                          STATION:  KENOSHA WI
                                          MONTH:    JUNE
                                          YEAR:     2015
                                          LATITUDE:   42 35 N
                                          LONGITUDE:  87 56 W

[TEMPERATURE DATA]      [PRECIPITATION DATA]       SYMBOLS USED IN COLUMN 16

AVERAGE MONTHLY: 64.3   TOTAL FOR MONTH:   2.98    1 = FOG OR MIST
DPTR FM NORMAL:  -1.4   DPTR FM NORMAL:   -0.69    2 = FOG REDUCING VISIBILITY
HIGHEST:    87 ON 10    GRTST 24HR  1.00 ON 15-15      TO 1/4 MILE OR LESS
LOWEST:     36 ON  2                               3 = THUNDER
                        SNOW, ICE PELLETS, HAIL    4 = ICE PELLETS
                        TOTAL MONTH:   0.0 INCH    5 = HAIL
                        GRTST 24HR     0.0         6 = FREEZING RAIN OR DRIZZLE
                        GRTST DEPTH:   0           7 = DUSTSTORM OR SANDSTORM:
                                                       VSBY 1/2 MILE OR LESS
                                                   8 = SMOKE OR HAZE
[NO. OF DAYS WITH]      [WEATHER - DAYS WITH]      9 = BLOWING SNOW
                                                   X = TORNADO
MAX 32 OR BELOW:   0    0.01 INCH OR MORE:   9
MAX 90 OR ABOVE:   0    0.10 INCH OR MORE:   8
MIN 32 OR BELOW:   0    0.50 INCH OR MORE:   2
MIN  0 OR BELOW:   0    1.00 INCH OR MORE:   1

[HDD (BASE 65) ]
TOTAL THIS MO.    81    CLEAR  (SCALE 0-3)  14
DPTR FM NORMAL     5    PTCLDY (SCALE 4-7)  13
TOTAL FM JUL 1  7424    CLOUDY (SCALE 8-10)  1
DPTR FM NORMAL   432

[CDD (BASE 65) ]
TOTAL THIS MO.    66
DPTR FM NORMAL   -32    [PRESSURE DATA]
TOTAL FM JAN 1    98    HIGHEST SLP M ON M
DPTR FM NORMAL   -24    LOWEST  SLP 29.59 ON M

[REMARKS]
