000
CXUS53 KMKX 200645
CF6ENW
PRELIMINARY LOCAL CLIMATOLOGICAL DATA (WS FORM: F-6)

                                          STATION:   KENOSHA WI
                                          MONTH:     JANUARY
                                          YEAR:      2018
                                          LATITUDE:   42 35 N
                                          LONGITUDE:  87 56 W

  TEMPERATURE IN F:       :PCPN:    SNOW:  WIND      :SUNSHINE: SKY     :PK WND
================================================================================
1   2   3   4   5  6A  6B    7    8   9   10  11  12  13   14  15   16   17  18
                                     12Z  AVG MX 2MIN
DY MAX MIN AVG DEP HDD CDD  WTR  SNW DPTH SPD SPD DIR MIN PSBL S-S WX    SPD DR
================================================================================

 1   3  -9  -3 -25  68   0 0.00  0.0    0 12.1 21 290   M    M   0        26 290
 2  10  -6   2 -20  63   0 0.00  0.0    0 14.2 23 250   M    M   0        36 220
 3  17   4  11 -11  54   0    T    M    0 11.0 24 240   M    M   8 8      33 250
 4  11  -5   3 -19  62   0 0.00  0.0    0  8.5 15 330   M    M   0        23 300
 5  11  -5   3 -19  62   0 0.00    M    M  8.4 17 330   M    M   0        22 340
 6  13  -5   4 -18  61   0 0.00    M    M  6.2 15 200   M    M   0        20 190
 7  33  10  22   0  43   0 0.01    M    M 14.1 23 200   M    M   9 16     32 200
 8  42  28  35  13  30   0 0.00    M    M 13.3 22 240   M    M   3 18     28 240
 9  43  25  34  13  31   0 0.00  0.0    0  6.1 14 160   M    M   3 18     18 160
10  55  30  43  22  22   0 0.01    M    0 15.5 26 210   M    M  10 1      39 210
11  58  22  40  19  25   0 0.13    M    0 13.7 25 210   M    M  10 1      39 210
12  23  11  17  -4  48   0 0.00  0.0    0 15.9 26  20   M    M   8 18     37  10
13  15   2   9 -12  56   0 0.00  0.0    0  7.6 16 340   M    M   0        23 350
14  20  -3   9 -12  56   0    T    M    0  8.5 20 170   M    M   4 1      25 170
15  24  16  20  -1  45   0 0.02    M    0  8.7 16 180   M    M  10 18     22 180
16  24   6  15  -6  50   0    T    M    0  8.3 16 330   M    M   6 18     22 330
17  21   1  11 -10  54   0 0.00    M    M 16.4 33 240   M    M   1 89     43 240
18  32  17  25   4  40   0 0.00    M    M 18.2 32 250   M    M   0 89     41 250
19  42  28  35  14  30   0 0.00  0.0    M 16.5 25 240   M    M   0        40 230
================================================================================
SM  497  167       900   0  0.17     0.0 223.2          M       72
================================================================================
AV 26.2  8.8                              11.7 FASTST   M    M   4    MAX(MPH)
                                 MISC ---->  # 33 240               # 43  240
================================================================================
NOTES:
# LAST OF SEVERAL OCCURRENCES

COLUMN 17 PEAK WIND IN M.P.H.

PRELIMINARY LOCAL CLIMATOLOGICAL DATA (WS FORM: F-6) , PAGE 2

                                          STATION:  KENOSHA WI
                                          MONTH:    JANUARY
                                          YEAR:     2018
                                          LATITUDE:   42 35 N
                                          LONGITUDE:  87 56 W

[TEMPERATURE DATA]      [PRECIPITATION DATA]       SYMBOLS USED IN COLUMN 16

AVERAGE MONTHLY: 17.5   TOTAL FOR MONTH:   0.17    1 = FOG OR MIST
DPTR FM NORMAL:  -3.9   DPTR FM NORMAL:   -0.51    2 = FOG REDUCING VISIBILITY
HIGHEST:    58 ON 11    GRTST 24HR  0.13 ON 11-11      TO 1/4 MILE OR LESS
LOWEST:     -9 ON  1                               3 = THUNDER
                        SNOW, ICE PELLETS, HAIL    4 = ICE PELLETS
                        TOTAL MONTH:   0.0 INCH    5 = HAIL
                        GRTST 24HR     0.0         6 = FREEZING RAIN OR DRIZZLE
                        GRTST DEPTH:   0           7 = DUSTSTORM OR SANDSTORM:
                                                       VSBY 1/2 MILE OR LESS
                                                   8 = SMOKE OR HAZE
[NO. OF DAYS WITH]      [WEATHER - DAYS WITH]      9 = BLOWING SNOW
                                                   X = TORNADO
MAX 32 OR BELOW:  13    0.01 INCH OR MORE:   4
MAX 90 OR ABOVE:   0    0.10 INCH OR MORE:   1
MIN 32 OR BELOW:  19    0.50 INCH OR MORE:   0
MIN  0 OR BELOW:   6    1.00 INCH OR MORE:   0

[HDD (BASE 65) ]
TOTAL THIS MO.   900    CLEAR  (SCALE 0-3)  10
DPTR FM NORMAL    71    PTCLDY (SCALE 4-7)   5
TOTAL FM JUL 1  3368    CLOUDY (SCALE 8-10)  4
DPTR FM NORMAL  -100

[CDD (BASE 65) ]
TOTAL THIS MO.     0
DPTR FM NORMAL     0    [PRESSURE DATA]
TOTAL FM JAN 1     0    HIGHEST SLP M ON M
DPTR FM NORMAL     0    LOWEST  SLP 29.60 ON 11

[REMARKS]
