000
CXUS56 KOTX 191500
CF6EPH
PRELIMINARY LOCAL CLIMATOLOGICAL DATA (WS FORM: F-6)

                                          STATION:   EPHRATA WA AIRPORT
                                          MONTH:     DECEMBER
                                          YEAR:      2014
                                          LATITUDE:   47 18 N
                                          LONGITUDE: 119 31 W

  TEMPERATURE IN F:       :PCPN:    SNOW:  WIND      :SUNSHINE: SKY     :PK WND
================================================================================
1   2   3   4   5  6A  6B    7    8   9   10  11  12  13   14  15   16   17  18
                                     12Z  AVG MX 2MIN
DY MAX MIN AVG DEP HDD CDD  WTR  SNW DPTH SPD SPD DIR MIN PSBL S-S WX    SPD DR
================================================================================

 1  28  13  21 -10  44   0 0.00    M    M  5.2 13 310   M    M   0        15 310
 2  27  11  19 -11  46   0 0.00    M    M  8.4 15 350   M    M   3        18 360
 3  36  18  27  -3  38   0 0.00    M    M  7.0 16 320   M    M   3 8      20 310
 4  36  31  34   4  31   0 0.00    M    M  3.6 13 310   M    M  10        16 300
 5  38  33  36   7  29   0    T    M    M  7.7 15 350   M    M  10        17 350
 6  39  33  36   7  29   0 0.11    M    M  6.6 16 170   M    M  10 12     19 170
 7  41  35  38   9  27   0 0.00    M    M  9.7 16 330   M    M   9 1      19 330
 8  40  34  37   9  28   0 0.00    M    M  4.6 13 330   M    M   9 12     16 310
 9  39  34  37   9  28   0 0.09    M    M  3.2 13  10   M    M   9 1      13  10
10  50  37  44  16  21   0 0.04    M    M  6.4 17 190   M    M   5 1      20 190
11  50  35  43  15  22   0 0.04    M    M  8.9 20 350   M    M   5        22 350
12  46  34  40  13  25   0 0.00    M    M  3.8 15 220   M    M   4        16 220
13  52  29  41  14  24   0 0.00    M    M  7.2 20 320   M    M   0 12     29 290
14  39  31  35   8  30   0 0.00    M    M 10.1 16 350   M    M   8 1      19 350
15  43  29  36   9  29   0 0.00    M    M  8.5 15  20   M    M   4        16  20
16  38  33  36   9  29   0 0.05    M    M  9.6 15  10   M    M  10 1      18  10
17  40  36  38  12  27   0 0.02    M    M  7.5 12 350   M    M  10 1      14 350
18  40  36  38  12  27   0 0.03    M    M  3.5  9 330   M    M  10 12     10 320
================================================================================
SM  722  542       534   0  0.38    M    121.5          M      119
================================================================================
AV 40.1 30.1                               6.7 FASTST   M    M   7    MAX(MPH)
                                 MISC ---->  # 20 350               # 29  290
================================================================================
NOTES:
# LAST OF SEVERAL OCCURRENCES

COLUMN 17 PEAK WIND IN M.P.H.

PRELIMINARY LOCAL CLIMATOLOGICAL DATA (WS FORM: F-6) , PAGE 2

                                          STATION:  EPHRATA WA AIRPORT
                                          MONTH:    DECEMBER
                                          YEAR:     2014
                                          LATITUDE:   47 18 N
                                          LONGITUDE: 119 31 W

[TEMPERATURE DATA]      [PRECIPITATION DATA]       SYMBOLS USED IN COLUMN 16

AVERAGE MONTHLY: 35.1   TOTAL FOR MONTH:   0.38    1 = FOG OR MIST
DPTR FM NORMAL:   6.9   DPTR FM NORMAL:   -0.35    2 = FOG REDUCING VISIBILITY
HIGHEST:    52 ON 13    GRTST 24HR  0.13 ON  9-10      TO 1/4 MILE OR LESS
LOWEST:     11 ON  2                               3 = THUNDER
                        SNOW, ICE PELLETS, HAIL    4 = ICE PELLETS
                        TOTAL MONTH:    M          5 = HAIL
                        GRTST 24HR    M  ON   M    6 = FREEZING RAIN OR DRIZZLE
                        GRTST DEPTH:  M  ON   M    7 = DUSTSTORM OR SANDSTORM:
                                                       VSBY 1/2 MILE OR LESS
                                                   8 = SMOKE OR HAZE
[NO. OF DAYS WITH]      [WEATHER - DAYS WITH]      9 = BLOWING SNOW
                                                   X = TORNADO
MAX 32 OR BELOW:   2    0.01 INCH OR MORE:   7
MAX 90 OR ABOVE:   0    0.10 INCH OR MORE:   1
MIN 32 OR BELOW:   7    0.50 INCH OR MORE:   0
MIN  0 OR BELOW:   0    1.00 INCH OR MORE:   0

[HDD (BASE 65) ]
TOTAL THIS MO.   534    CLEAR  (SCALE 0-3)   3
DPTR FM NORMAL  -128    PTCLDY (SCALE 4-7)   5
TOTAL FM JUL 1  1681    CLOUDY (SCALE 8-10) 10
DPTR FM NORMAL  -400

[CDD (BASE 65) ]
TOTAL THIS MO.     0
DPTR FM NORMAL     0    [PRESSURE DATA]
TOTAL FM JAN 1  1137    HIGHEST SLP M ON M
DPTR FM NORMAL   365    LOWEST  SLP  0.00 ON M

[REMARKS]
