000
CXUS53 KPAH 300630
CF6EVV
PRELIMINARY LOCAL CLIMATOLOGICAL DATA (WS FORM: F-6)

                                          STATION:   EVANSVILLE IN
                                          MONTH:     MARCH
                                          YEAR:      2015
                                          LATITUDE:   38  2 N
                                          LONGITUDE:  87 32 W

  TEMPERATURE IN F:       :PCPN:    SNOW:  WIND      :SUNSHINE: SKY     :PK WND
================================================================================
1   2   3   4   5  6A  6B    7    8   9   10  11  12  13   14  15   16   17  18
                                     12Z  AVG MX 2MIN
DY MAX MIN AVG DEP HDD CDD  WTR  SNW DPTH SPD SPD DIR MIN PSBL S-S WX    SPD DR
================================================================================

 1  37  30  34  -7  31   0 0.04  0.0    T  4.8 16 340   M    M  10 168    22 340
 2  39  24  32  -9  33   0 0.00  0.0    T  6.4 15  40   M    M   0        20 340
 3  52  34  43   1  22   0 1.30  0.0    0  9.1 18 210   M    M  10 1      26 200
 4  44  19  32 -10  33   0 1.31  8.5    0  9.5 18 340   M    M  10 168    26 350
 5  24   8  16 -26  49   0 0.00  0.0    5 10.0 20 320   M    M   4        26 330
 6  31   0  16 -27  49   0 0.00  0.0    5  6.2 15 200   M    M   0 18     20 200
 7  49  25  37  -6  28   0 0.00  0.0    1 12.2 22 210   M    M   0        28 200
 8  51  29  40  -3  25   0 0.00  0.0    0  4.4 13 210   M    M   0        17 220
 9  50  36  43  -1  22   0    T  0.0    0  2.7 10 210   M    M   8        13 210
10  54  45  50   6  15   0 0.96  0.0    0  4.4 12 320   M    M  10 12     14 320
11  63  43  53   9  12   0 0.00  0.0    0  2.4  8 360   M    M   6 128    10  10
12  67  41  54   9  11   0 0.00  0.0    0  7.8 16  80   M    M   1 18     20  80
13  57  50  54   9  11   0 1.82  0.0    0  4.8  9 160   M    M  10 1      12 140
14  64  45  55  10  10   0 0.21  0.0    0  4.9 14 330   M    M   5 1      18 320
15  65  37  51   5  14   0 0.00  0.0    0  3.9 12 210   M    M   0        15 200
16  75  45  60  14   5   0 0.00  0.0    0  9.3 21 210   M    M   0        24 210
17  61  39  50   4  15   0 0.00  0.0    0 12.8 24 360   M    M   0        33  10
18  50  35  43  -4  22   0 0.06  0.0    0  8.6 20  90   M    M   3 8      24  80
19  49  41  45  -2  20   0 0.06    M    0  5.9 17  80   M    M  10 1      22  80
20  51  42  47   0  18   0    T  0.0    0  4.1  9 350   M    M   9 18     13 310
21  70  40  55   7  10   0 0.00  0.0    0  6.1 15 190   M    M   0 18     18 190
22  65  43  54   6  11   0 0.00  0.0    0  8.6 15  60   M    M   0        18  60
23  66  37  52   4  13   0 0.00  0.0    0  7.0 14  20   M    M   2        18  20
24  53  36  45  -4  20   0 0.05  0.0    0  9.4 20 130   M    M   6 18     27 130
25  67  51  59  10   6   0 0.28  0.0    0  8.5 26 250   M    M   5 138    33 350
26  52  35  44  -5  21   0 0.76  0.0    0  9.1 18 340   M    M   6 138    24 340
27  43  30  37 -13  28   0    T    T    0  8.3 18 330   M    M   5 18     26 330
28  44  25  35 -15  30   0 0.00  0.0    0  3.4 12 350   M    M   0        14 350
29  62  27  45  -5  20   0    T  0.0    0 11.0 23 220   M    M   3        32 210
================================================================================
SM 1555  992       604   0  6.85     8.5 205.6          M      123
================================================================================
AV 53.6 34.2                               7.1 FASTST   M    M   4    MAX(MPH)
                                 MISC ---->  # 26 250               # 33   10
================================================================================
NOTES:
# LAST OF SEVERAL OCCURRENCES

COLUMN 17 PEAK WIND IN M.P.H.

PRELIMINARY LOCAL CLIMATOLOGICAL DATA (WS FORM: F-6) , PAGE 2

                                          STATION:  EVANSVILLE IN
                                          MONTH:    MARCH
                                          YEAR:     2015
                                          LATITUDE:   38  2 N
                                          LONGITUDE:  87 32 W

[TEMPERATURE DATA]      [PRECIPITATION DATA]       SYMBOLS USED IN COLUMN 16

AVERAGE MONTHLY: 43.9   TOTAL FOR MONTH:   6.85    1 = FOG OR MIST
DPTR FM NORMAL:  -1.7   DPTR FM NORMAL:    2.90    2 = FOG REDUCING VISIBILITY
HIGHEST:    75 ON 16    GRTST 24HR  1.82 ON 13-13      TO 1/4 MILE OR LESS
LOWEST:      0 ON  6                               3 = THUNDER
                        SNOW, ICE PELLETS, HAIL    4 = ICE PELLETS
                        TOTAL MONTH:   8.5 INCHES  5 = HAIL
                        GRTST 24HR   8.5 ON  4- 4  6 = FREEZING RAIN OR DRIZZLE
                        GRTST DEPTH:   5 ON  6, 5  7 = DUSTSTORM OR SANDSTORM:
                                                       VSBY 1/2 MILE OR LESS
                                                   8 = SMOKE OR HAZE
[NO. OF DAYS WITH]      [WEATHER - DAYS WITH]      9 = BLOWING SNOW
                                                   X = TORNADO
MAX 32 OR BELOW:   2    0.01 INCH OR MORE:  11
MAX 90 OR ABOVE:   0    0.10 INCH OR MORE:   7
MIN 32 OR BELOW:  10    0.50 INCH OR MORE:   5
MIN  0 OR BELOW:   1    1.00 INCH OR MORE:   3

[HDD (BASE 65) ]
TOTAL THIS MO.   604    CLEAR  (SCALE 0-3)  14
DPTR FM NORMAL    43    PTCLDY (SCALE 4-7)   7
TOTAL FM JUL 1  4440    CLOUDY (SCALE 8-10)  8
DPTR FM NORMAL   305

[CDD (BASE 65) ]
TOTAL THIS MO.     0
DPTR FM NORMAL     0    [PRESSURE DATA]
TOTAL FM JAN 1     0    HIGHEST SLP M ON M
DPTR FM NORMAL     0    LOWEST  SLP 29.82 ON  3

[REMARKS]
