000
CXAK56 PAFG 281159
CF6FAI
PRELIMINARY LOCAL CLIMATOLOGICAL DATA (WS FORM: F-6)

                                          STATION:   FAIRBANKS AK
                                          MONTH:     APRIL
                                          YEAR:      2016
                                          LATITUDE:   64 49 N
                                          LONGITUDE: 147 52 W

  TEMPERATURE IN F:       :PCPN:    SNOW:  WIND      :SUNSHINE: SKY     :PK WND
================================================================================
1   2   3   4   5  6A  6B    7    8   9   10  11  12  13   14  15   16   17  18
                                     12Z  AVG MX 2MIN
DY MAX MIN AVG DEP HDD CDD  WTR  SNW DPTH SPD SPD DIR MIN PSBL S-S WX    SPD DR
================================================================================

 1  38  26  32  10  33   0 0.00  0.0    6 10.5 18  20   M    M   8        23  20
 2  39  19  29   7  36   0 0.02  0.6    6  2.6 12 350   M    M   9 18     13 220
 3  45  27  36  13  29   0 0.12  2.3    7  4.3 10  50   M    M   6 1      11 360
 4  46  28  37  13  28   0 0.00  0.0    6 10.6 18  60   M    M   6        22  70
 5  52  30  41  16  24   0 0.00  0.0    5  5.3 13 360   M    M   6        15 360
 6  54  24  39  13  26   0 0.00  0.0    4  1.9  8  30   M    M   6         9  30
 7  54  27  41  15  24   0    T  0.0    4  8.3 18  70   M    M   6        24  60
 8  43  32  38  11  27   0 0.07  0.8    2  5.8 15 340   M    M   9 1      19 350
 9  52  28  40  12  25   0 0.00  0.0    T  5.8 14  50   M    M   7        18  80
10  54  35  45  16  20   0 0.00  0.0    T  4.7 10 250   M    M   8        15 240
11  55  32  44  14  21   0    T  0.0    T  6.3 16 350   M    M   6        19 360
12  50  31  41  11  24   0 0.00  0.0    T 12.7 21  20   M    M   3        23  20
13  45  27  36   5  29   0 0.00  0.0    T 10.1 16 360   M    M   4        20 350
14  47  31  39   7  26   0 0.00  0.0    0 10.6 20 360   M    M   8        23 360
15  53  27  40   8  25   0 0.00  0.0    0  7.2 16 350   M    M   5        18 350
16  49  23  36   3  29   0 0.00  0.0    0  2.1 10 200   M    M   5        14 190
17  55  26  41   7  24   0    T  0.0    0  3.9 23  50   M    M   7        30  40
18  52  31  42   7  23   0 0.00  0.0    0  4.4 14  40   M    M   8        18 110
19  57  28  43   7  22   0 0.00  0.0    0  5.2 22 170   M    M   5        30 170
20  60  26  43   7  22   0 0.00  0.0    0  5.7 15  30   M    M   3        26 330
21  61  36  49  12  16   0 0.00  0.0    0 11.9 24  30   M    M   5        30  60
22  60  38  49  11  16   0 0.00  0.0    0 10.9 20 360   M    M   7        24  10
23  66  37  52  14  13   0 0.00  0.0    0  6.4 15 340   M    M   6        18 340
24  66  30  48   9  17   0 0.00  0.0    0  4.6 13 350   M    M   3        14 350
25  67  39  53  14  12   0 0.02  0.0    0  7.0 21  40   M    M   5        24 130
26  66  41  54  14  11   0 0.10  0.0    0  5.6 18  70   M    M   7        23  70
27  61  40  51  10  14   0 0.19  0.0    0  4.5 17 180   M    M   8        20 180
================================================================================
SM 1447  819       616   0  0.52     3.7 178.9          M      166
================================================================================
AV 53.6 30.3                               6.6 FASTST   M    M   6    MAX(MPH)
                                 MISC ---->  # 24  30               # 30   40
================================================================================
NOTES:
# LAST OF SEVERAL OCCURRENCES

COLUMN 17 PEAK WIND IN M.P.H.

PRELIMINARY LOCAL CLIMATOLOGICAL DATA (WS FORM: F-6) , PAGE 2

                                          STATION:  FAIRBANKS AK
                                          MONTH:    APRIL
                                          YEAR:     2016
                                          LATITUDE:   64 49 N
                                          LONGITUDE: 147 52 W

[TEMPERATURE DATA]      [PRECIPITATION DATA]       SYMBOLS USED IN COLUMN 16

AVERAGE MONTHLY: 42.0   TOTAL FOR MONTH:   0.52    1 = FOG OR MIST
DPTR FM NORMAL:  10.4   DPTR FM NORMAL:    0.26    2 = FOG REDUCING VISIBILITY
HIGHEST:    67 ON 25    GRTST 24HR  0.29 ON 26-27      TO 1/4 MILE OR LESS
LOWEST:     19 ON  2                               3 = THUNDER
                        SNOW, ICE PELLETS, HAIL    4 = ICE PELLETS
                        TOTAL MONTH:   3.7 INCHES  5 = HAIL
                        GRTST 24HR   2.3 ON   M    6 = FREEZING RAIN OR DRIZZLE
                        GRTST DEPTH:   7 ON  3     7 = DUSTSTORM OR SANDSTORM:
                                                       VSBY 1/2 MILE OR LESS
                                                   8 = SMOKE OR HAZE
[NO. OF DAYS WITH]      [WEATHER - DAYS WITH]      9 = BLOWING SNOW
                                                   X = TORNADO
MAX 32 OR BELOW:   0    0.01 INCH OR MORE:   6
MAX 90 OR ABOVE:   0    0.10 INCH OR MORE:   3
MIN 32 OR BELOW:  20    0.50 INCH OR MORE:   0
MIN  0 OR BELOW:   0    1.00 INCH OR MORE:   0

[HDD (BASE 65) ]
TOTAL THIS MO.   616    CLEAR  (SCALE 0-3)   2
DPTR FM NORMAL  -288    PTCLDY (SCALE 4-7)  23
TOTAL FM JUL 1 11418    CLOUDY (SCALE 8-10)  2
DPTR FM NORMAL -1536

[CDD (BASE 65) ]
TOTAL THIS MO.     0
DPTR FM NORMAL     0    [PRESSURE DATA]
TOTAL FM JAN 1     0    HIGHEST SLP M ON M
DPTR FM NORMAL     0    LOWEST  SLP 29.45 ON 10

[REMARKS]
