000
CXUS53 KFGF 190915
CF6FAR
PRELIMINARY LOCAL CLIMATOLOGICAL DATA (WS FORM: F-6)

                                          STATION:   FARGO HECTOR INTL AP ND
                                          MONTH:     JANUARY
                                          YEAR:      2017
                                          LATITUDE:   46 54 N
                                          LONGITUDE:  96 48 W

  TEMPERATURE IN F:       :PCPN:    SNOW:  WIND      :SUNSHINE: SKY     :PK WND
================================================================================
1   2   3   4   5  6A  6B    7    8   9   10  11  12  13   14  15   16   17  18
                                     12Z  AVG MX 2MIN
DY MAX MIN AVG DEP HDD CDD  WTR  SNW DPTH SPD SPD DIR MIN PSBL S-S WX    SPD DR
================================================================================

 1  27  17  22  12  43   0 0.02  0.3    2 11.4 18  50   M    M   7 1      22  80
 2  22  13  18   8  47   0 0.60  9.2    M 12.5 21 320   M    M  10 1      24 320
 3  13  -8   3  -7  62   0    T    T   10 18.4 28 320   M    M   7 189    34 310
 4  -1 -16  -8 -18  73   0    T    T   10  7.2 15 300   M    M   4 18     18 310
 5  -5 -20 -12 -21  77   0 0.00  0.0    9  6.8 12 300   M    M   3 18     14 290
 6   1 -15  -7 -16  72   0 0.01  0.2    9  5.6 14 250   M    M   3 18     15 250
 7  -1 -15  -8 -17  73   0 0.00  0.0    8  6.1 12 280   M    M   1        14 250
 8  12 -11   1  -8  64   0    T  0.1    8 13.9 26 150   M    M   3 18     34 140
 9  14  -6   4  -5  61   0 0.05  0.5    8  5.5 13 120   M    M   7 18     15  50
10  12  -5   4  -5  61   0 0.22  2.3    9 14.1 26 300   M    M   4 128    31 300
11   3 -10  -3 -12  68   0 0.02  0.3   10  9.1 18 300   M    M   3 18     23 300
12   6 -20  -7 -16  72   0 0.00  0.0   10 15.6 32 300   M    M   1 89     39 300
13   6 -22  -8 -17  73   0 0.00  0.0   10 12.9 25 160   M    M   3 8      35 170
14  13  -2   6  -3  59   0 0.00  0.0   10  8.1 14 190   M    M   0        17 170
15  23   6  15   6  50   0 0.00  0.0    9 11.6 18 170   M    M   0        22 170
16  22   5  14   5  51   0 0.00  0.0    9  5.8 13 190   M    M   0 1      13 180
17  26   1  14   5  51   0 0.00  0.0    9 10.0 22 180   M    M   0        27 190
18  36  19  28  19  37   0 0.00  0.0    9 10.3 15 160   M    M   0        18 160
================================================================================
SM  229  -89      1094   0  0.92    12.9 184.9          M       56
================================================================================
AV 12.7 -4.9                              10.3 FASTST   M    M   3    MAX(MPH)
                                 MISC ---->  # 32 300               # 39  300
================================================================================
NOTES:
# LAST OF SEVERAL OCCURRENCES

COLUMN 17 PEAK WIND IN M.P.H.

PRELIMINARY LOCAL CLIMATOLOGICAL DATA (WS FORM: F-6) , PAGE 2

                                          STATION:  FARGO HECTOR INTL AP ND
                                          MONTH:    JANUARY
                                          YEAR:     2017
                                          LATITUDE:   46 54 N
                                          LONGITUDE:  96 48 W

[TEMPERATURE DATA]      [PRECIPITATION DATA]       SYMBOLS USED IN COLUMN 16

AVERAGE MONTHLY:  3.9   TOTAL FOR MONTH:   0.92    1 = FOG OR MIST
DPTR FM NORMAL:  -5.3   DPTR FM NORMAL:    0.48    2 = FOG REDUCING VISIBILITY
HIGHEST:    36 ON 18    GRTST 24HR  0.60 ON  2- 2      TO 1/4 MILE OR LESS
LOWEST:    -22 ON 13                               3 = THUNDER
                        SNOW, ICE PELLETS, HAIL    4 = ICE PELLETS
                        TOTAL MONTH:  12.9 INCHES  5 = HAIL
                        GRTST 24HR   9.2 ON   M    6 = FREEZING RAIN OR DRIZZLE
                        GRTST DEPTH:  10 ON 14,13  7 = DUSTSTORM OR SANDSTORM:
                                                       VSBY 1/2 MILE OR LESS
                                                   8 = SMOKE OR HAZE
[NO. OF DAYS WITH]      [WEATHER - DAYS WITH]      9 = BLOWING SNOW
                                                   X = TORNADO
MAX 32 OR BELOW:  17    0.01 INCH OR MORE:   6
MAX 90 OR ABOVE:   0    0.10 INCH OR MORE:   2
MIN 32 OR BELOW:  18    0.50 INCH OR MORE:   1
MIN  0 OR BELOW:  12    1.00 INCH OR MORE:   0

[HDD (BASE 65) ]
TOTAL THIS MO.  1094    CLEAR  (SCALE 0-3)  10
DPTR FM NORMAL    90    PTCLDY (SCALE 4-7)   7
TOTAL FM JUL 1  3909    CLOUDY (SCALE 8-10)  1
DPTR FM NORMAL  -635

[CDD (BASE 65) ]
TOTAL THIS MO.     0
DPTR FM NORMAL     0    [PRESSURE DATA]
TOTAL FM JAN 1     0    HIGHEST SLP M ON M
DPTR FM NORMAL     0    LOWEST  SLP 29.61 ON 10

[REMARKS]
