000
CXUS53 KFGF 290915
CF6FAR
PRELIMINARY LOCAL CLIMATOLOGICAL DATA (WS FORM: F-6)

                                          STATION:   FARGO HECTOR INTL AP ND
                                          MONTH:     MARCH
                                          YEAR:      2015
                                          LATITUDE:   46 54 N
                                          LONGITUDE:  96 48 W

  TEMPERATURE IN F:       :PCPN:    SNOW:  WIND      :SUNSHINE: SKY     :PK WND
================================================================================
1   2   3   4   5  6A  6B    7    8   9   10  11  12  13   14  15   16   17  18
                                     12Z  AVG MX 2MIN
DY MAX MIN AVG DEP HDD CDD  WTR  SNW DPTH SPD SPD DIR MIN PSBL S-S WX    SPD DR
================================================================================

 1  24  -2  11  -9  54   0    T    T    3 10.8 23 330   M    M   4 8      26 310
 2  33   1  17  -4  48   0 0.00  0.0    3 16.4 32 160   M    M   2 8      42 160
 3  28   0  14  -7  51   0 0.02  0.2    3 21.8 33 320   M    M   6 1      40 320
 4   7  -7   0 -22  65   0 0.00  0.0    3 12.5 21 300   M    M   3 8      29 300
 5  25 -11   7 -15  58   0 0.00  0.0    3 14.0 24 190   M    M   0        29 180
 6  40  11  26   3  39   0 0.00  0.0    3 10.5 20 210   M    M   3        23 200
 7  43  28  36  13  29   0 0.00  0.0    T 10.6 21 310   M    M   5        26 310
 8  49  26  38  14  27   0 0.00  0.0    T 11.4 23 280   M    M   2        26 270
 9  58  31  45  21  20   0 0.00  0.0    0 10.6 20 200   M    M   1        23 200
10  58  28  43  18  22   0 0.00  0.0    0 11.4 26 340   M    M   1        30 340
11  59  28  44  19  21   0 0.00  0.0    0 11.6 24 150   M    M   2        31 150
12  63  39  51  25  14   0 0.00  0.0    0 10.3 21 140   M    M   0        33 140
13  53  30  42  16  23   0 0.00  0.0    0 12.9 25 320   M    M   1 18     30 310
14  68  24  46  19  19   0 0.00  0.0    0  9.6 22 160   M    M   0 1      30 160
15  75  48  62  35   3   0 0.00  0.0    0 14.9 33 280   M    M   2        40 280
16  56  19  38  10  27   0 0.01  0.0    0 13.8 31 360   M    M   4        38 360
17  49  18  34   6  31   0 0.00  0.0    0  8.0 17 280   M    M   0        24 300
18  46  27  37   8  28   0    T    T    0  7.2 18 190   M    M   5 1      20 200
19  47  28  38   9  27   0    T  0.0    0 11.2 23 160   M    M   8        28 170
20  37  21  29  -1  36   0    T    T    0 11.1 25 360   M    M   7 18     31  10
21  28  14  21  -9  44   0 0.00  0.0    0  9.3 14  40   M    M   6        17  60
22  41  28  35   4  30   0    T    T    0  9.1 17  70   M    M   7        20 150
23  37  30  34   3  31   0    T    T    0 15.2 26 160   M    M  10        33 170
24  40  32  36   4  29   0    T  0.0    0 23.4 35 150   M    M  10 18     46 160
25  43  28  36   4  29   0 0.03  0.2    0 23.8 39 310   M    M   9 18     48 310
26  37  13  25  -8  40   0    T    T    0 12.6 26 350   M    M   5        33 350
27  38   9  24 -10  41   0    T    T    0  7.8 18 190   M    M   5        22 180
28  54  26  40   6  25   0    T  0.0    0 19.0 32 160   M    M   1        45 150
================================================================================
SM 1236  567       911   0  0.06     0.4 360.8          M      109
================================================================================
AV 44.1 20.2                              12.9 FASTST   M    M   4    MAX(MPH)
                                 MISC ---->  # 39 310               # 48  310
================================================================================
NOTES:
# LAST OF SEVERAL OCCURRENCES

COLUMN 17 PEAK WIND IN M.P.H.

PRELIMINARY LOCAL CLIMATOLOGICAL DATA (WS FORM: F-6) , PAGE 2

                                          STATION:  FARGO HECTOR INTL AP ND
                                          MONTH:    MARCH
                                          YEAR:     2015
                                          LATITUDE:   46 54 N
                                          LONGITUDE:  96 48 W

[TEMPERATURE DATA]      [PRECIPITATION DATA]       SYMBOLS USED IN COLUMN 16

AVERAGE MONTHLY: 32.2   TOTAL FOR MONTH:   0.06    1 = FOG OR MIST
DPTR FM NORMAL:   5.2   DPTR FM NORMAL:   -1.11    2 = FOG REDUCING VISIBILITY
HIGHEST:    75 ON 15    GRTST 24HR  0.03 ON 25-25      TO 1/4 MILE OR LESS
LOWEST:    -11 ON  5                               3 = THUNDER
                        SNOW, ICE PELLETS, HAIL    4 = ICE PELLETS
                        TOTAL MONTH:   0.4 INCH    5 = HAIL
                        GRTST 24HR   0.2 ON   M    6 = FREEZING RAIN OR DRIZZLE
                        GRTST DEPTH:   3 ON  6, 5  7 = DUSTSTORM OR SANDSTORM:
                                                       VSBY 1/2 MILE OR LESS
                                                   8 = SMOKE OR HAZE
[NO. OF DAYS WITH]      [WEATHER - DAYS WITH]      9 = BLOWING SNOW
                                                   X = TORNADO
MAX 32 OR BELOW:   5    0.01 INCH OR MORE:   3
MAX 90 OR ABOVE:   0    0.10 INCH OR MORE:   0
MIN 32 OR BELOW:  26    0.50 INCH OR MORE:   0
MIN  0 OR BELOW:   4    1.00 INCH OR MORE:   0

[HDD (BASE 65) ]
TOTAL THIS MO.   911    CLEAR  (SCALE 0-3)  14
DPTR FM NORMAL  -152    PTCLDY (SCALE 4-7)  11
TOTAL FM JUL 1  7327    CLOUDY (SCALE 8-10)  3
DPTR FM NORMAL  -414

[CDD (BASE 65) ]
TOTAL THIS MO.     0
DPTR FM NORMAL     0    [PRESSURE DATA]
TOTAL FM JAN 1     0    HIGHEST SLP M ON M
DPTR FM NORMAL     0    LOWEST  SLP 29.60 ON 28

[REMARKS]
