000
CXUS53 KMPX 011000
CF6FCM
PRELIMINARY LOCAL CLIMATOLOGICAL DATA (WS FORM: F-6)

                                          STATION:   MINNEAPOLIS FLYING CLOUD MN
                                          MONTH:     JUNE
                                          YEAR:      2015
                                          LATITUDE:   44 49 N
                                          LONGITUDE:  93 27 W

  TEMPERATURE IN F:       :PCPN:    SNOW:  WIND      :SUNSHINE: SKY     :PK WND
================================================================================
1   2   3   4   5  6A  6B    7    8   9   10  11  12  13   14  15   16   17  18
                                     12Z  AVG MX 2MIN
DY MAX MIN AVG DEP HDD CDD  WTR  SNW DPTH SPD SPD DIR MIN PSBL S-S WX    SPD DR
================================================================================

 1  71  51  61  -3   4   0 0.00    M    M  9.6 17 130   M    M   0        22 150
 2  77  54  66   1   0   1 0.00    M    M 12.3 23 170   M    M   0        29 150
 3  67  59  63  -2   2   0 0.66    M    M  7.7 18 180   M    M   9 13     24 180
 4  73  59  66   1   0   1 0.00    M    M  4.0 10 330   M    M   7 12     13 340
 5  76  61  69   3   0   4 0.00    M    M  7.4 14  60   M    M   3        19 130
 6  81  59  70   4   0   5 0.18    M    M 12.8 25 170   M    M   6 13     31 180
 7  82  62  72   6   0   7 0.10    M    M  9.2 17 300   M    M   3 3      22 290
 8  81  60  71   4   0   6 0.00    M    M  6.8 16 320   M    M   1 8      23 290
 9  92  61  77  10   0  12 0.03    M    M  5.2 26 280   M    M   1 38     37 280
10  79  63  71   4   0   6    T    M    M  7.6 15 330   M    M   0 8      20 330
11  66  58  62  -6   3   0 0.27    M    M  8.8 17  60   M    M   9 1      22  50
12  80  54  67  -1   0   2 0.00    M    M  8.5 17  80   M    M   0 8      21  80
13  72  62  67  -1   0   2 0.01    M    M  5.2 10 110   M    M   9 18     14 120
14  85  61  73   4   0   8 0.00    M    M  4.4 15 290   M    M   4        19 280
15  78  63  71   2   0   6 0.00    M    M  9.6 18 320   M    M   1 8      24 310
16  73  54  64  -5   1   0    T    M    M  6.9 16  10   M    M   2        23  40
17  79  60  70   0   0   5 0.18    M    M  8.3 14 360   M    M   7 13     20 180
18  80  62  71   1   0   6 0.00    M    M  7.3 14 320   M    M   3 8      19 300
19  81  59  70   0   0   5 0.00    M    M  9.2 18 190   M    M   1        23 170
20  83  64  74   4   0   9 0.34    M    M 10.2 18 230   M    M   5 13     29 190
21  87  61  74   3   0   9 0.00    M    M  4.2 12 270   M    M   1        15 270
22  82  63  73   2   0   8 1.23    M    M 11.8 30  80   M    M   3 13     39  80
23  80  59  70  -1   0   5 0.00    M    M  6.1 13 230   M    M   1        18 310
24  78  58  68  -4   0   3 0.00    M    M  4.7 13 180   M    M   0 18     18 180
25  84  61  73   1   0   8 0.00    M    M  4.4 13  20   M    M   2 18     17 340
26  83  61  72   0   0   7 0.06    M    M  4.6 13 290   M    M   1 38     16 300
27  82  57  70  -2   0   5 0.03    M    M  4.3 14 220   M    M   1 13     16 190
28  83  63  73   1   0   8 0.61    M    M  5.0 40 350   M    M   5 13     55 330
29  84  63  74   1   0   9 0.68    M    M  6.3 18  60   M    M   2 138    26  10
30  78  62  70  -3   0   5 0.00    M    M  6.9 12  90   M    M   1 18     16  90
================================================================================
SM 2377 1794        10 152  4.38    M    219.3          M       88
================================================================================
AV 79.2 59.8                               7.3 FASTST   M    M   3    MAX(MPH)
                                 MISC ---->  # 40 350               # 55  330
================================================================================
NOTES:
# LAST OF SEVERAL OCCURRENCES

COLUMN 17 PEAK WIND IN M.P.H.

PRELIMINARY LOCAL CLIMATOLOGICAL DATA (WS FORM: F-6) , PAGE 2

                                          STATION:  MINNEAPOLIS FLYING CLOUD MN
                                          MONTH:    JUNE
                                          YEAR:     2015
                                          LATITUDE:   44 49 N
                                          LONGITUDE:  93 27 W

[TEMPERATURE DATA]      [PRECIPITATION DATA]       SYMBOLS USED IN COLUMN 16

AVERAGE MONTHLY: 69.5   TOTAL FOR MONTH:   4.38    1 = FOG OR MIST
DPTR FM NORMAL:   0.5   DPTR FM NORMAL:    0.05    2 = FOG REDUCING VISIBILITY
HIGHEST:    92 ON  9    GRTST 24HR  1.23 ON 22-22      TO 1/4 MILE OR LESS
LOWEST:     51 ON  1                               3 = THUNDER
                        SNOW, ICE PELLETS, HAIL    4 = ICE PELLETS
                        TOTAL MONTH:    M          5 = HAIL
                        GRTST 24HR    M  ON   M    6 = FREEZING RAIN OR DRIZZLE
                        GRTST DEPTH:  M  ON   M    7 = DUSTSTORM OR SANDSTORM:
                                                       VSBY 1/2 MILE OR LESS
                                                   8 = SMOKE OR HAZE
[NO. OF DAYS WITH]      [WEATHER - DAYS WITH]      9 = BLOWING SNOW
                                                   X = TORNADO
MAX 32 OR BELOW:   0    0.01 INCH OR MORE:  13
MAX 90 OR ABOVE:   1    0.10 INCH OR MORE:   9
MIN 32 OR BELOW:   0    0.50 INCH OR MORE:   4
MIN  0 OR BELOW:   0    1.00 INCH OR MORE:   1

[HDD (BASE 65) ]
TOTAL THIS MO.    10    CLEAR  (SCALE 0-3)  20
DPTR FM NORMAL   -29    PTCLDY (SCALE 4-7)   7
TOTAL FM JUL 1  7569    CLOUDY (SCALE 8-10)  3
DPTR FM NORMAL   -44

[CDD (BASE 65) ]
TOTAL THIS MO.   152
DPTR FM NORMAL    -5    [PRESSURE DATA]
TOTAL FM JAN 1   173    HIGHEST SLP 30.26 ON  1
DPTR FM NORMAL   -27    LOWEST  SLP 29.39 ON 22

[REMARKS]
#FINAL-06-15#
