000
CXUS54 KOUN 280700
CF6FDR
PRELIMINARY LOCAL CLIMATOLOGICAL DATA (WS FORM: F-6)

                                          STATION:   FREDERICK MUNICIPAL
                                          MONTH:     MAY
                                          YEAR:      2016
                                          LATITUDE:   34 21 N
                                          LONGITUDE:  98 59 W

  TEMPERATURE IN F:       :PCPN:    SNOW:  WIND      :SUNSHINE: SKY     :PK WND
================================================================================
1   2   3   4   5  6A  6B    7    8   9   10  11  12  13   14  15   16   17  18
                                     12Z  AVG MX 2MIN
DY MAX MIN AVG DEP HDD CDD  WTR  SNW DPTH SPD SPD DIR MIN PSBL S-S WX    SPD DR
================================================================================

 1  67  47  57 -10   8   0 0.02  0.0    0 14.6 24 360   M    M   3        30 360
 2  70  47  59  -9   6   0 0.00  0.0    0 10.4 20 350   M    M   2        27 360
 3  77  48  63  -5   2   0    T  0.0    0  6.6 28 340   M    M   1        37 340
 4  86  50  68   0   0   3 0.00  0.0    0  9.7 17 320   M    M   0 1      22  30
 5  85  52  69   1   0   4 0.00  0.0    0  6.1 10 120   M    M   0        14 120
 6  85  53  69   0   0   4 0.00  0.0    0  9.5 20 150   M    M   0        24 130
 7  86  56  71   2   0   6    T  0.0    0 13.4 25 160   M    M   0        34 150
 8  86  61  74   4   0   9 0.01  0.0    0 13.5 38 160   M    M   2 18     52 160
 9  90  64  77   7   0  12 0.00  0.0    0 11.4 32 240   M    M   0        44 220
10  97  55  76   6   0  11 0.00  0.0    0 11.5 26 170   M    M   0        36 170
11  88  64  76   6   0  11 0.00  0.0    0 10.1 23 240   M    M   1        28 230
12  81  60  71   0   0   6 0.51  0.0    0 10.4 29 290   M    M   2 1      36 300
13  86  56  71   0   0   6    T  0.0    0  9.8 22 360   M    M   1        28 360
14  72  54  63  -8   2   0    T  0.0    0 13.7 25  40   M    M   6        35  50
15  61  55  58 -14   7   0 0.14  0.0    0  7.5 15  60   M    M  10 1      20  60
16  82  59  71  -1   0   6    T  0.0    0 12.6 22 150   M    M   7 1      27 160
17  67  55  61 -11   4   0 1.95  0.0    0 15.0 33  30   M    M  10 1      41  20
18  65  54  60 -13   5   0    T  0.0    0  9.4 18  20   M    M   8        22  20
19  63  54  59 -14   6   0 0.47  0.0    0  5.1 14  50   M    M  10 1      15  50
20  78  57  68  -5   0   3 0.00  0.0    0  7.7 14 130   M    M   7 1      18 140
21  84  63  74   0   0   9 0.00  0.0    0 12.7 22 110   M    M   7        28 120
22  85  67  76   2   0  11 0.20  0.0    0 13.9 21 150   M    M   7 1      29 150
23  84  61  73  -1   0   8 0.04  0.0    0 13.7 43 350   M    M   7 1      61 340
24  89  63  76   1   0  11 0.49  0.0    0 13.6 36 350   M    M   5 1      48 350
25  95  73  84   9   0  19 0.00  0.0    0 15.6 22 190   M    M   2 18     28 190
26  91   M   M   M   M   M    M  0.0    0   M   M   M   M    M   3 1       M  M
27   M   M   M   M   M   M    M    M    M   M   M   M   M    M   M         M  M
================================================================================
SM 2100 1428        40 139  3.83     0.0 277.5          M      101
================================================================================
AV 80.8 57.1                              11.1 FASTST   M    M   4    MAX(MPH)
                                 MISC ---->  # 43 350               # 61  340
================================================================================
NOTES:
# LAST OF SEVERAL OCCURRENCES

COLUMN 17 PEAK WIND IN M.P.H.

PRELIMINARY LOCAL CLIMATOLOGICAL DATA (WS FORM: F-6) , PAGE 2

                                          STATION:  FREDERICK MUNICIPAL
                                          MONTH:    MAY
                                          YEAR:     2016
                                          LATITUDE:   34 21 N
                                          LONGITUDE:  98 59 W

[TEMPERATURE DATA]      [PRECIPITATION DATA]       SYMBOLS USED IN COLUMN 16

AVERAGE MONTHLY: 68.9   TOTAL FOR MONTH:   3.83    1 = FOG OR MIST
DPTR FM NORMAL:  -2.5   DPTR FM NORMAL:    0.55    2 = FOG REDUCING VISIBILITY
HIGHEST:    97 ON 10    GRTST 24HR  1.95 ON 17-17      TO 1/4 MILE OR LESS
LOWEST:     47 ON  2, 1                            3 = THUNDER
                        SNOW, ICE PELLETS, HAIL    4 = ICE PELLETS
                        TOTAL MONTH:   0.0 INCH    5 = HAIL
                        GRTST 24HR     0.0         6 = FREEZING RAIN OR DRIZZLE
                        GRTST DEPTH:   0           7 = DUSTSTORM OR SANDSTORM:
                                                       VSBY 1/2 MILE OR LESS
                                                   8 = SMOKE OR HAZE
[NO. OF DAYS WITH]      [WEATHER - DAYS WITH]      9 = BLOWING SNOW
                                                   X = TORNADO
MAX 32 OR BELOW:   0    0.01 INCH OR MORE:   9
MAX 90 OR ABOVE:   4    0.10 INCH OR MORE:   6
MIN 32 OR BELOW:   0    0.50 INCH OR MORE:   2
MIN  0 OR BELOW:   0    1.00 INCH OR MORE:   1

[HDD (BASE 65) ]
TOTAL THIS MO.    40    CLEAR  (SCALE 0-3)  14
DPTR FM NORMAL    20    PTCLDY (SCALE 4-7)   9
TOTAL FM JUL 1  2247    CLOUDY (SCALE 8-10)  3
DPTR FM NORMAL  -803

[CDD (BASE 65) ]
TOTAL THIS MO.   139
DPTR FM NORMAL   -56    [PRESSURE DATA]
TOTAL FM JAN 1   195    HIGHEST SLP M ON M
DPTR FM NORMAL   -83    LOWEST  SLP 29.48 ON  9

[REMARKS]
