000
CXUS56 KFGZ 230900
CF6FLG
PRELIMINARY LOCAL CLIMATOLOGICAL DATA (WS FORM: F-6)

                                          STATION:   FLAGSTAFF AZ AIRPORT
                                          MONTH:     JANUARY
                                          YEAR:      2018
                                          LATITUDE:   35  7 N
                                          LONGITUDE: 111 40 W

  TEMPERATURE IN F:       :PCPN:    SNOW:  WIND      :SUNSHINE: SKY     :PK WND
================================================================================
1   2   3   4   5  6A  6B    7    8   9   10  11  12  13   14  15   16   17  18
                                     12Z  AVG MX 2MIN
DY MAX MIN AVG DEP HDD CDD  WTR  SNW DPTH SPD SPD DIR MIN PSBL S-S WX    SPD DR
================================================================================

 1  58  15  37   8  28   0 0.00  0.0    0  2.9 14 210   M    M   0        18 260
 2  47  20  34   5  31   0 0.00  0.0    0  7.1 22  60   M    M   0        29  50
 3  57  22  40  11  25   0 0.00  0.0    0  3.2 12 200   M    M   0        14 210
 4  59  26  43  14  22   0 0.00  0.0    0  4.1 16 220   M    M   1        20 200
 5  59  27  43  14  22   0 0.00  0.0    0  4.4 16 230   M    M   0        20 230
 6  56  24  40  10  25   0    T    M    0  8.9 22 210   M    M   3        27 210
 7  49  25  37   7  28   0    T  0.0    0  5.7 17  80   M    M   1        25  40
 8  51  23  37   7  28   0 0.00  0.0    0  3.5 22 220   M    M   4        26 230
 9  51  23  37   7  28   0 1.05  2.7    3 12.3 35 200   M    M   3 123    50 210
10  36  24  30   0  35   0 0.14  2.0    5  9.8 20 240   M    M   9 12     29 260
11  49  21  35   5  30   0 0.00  0.0    3  3.5 14 260   M    M   0        20 260
12  54  24  39   9  26   0 0.00  0.0    1  4.9 14 290   M    M   0        22 340
13  51  22  37   7  28   0 0.00  0.0    1  4.4 12  50   M    M   0        17  70
14  51  21  36   6  29   0 0.00  0.0    0  4.7 14  80   M    M   0        19  80
15  57  23  40  10  25   0 0.00  0.0    0  2.6 14  70   M    M   0        18 230
16  47  23  35   5  30   0 0.00  0.0    0  2.3 12  80   M    M   1        15  80
17  50  19  35   5  30   0 0.00  0.0    0  4.2 17  60   M    M   0        22  70
18  58  19  39   9  26   0 0.00  0.0    0  1.6 12 210   M    M   0        15 180
19  52  23  38   8  27   0 0.00  0.0    0  6.3 21 210   M    M   0        26 190
20  40  24  32   2  33   0 0.51  5.6    5 12.1 25 210   M    M   7 12     34 220
21  31   8  20 -10  45   0 0.01  1.0    6  7.0 16 230   M    M   3 1      28 300
22  35  -2  17 -13  48   0 0.00  0.0    4  3.2 14  50   M    M   0        19  60
================================================================================
SM 1098  454       649   0  1.71    11.3 118.7          M       32
================================================================================
AV 49.9 20.6                               5.4 FASTST   M    M   1    MAX(MPH)
                                 MISC ---->  # 35 200               # 50  210
================================================================================
NOTES:
# LAST OF SEVERAL OCCURRENCES

COLUMN 17 PEAK WIND IN M.P.H.

PRELIMINARY LOCAL CLIMATOLOGICAL DATA (WS FORM: F-6) , PAGE 2

                                          STATION:  FLAGSTAFF AZ AIRPORT
                                          MONTH:    JANUARY
                                          YEAR:     2018
                                          LATITUDE:   35  7 N
                                          LONGITUDE: 111 40 W

[TEMPERATURE DATA]      [PRECIPITATION DATA]       SYMBOLS USED IN COLUMN 16

AVERAGE MONTHLY: 35.3   TOTAL FOR MONTH:   1.71    1 = FOG OR MIST
DPTR FM NORMAL:   5.5   DPTR FM NORMAL:    0.22    2 = FOG REDUCING VISIBILITY
HIGHEST:    59 ON  5, 4 GRTST 24HR  1.05 ON  9- 9      TO 1/4 MILE OR LESS
LOWEST:     -2 ON 22                               3 = THUNDER
                        SNOW, ICE PELLETS, HAIL    4 = ICE PELLETS
                        TOTAL MONTH:  11.3 INCHES  5 = HAIL
                        GRTST 24HR   5.6 ON 20-20  6 = FREEZING RAIN OR DRIZZLE
                        GRTST DEPTH:   6 ON 21     7 = DUSTSTORM OR SANDSTORM:
                                                       VSBY 1/2 MILE OR LESS
                                                   8 = SMOKE OR HAZE
[NO. OF DAYS WITH]      [WEATHER - DAYS WITH]      9 = BLOWING SNOW
                                                   X = TORNADO
MAX 32 OR BELOW:   1    0.01 INCH OR MORE:   4
MAX 90 OR ABOVE:   0    0.10 INCH OR MORE:   3
MIN 32 OR BELOW:  22    0.50 INCH OR MORE:   2
MIN  0 OR BELOW:   1    1.00 INCH OR MORE:   1

[HDD (BASE 65) ]
TOTAL THIS MO.   649    CLEAR  (SCALE 0-3)  16
DPTR FM NORMAL  -127    PTCLDY (SCALE 4-7)   5
TOTAL FM JUL 1  2946    CLOUDY (SCALE 8-10)  1
DPTR FM NORMAL  -658

[CDD (BASE 65) ]
TOTAL THIS MO.     0
DPTR FM NORMAL     0    [PRESSURE DATA]
TOTAL FM JAN 1     0    HIGHEST SLP M ON M
DPTR FM NORMAL     0    LOWEST  SLP 29.64 ON M

[REMARKS]
