000
CXUS52 KMFL 241000
CF6FLL
PRELIMINARY LOCAL CLIMATOLOGICAL DATA (WS FORM: F-6)

                                          STATION:   FORT LAUDERDALE
                                          MONTH:     FEBRUARY
                                          YEAR:      2017
                                          LATITUDE:   26  4 N
                                          LONGITUDE:  80  9 W

  TEMPERATURE IN F:       :PCPN:    SNOW:  WIND      :SUNSHINE: SKY     :PK WND
================================================================================
1   2   3   4   5  6A  6B    7    8   9   10  11  12  13   14  15   16   17  18
                                     12Z  AVG MX 2MIN
DY MAX MIN AVG DEP HDD CDD  WTR  SNW DPTH SPD SPD DIR MIN PSBL S-S WX    SPD DR
================================================================================

 1  78  56  67  -3   0   2    T  0.0    0  6.4 16 100   M    M   6        21 110
 2  79  65  72   2   0   7 0.00  0.0    0  8.0 18 100   M    M   7        22 100
 3  81  70  76   6   0  11    T  0.0    0  6.9 14  60   M    M   5        17  60
 4  80  62  71   1   0   6 0.00  0.0    0  6.9 14  70   M    M   2        18  90
 5  80  67  74   4   0   9 0.00  0.0    0  4.9 13 120   M    M   4        15 130
 6  80  67  74   4   0   9 0.00  0.0    0  9.9 17 100   M    M   3        22  80
 7  80  72  76   6   0  11 0.00  0.0    0 11.0 17 150   M    M   5        23 130
 8  87  68  78   8   0  13 0.00  0.0    0  6.8 14 160   M    M   3        18 220
 9  87  68  78   8   0  13 0.13  0.0    0  9.0 21 350   M    M   5 123    28 340
10  77  62  70  -1   0   5 0.00  0.0    0 11.2 20  50   M    M   2        25  70
11  77  67  72   1   0   7 0.00  0.0    0  9.7 16 100   M    M   3        20 140
12  79  65  72   1   0   7 0.00  0.0    0  6.1 13 140   M    M   3        21 120
13  81  61  71   0   0   6 0.00  0.0    0  5.7 14 340   M    M   2        19 300
14  82  66  74   3   0   9 0.00  0.0    0  5.2 16 150   M    M   3 1      20 140
15  85  65  75   4   0  10    T  0.0    0 12.0 24 250   M    M   3        38 260
16  79  62  71   0   0   6 0.00  0.0    0 10.7 16 280   M    M   8        24 310
17  78  57  68  -3   0   3 0.00  0.0    0  8.1 16 120   M    M   4        20 110
18  80  64  72   1   0   7 0.00  0.0    0  6.9 16 150   M    M   7        20 160
19  88  70  79   8   0  14    T  0.0    0  8.1 20  60   M    M   6        24  60
20  81  66  74   3   0   9 0.00  0.0    0  8.0 17  90   M    M   5        21  90
21  78  70  74   3   0   9 0.00  0.0    0 11.1 20 120   M    M   8        22 130
22  76  65  71   0   0   6 1.40  0.0    0 13.3 28 130   M    M   9 1      35 130
23  80  63  72   1   0   7 0.00  0.0    0  8.1 17 260   M    M   5        22 230
================================================================================
SM 1853 1498         0 186  1.53     0.0 194.0          M      108
================================================================================
AV 80.6 65.1                               8.4 FASTST   M    M   5    MAX(MPH)
                                 MISC ---->  # 28 130               # 38  260
================================================================================
NOTES:
# LAST OF SEVERAL OCCURRENCES

COLUMN 17 PEAK WIND IN M.P.H.

PRELIMINARY LOCAL CLIMATOLOGICAL DATA (WS FORM: F-6) , PAGE 2

                                          STATION:  FORT LAUDERDALE
                                          MONTH:    FEBRUARY
                                          YEAR:     2017
                                          LATITUDE:   26  4 N
                                          LONGITUDE:  80  9 W

[TEMPERATURE DATA]      [PRECIPITATION DATA]       SYMBOLS USED IN COLUMN 16

AVERAGE MONTHLY: 72.9   TOTAL FOR MONTH:   1.53    1 = FOG OR MIST
DPTR FM NORMAL:   2.2   DPTR FM NORMAL:   -0.96    2 = FOG REDUCING VISIBILITY
HIGHEST:    88 ON 19    GRTST 24HR  1.40 ON 22-22      TO 1/4 MILE OR LESS
LOWEST:     56 ON  1                               3 = THUNDER
                        SNOW, ICE PELLETS, HAIL    4 = ICE PELLETS
                        TOTAL MONTH:   0.0 INCH    5 = HAIL
                        GRTST 24HR     0.0         6 = FREEZING RAIN OR DRIZZLE
                        GRTST DEPTH:   0           7 = DUSTSTORM OR SANDSTORM:
                                                       VSBY 1/2 MILE OR LESS
                                                   8 = SMOKE OR HAZE
[NO. OF DAYS WITH]      [WEATHER - DAYS WITH]      9 = BLOWING SNOW
                                                   X = TORNADO
MAX 32 OR BELOW:   0    0.01 INCH OR MORE:   2
MAX 90 OR ABOVE:   0    0.10 INCH OR MORE:   2
MIN 32 OR BELOW:   0    0.50 INCH OR MORE:   1
MIN  0 OR BELOW:   0    1.00 INCH OR MORE:   1

[HDD (BASE 65) ]
TOTAL THIS MO.     0    CLEAR  (SCALE 0-3)   6
DPTR FM NORMAL   -23    PTCLDY (SCALE 4-7)  15
TOTAL FM JUL 1    29    CLOUDY (SCALE 8-10)  2
DPTR FM NORMAL   -74

[CDD (BASE 65) ]
TOTAL THIS MO.   186
DPTR FM NORMAL    34    [PRESSURE DATA]
TOTAL FM JAN 1   399    HIGHEST SLP M ON M
DPTR FM NORMAL    77    LOWEST  SLP 29.91 ON 21

[REMARKS]
