000
CXUS52 KILM 191000
CF6FLO
PRELIMINARY LOCAL CLIMATOLOGICAL DATA (WS FORM: F-6)

                                          STATION:   FLORENCE SOUTH  CAROLINA
                                          MONTH:     SEPTEMBER
                                          YEAR:      2017
                                          LATITUDE:   34 10 N
                                          LONGITUDE:  79 43 W

  TEMPERATURE IN F:       :PCPN:    SNOW:  WIND      :SUNSHINE: SKY     :PK WND
================================================================================
1   2   3   4   5  6A  6B    7    8   9   10  11  12  13   14  15   16   17  18
                                     12Z  AVG MX 2MIN
DY MAX MIN AVG DEP HDD CDD  WTR  SNW DPTH SPD SPD DIR MIN PSBL S-S WX    SPD DR
================================================================================

 1  91  71  81   3   0  16 0.02    M    M  7.0 21 160   M    M   4 3      24 160
 2  85  71  78   0   0  13 0.00    M    M  5.9 13 180   M    M   3        17 180
 3  86  62  74  -4   0   9 0.00    M    M  4.3 13 280   M    M   0        15 280
 4  88  61  75  -3   0  10 0.00    M    M  3.9 12 190   M    M   0 1      15 180
 5  90  69  80   3   0  15 0.57    M    M  8.2 18 220   M    M   2 13     24 320
 6  85  65  75  -2   0  10 0.89    M    M  5.4 24 350   M    M   6 13     29 340
 7  79  58  69  -8   0   4 0.00    M    M  5.1 14 360   M    M   2 1      16 360
 8  79  55  67 -10   0   2 0.00    M    M  5.6 15  50   M    M   0        19  70
 9  80  56  68  -8   0   3 0.00    M    M 11.3 22  30   M    M   0        30  40
10  72  57  65 -11   0   0 0.00    M    M 14.0 23  40   M    M   0        28  50
11  70  61  66 -10   0   1 2.11    M    M 19.7 35  70   M    M   8 1      45  70
12  83  67  75  -1   0  10 0.45    M    M  6.9 17  80   M    M   6 1      22  80
13  84  59  72  -3   0   7 0.00    M    M  4.7 14 230   M    M   2 1      18 220
14  86  69  78   3   0  13 0.00    M    M  3.3 13 250   M    M   4        18 210
15  86  65  76   1   0  11 0.00    M    M  1.5 10 250   M    M   2 1      13 260
16  87  65  76   2   0  11 0.00    M    M  4.2 16 350   M    M   2        19 360
17  87  68  78   4   0  13 0.00    M    M  7.5 15  10   M    M   2        20  40
18  86  66  76   2   0  11 0.00    M    M  6.4 15  10   M    M   0        20  10
================================================================================
SM 1504 1145         0 159  4.04    M    124.9          M       43
================================================================================
AV 83.6 63.6                               6.9 FASTST   M    M   2    MAX(MPH)
                                 MISC ---->  # 35  70               # 45   70
================================================================================
NOTES:
# LAST OF SEVERAL OCCURRENCES

COLUMN 17 PEAK WIND IN M.P.H.

PRELIMINARY LOCAL CLIMATOLOGICAL DATA (WS FORM: F-6) , PAGE 2

                                          STATION:  FLORENCE SOUTH  CAROLINA
                                          MONTH:    SEPTEMBER
                                          YEAR:     2017
                                          LATITUDE:   34 10 N
                                          LONGITUDE:  79 43 W

[TEMPERATURE DATA]      [PRECIPITATION DATA]       SYMBOLS USED IN COLUMN 16

AVERAGE MONTHLY: 73.6   TOTAL FOR MONTH:   4.04    1 = FOG OR MIST
DPTR FM NORMAL:  -2.6   DPTR FM NORMAL:    1.74    2 = FOG REDUCING VISIBILITY
HIGHEST:    91 ON  1    GRTST 24HR  2.11 ON 11-11      TO 1/4 MILE OR LESS
LOWEST:     55 ON  8                               3 = THUNDER
                        SNOW, ICE PELLETS, HAIL    4 = ICE PELLETS
                        TOTAL MONTH:    M          5 = HAIL
                        GRTST 24HR    M  ON   M    6 = FREEZING RAIN OR DRIZZLE
                        GRTST DEPTH:  M  ON   M    7 = DUSTSTORM OR SANDSTORM:
                                                       VSBY 1/2 MILE OR LESS
                                                   8 = SMOKE OR HAZE
[NO. OF DAYS WITH]      [WEATHER - DAYS WITH]      9 = BLOWING SNOW
                                                   X = TORNADO
MAX 32 OR BELOW:   0    0.01 INCH OR MORE:   5
MAX 90 OR ABOVE:   2    0.10 INCH OR MORE:   4
MIN 32 OR BELOW:   0    0.50 INCH OR MORE:   3
MIN  0 OR BELOW:   0    1.00 INCH OR MORE:   1

[HDD (BASE 65) ]
TOTAL THIS MO.     0    CLEAR  (SCALE 0-3)  13
DPTR FM NORMAL     0    PTCLDY (SCALE 4-7)   5
TOTAL FM JUL 1     0    CLOUDY (SCALE 8-10)  0
DPTR FM NORMAL     0

[CDD (BASE 65) ]
TOTAL THIS MO.   159
DPTR FM NORMAL   -42    [PRESSURE DATA]
TOTAL FM JAN 1  1941    HIGHEST SLP M ON M
DPTR FM NORMAL    70    LOWEST  SLP 29.76 ON 12

[REMARKS]
