000
CXUS52 KMLB 270628
CF6FPR
PRELIMINARY LOCAL CLIMATOLOGICAL DATA (WS FORM: F-6)

                                          STATION:   FORT PIERCE
                                          MONTH:     MARCH
                                          YEAR:      2017
                                          LATITUDE:   27 30 N
                                          LONGITUDE:  80 22 W

  TEMPERATURE IN F:       :PCPN:    SNOW:  WIND      :SUNSHINE: SKY     :PK WND
================================================================================
1   2   3   4   5  6A  6B    7    8   9   10  11  12  13   14  15   16   17  18
                                     12Z  AVG MX 2MIN
DY MAX MIN AVG DEP HDD CDD  WTR  SNW DPTH SPD SPD DIR MIN PSBL S-S WX    SPD DR
================================================================================

 1  82  62  72   6   0   7 0.00  0.0    0  9.8 18 120   M    M   2 1      23 130
 2  88  66  77  11   0  12 0.02  0.0    0  7.2 16 220   M    M   6 1      23 360
 3  76  67  72   6   0   7 0.00  0.0    0 10.7 17  30   M    M   6        27  10
 4  75  65  70   4   0   5    T  0.0    0 10.4 21 100   M    M   4        26 100
 5  75  67  71   5   0   6    T  0.0    0 17.9 26 100   M    M   7        35 100
 6  76  64  70   4   0   5    T  0.0    0 17.0 25  90   M    M   6        31  90
 7  78  66  72   6   0   7 0.01  0.0    0 13.6 23 100   M    M   5 1      30 100
 8  76  60  68   2   0   3 0.30  0.0    0  4.4 13 110   M    M   9 1      16  80
 9  81  59  70   4   0   5 0.00  0.0    0  4.1 15 120   M    M   2 1      17 100
10  87  57  72   6   0   7 0.00  0.0    0  6.1 16 300   M    M   1 1      25 300
11  81  59  70   3   0   5 0.00  0.0    0  7.1 13  70   M    M   1        18  30
12  82  60  71   4   0   6 0.10  0.0    0  3.3 20 300   M    M   3 13     26 310
13  82  58  70   3   0   5 0.25  0.0    0  4.6 20 120   M    M   5 12     23 130
14  76  54  65  -2   0   0 0.01  0.0    0 13.5 22 280   M    M   4 1      29 320
15  61  44  53 -14  12   0 0.00  0.0    0  7.3 16 310   M    M   0        23 330
16  66  41  54 -13  11   0 0.00  0.0    0  7.1 16  30   M    M   0        23  30
17  72  39  56 -11   9   0 0.00  0.0    0  5.3 14  80   M    M   1        20 100
18  76  46  61  -6   4   0 0.00  0.0    0  5.4 15 100   M    M   1        20 110
19  83  48  66  -1   0   1 0.00  0.0    0  9.9 21 290   M    M   0        27 290
20  74  47  61  -7   4   0 0.00  0.0    0  4.2 14  80   M    M   1        19  20
21  79  48  64  -4   1   0 0.00  0.0    0  5.8 14 140   M    M   0 1      19 110
22  87  52  70   2   0   5 0.00  0.0    0  5.3 16 290   M    M   2 1      22 270
23  79  66  73   5   0   8 0.54  0.0    0  9.5 26 130   M    M   5 138    32 130
24  77  66  72   4   0   7 0.07  0.0    0 11.9 25 110   M    M   7 18     32 100
25  79  64  72   4   0   7 0.00  0.0    0 12.5 24 120   M    M   2        28 120
26  80  62  71   3   0   6    T  0.0    0 10.2 18  90   M    M   2        23 110
================================================================================
SM 2028 1487        41 114  1.30     0.0 224.1          M       82
================================================================================
AV 78.0 57.2                               8.6 FASTST   M    M   3    MAX(MPH)
                                 MISC ---->  # 26 100               # 35  100
================================================================================
NOTES:
# LAST OF SEVERAL OCCURRENCES

COLUMN 17 PEAK WIND IN M.P.H.

PRELIMINARY LOCAL CLIMATOLOGICAL DATA (WS FORM: F-6) , PAGE 2

                                          STATION:  FORT PIERCE
                                          MONTH:    MARCH
                                          YEAR:     2017
                                          LATITUDE:   27 30 N
                                          LONGITUDE:  80 22 W

[TEMPERATURE DATA]      [PRECIPITATION DATA]       SYMBOLS USED IN COLUMN 16

AVERAGE MONTHLY: 67.6   TOTAL FOR MONTH:   1.30    1 = FOG OR MIST
DPTR FM NORMAL:   0.7   DPTR FM NORMAL:   -1.79    2 = FOG REDUCING VISIBILITY
HIGHEST:    88 ON  2    GRTST 24HR  0.54 ON 23-23      TO 1/4 MILE OR LESS
LOWEST:     39 ON 17                               3 = THUNDER
                        SNOW, ICE PELLETS, HAIL    4 = ICE PELLETS
                        TOTAL MONTH:   0.0 INCH    5 = HAIL
                        GRTST 24HR     0.0         6 = FREEZING RAIN OR DRIZZLE
                        GRTST DEPTH:   0           7 = DUSTSTORM OR SANDSTORM:
                                                       VSBY 1/2 MILE OR LESS
                                                   8 = SMOKE OR HAZE
[NO. OF DAYS WITH]      [WEATHER - DAYS WITH]      9 = BLOWING SNOW
                                                   X = TORNADO
MAX 32 OR BELOW:   0    0.01 INCH OR MORE:   8
MAX 90 OR ABOVE:   0    0.10 INCH OR MORE:   4
MIN 32 OR BELOW:   0    0.50 INCH OR MORE:   1
MIN  0 OR BELOW:   0    1.00 INCH OR MORE:   0

[HDD (BASE 65) ]
TOTAL THIS MO.    41    CLEAR  (SCALE 0-3)  14
DPTR FM NORMAL    -3    PTCLDY (SCALE 4-7)  11
TOTAL FM JUL 1   196    CLOUDY (SCALE 8-10)  1
DPTR FM NORMAL  -226

[CDD (BASE 65) ]
TOTAL THIS MO.   114
DPTR FM NORMAL    19    [PRESSURE DATA]
TOTAL FM JAN 1   280    HIGHEST SLP M ON M
DPTR FM NORMAL    58    LOWEST  SLP 29.73 ON 14

[REMARKS]
