000
CXUS55 KFSD 220905
CF6FSD
PRELIMINARY LOCAL CLIMATOLOGICAL DATA (WS FORM: F-6)

                                          STATION:   SIOUX FALLS
                                          MONTH:     MARCH
                                          YEAR:      2017
                                          LATITUDE:   43 34 N
                                          LONGITUDE:  96 44 W

  TEMPERATURE IN F:       :PCPN:    SNOW:  WIND      :SUNSHINE: SKY     :PK WND
================================================================================
1   2   3   4   5  6A  6B    7    8   9   10  11  12  13   14  15   16   17  18
                                     12Z  AVG MX 2MIN
DY MAX MIN AVG DEP HDD CDD  WTR  SNW DPTH SPD SPD DIR MIN PSBL S-S WX    SPD DR
================================================================================

 1  32  20  26   0  39   0 0.06  1.7    1 13.4 26 310   M    M   7 1      31 320
 2  28  13  21  -6  44   0 0.01  0.5    1  5.6 15 320   M    M   7 1      18 330
 3  36  12  24  -3  41   0 0.00  0.0    T 11.3 26 160   M    M   6        34 160
 4  49  25  37   9  28   0 0.00  0.0    T 12.3 23 180   M    M   4        30 150
 5  65  42  54  26  11   0 0.00  0.0    0 14.4 22 160   M    M   5        31 180
 6  72  31  52  23  13   0 0.02  0.3    0 23.9 35 300   M    M   7 1      47 300
 7  50  31  41  12  24   0    T    T    T 18.8 37 280   M    M   4 1      50 280
 8  43  27  35   6  30   0 0.00  0.0    0 14.4 29 310   M    M   3        36 310
 9  32  15  24  -6  41   0    T    T    0 13.1 20  30   M    M   9        25  30
10  18   8  13 -17  52   0 0.01  0.2    0  9.9 16  10   M    M   8 1      20  10
11  18  15  17 -14  48   0 0.04  0.5    T  8.2 15  70   M    M  10 18     18  50
12  23  16  20 -11  45   0 0.29  4.7    1 17.2 28  40   M    M  10 12     33  40
13  19   8  14 -18  51   0    T  0.1    5 11.9 26  30   M    M   8 1      33  30
14  23   6  15 -17  50   0 0.00  0.0    3  7.7 14 110   M    M   6         M  M
15  33  12  23  -9  42   0 0.00  0.0    2 13.8 23 170   M    M   7        29 170
16  50  31  41   8  24   0 0.00  0.0    2 12.4 23 150   M    M   9        29 140
17  47  32  40   7  25   0 0.00  0.0    T 16.7 33 320   M    M   4 1      43 320
18  51  24  38   4  27   0 0.00  0.0    0  7.9 15 140   M    M   3        20 130
19  73  38  56  22   9   0 0.00  0.0    0 13.5 28 190   M    M   5        36 190
20  58  37  48  13  17   0 0.00  0.0    0 10.7 21  40   M    M   6        25  50
21  41  24  33  -2  32   0 0.00  0.0    0 11.6 20  30   M    M   7        26  30
================================================================================
SM  861  467       693   0  0.43     8.0 268.7          M      135
================================================================================
AV 41.0 22.2                              12.8 FASTST   M    M   6    MAX(MPH)
                                 MISC ---->  # 37 280               # 50  280
================================================================================
NOTES:
# LAST OF SEVERAL OCCURRENCES

COLUMN 17 PEAK WIND IN M.P.H.

PRELIMINARY LOCAL CLIMATOLOGICAL DATA (WS FORM: F-6) , PAGE 2

                                          STATION:  SIOUX FALLS
                                          MONTH:    MARCH
                                          YEAR:     2017
                                          LATITUDE:   43 34 N
                                          LONGITUDE:  96 44 W

[TEMPERATURE DATA]      [PRECIPITATION DATA]       SYMBOLS USED IN COLUMN 16

AVERAGE MONTHLY: 31.6   TOTAL FOR MONTH:   0.43    1 = FOG OR MIST
DPTR FM NORMAL:   0.9   DPTR FM NORMAL:   -0.55    2 = FOG REDUCING VISIBILITY
HIGHEST:    73 ON 19    GRTST 24HR  0.29 ON 12-12      TO 1/4 MILE OR LESS
LOWEST:      6 ON 14                               3 = THUNDER
                        SNOW, ICE PELLETS, HAIL    4 = ICE PELLETS
                        TOTAL MONTH:   8.0 INCHES  5 = HAIL
                        GRTST 24HR   4.7 ON   M    6 = FREEZING RAIN OR DRIZZLE
                        GRTST DEPTH:   5 ON 13     7 = DUSTSTORM OR SANDSTORM:
                                                       VSBY 1/2 MILE OR LESS
                                                   8 = SMOKE OR HAZE
[NO. OF DAYS WITH]      [WEATHER - DAYS WITH]      9 = BLOWING SNOW
                                                   X = TORNADO
MAX 32 OR BELOW:   8    0.01 INCH OR MORE:   6
MAX 90 OR ABOVE:   0    0.10 INCH OR MORE:   1
MIN 32 OR BELOW:  18    0.50 INCH OR MORE:   0
MIN  0 OR BELOW:   0    1.00 INCH OR MORE:   0

[HDD (BASE 65) ]
TOTAL THIS MO.   693    CLEAR  (SCALE 0-3)   2
DPTR FM NORMAL   -26    PTCLDY (SCALE 4-7)  14
TOTAL FM JUL 1  5499    CLOUDY (SCALE 8-10)  5
DPTR FM NORMAL -1070

[CDD (BASE 65) ]
TOTAL THIS MO.     0
DPTR FM NORMAL     0    [PRESSURE DATA]
TOTAL FM JAN 1     0    HIGHEST SLP M ON M
DPTR FM NORMAL     0    LOWEST  SLP 29.13 ON  6

[REMARKS]
