000
CXUS55 KFSD 011842
CF6FSD

PRELIMINARY LOCAL CLIMATOLOGICAL DATA (WS FORM: F-6)

                                          STATION:   SIOUX FALLS
                                          MONTH:     FEBRUARY
                                          YEAR:      2015
                                          LATITUDE:   43 34 N
                                          LONGITUDE:  96 44 W

  TEMPERATURE IN F:       :PCPN:    SNOW:  WIND      :SUNSHINE: SKY     :PK WND
================================================================================
1   2   3   4   5  6A  6B    7    8   9   10  11  12  13   14  15   16   17  18
                                     12Z  AVG MX 2MIN
DY MAX MIN AVG DEP HDD CDD  WTR  SNW DPTH SPD SPD DIR MIN PSBL S-S WX    SPD DR
================================================================================

 1  23  -6   9  -9  56   0 0.18  3.2    5 18.4 31  30   M    M   7 19     40  20
 2  14 -11   2 -16  63   0    T    T    6  5.9 20 180   M    M   5        24 190
 3  21   1  11  -7  54   0    T    T    6  6.5 15 120   M    M   7        17 140
 4  16  -7   5 -13  60   0    T    T    5  9.3 21 330   M    M   4 9      26 340
 5  24  -7   9 -10  56   0 0.00  0.0    5 11.2 23 200   M    M   5        28 200
 6  41  15  28   9  37   0 0.00  0.0    4  3.9  9 160   M    M   4 1      11 170
 7  47  20  34  15  31   0 0.00  0.0    2  4.6 14  30   M    M   6 1      17  30
 8  39  29  34  15  31   0 0.01  0.0    1  7.1 13  40   M    M  10 1      26 340
 9  31  29  30  10  35   0    T  0.0    1  8.2 21 150   M    M  10 16     25 150
10  40  24  32  12  33   0 0.02    T    1 19.3  M   M   M    M  10 16      M  M
11  24   3  14  -6  51   0    T    T    T 22.1 36 350   M    M   8        42 340
12  17   0   9 -11  56   0 0.04  0.7    T 11.2 22 350   M    M   7 1      26 350
13  39   7  23   2  42   0 0.00  0.0    1  8.3 21 310   M    M   5        36 320
14  28   2  15  -6  50   0 0.01  0.1    T 16.3 31 360   M    M   9        38  20
15  17   7  12  -9  53   0    T    T    T 12.2 21 140   M    M  10        26 150
16  30  15  23   1  42   0    T    T    T 10.2 22 340   M    M  10        28 110
17  17   5  11 -11  54   0    T  0.1    T 16.6 30 310   M    M   7 1      34 310
18  10  -4   3 -19  62   0    T    T    0 13.1 26 350   M    M   2 9      33 350
19  21  -4   9 -14  56   0    T    T    T 10.3 24 180   M    M   6        31 180
20  46  13  30   7  35   0 0.00  0.0    0  7.9 23 180   M    M   8        33 170
21  31   7  19  -4  46   0    T    T    T 14.5 23 340   M    M   7 1      33  30
22   9  -4   3 -21  62   0    T    T    T 11.3 22 350   M    M   2        26 340
23  30  -3  14 -10  51   0 0.00  0.0    T 10.4 23 210   M    M   3        32 180
24  41  26  34  10  31   0    T    T    0 15.1 30 330   M    M   6        38 330
25  27  -1  13 -12  52   0 0.15  2.1    1 17.4 26  70   M    M   8 19     34 120
26   6 -10  -2 -27  67   0 0.00  0.0    2 11.2 21 350   M    M   2        24 330
27  14 -12   1 -25  64   0 0.00  0.0    2  6.5 16 180   M    M   0        21 170
28  27   4  16 -10  49   0 0.00  0.0    1 14.3 25 190   M    M   3        31 170
================================================================================
SM  730  138      1379   0  0.41     6.2 323.3          M      171
================================================================================
AV 26.1  4.9                              11.5 FASTST   M    M   6    MAX(MPH)
                                 MISC ---->  # 36 350               # 42  340
================================================================================
NOTES:
# LAST OF SEVERAL OCCURRENCES
-COLUMN 17 PEAK WIND IN M.P.H.
-PRECIPITATION AMOUNTS IN COLUMNS 7,8 AND 9 ARE THE OFFICIAL PRECIPITATION
 AMOUNTS FOR SIOUX FALLS, SD.
-SNOW DEPTH IN COLUMN 9 IS RECORDED AT 6 AM CST (12Z).

PRELIMINARY LOCAL CLIMATOLOGICAL DATA (WS FORM: F-6) , PAGE 2

                                          STATION:  SIOUX FALLS
                                          MONTH:    FEBRUARY
                                          YEAR:     2015
                                          LATITUDE:   43 34 N
                                          LONGITUDE:  96 44 W

[TEMPERATURE DATA]      [PRECIPITATION DATA]       SYMBOLS USED IN COLUMN 16

AVERAGE MONTHLY: 15.5   TOTAL FOR MONTH:   0.41    1 = FOG OR MIST
DPTR FM NORMAL:  -6.0   DPTR FM NORMAL:   -0.19    2 = FOG REDUCING VISIBILITY
HIGHEST:    47 ON  7    GRTST 24HR  0.18 ON 1- 1       TO 1/4 MILE OR LESS
LOWEST:    -12 ON 27                               3 = THUNDER
                        SNOW, ICE PELLETS, HAIL    4 = ICE PELLETS
                        TOTAL MONTH:   6.2 INCHES  5 = HAIL
                        GRTST 24HR   3.2 ON 1- 1   6 = FREEZING RAIN OR DRIZZLE
                        GRTST DEPTH:   6 ON  3, 2  7 = DUSTSTORM OR SANDSTORM:
                                                       VSBY 1/2 MILE OR LESS
                                                   8 = SMOKE OR HAZE
[NO. OF DAYS WITH]      [WEATHER - DAYS WITH]      9 = BLOWING SNOW
                                                   X = TORNADO
MAX 32 OR BELOW:  21    0.01 INCH OR MORE:   6
MAX 90 OR ABOVE:   0    0.10 INCH OR MORE:   2
MIN 32 OR BELOW:  28    0.50 INCH OR MORE:   0
MIN  0 OR BELOW:  12    1.00 INCH OR MORE:   0

[HDD (BASE 65) ]
TOTAL THIS MO.  1379    CLEAR  (SCALE 0-3)   6
DPTR FM NORMAL   161    PTCLDY (SCALE 4-7)  15
TOTAL FM JUL 1  5749    CLOUDY (SCALE 8-10)  7
DPTR FM NORMAL  -101

[CDD (BASE 65) ]
TOTAL THIS MO.     0
DPTR FM NORMAL     0    [PRESSURE DATA]
TOTAL FM JAN 1     0    HIGHEST SLP 30.88 ON 22
DPTR FM NORMAL     0    LOWEST  SLP 29.53 ON  7

[REMARKS]

#FINAL-02-15#
