000
CXUS54 KMAF 011100
CF6FST
PRELIMINARY LOCAL CLIMATOLOGICAL DATA (WS FORM: F-6)

                                          STATION:   Fort Stockton
                                          MONTH:     AUGUST
                                          YEAR:      2015
                                          LATITUDE:   30 55 N
                                          LONGITUDE: 102 55 W

  TEMPERATURE IN F:       :PCPN:    SNOW:  WIND      :SUNSHINE: SKY     :PK WND
================================================================================
1   2   3   4   5  6A  6B    7    8   9   10  11  12  13   14  15   16   17  18
                                     12Z  AVG MX 2MIN
DY MAX MIN AVG DEP HDD CDD  WTR  SNW DPTH SPD SPD DIR MIN PSBL S-S WX    SPD DR
================================================================================

 1  98  73  86   4   0  21    T  0.0    0 11.2 30 130   M    M   1        36 120
 2 100  72  86   4   0  21 0.00  0.0    0  9.7 20 130   M    M   1        26 150
 3 101  75  88   6   0  23    T  0.0    0 10.1 28 340   M    M   3 3      36 330
 4 101  71  86   4   0  21 0.00  0.0    0  6.3 20 150   M    M   1        23 140
 5 103  74  89   7   0  24 0.00  0.0    0 11.6 20 160   M    M   0        26 150
 6 103  73  88   6   0  23 0.00  0.0    0 11.2 20 110   M    M   0        24 140
 7 103  74  89   7   0  24    T  0.0    0 12.0 24 130   M    M   1        32 120
 8 105  76  91   9   0  26 0.15  0.0    0 11.1 39 220   M    M   0 3      53 220
 9 102  75  89   7   0  24 0.00  0.0    0 10.3 20 140   M    M   1 3      26 150
10 101  73  87   5   0  22    T  0.0    0 11.0 21 120   M    M   0        27 110
11  99  71  85   3   0  20 0.00  0.0    0  9.3 25 120   M    M   0        33 120
12  99  71  85   3   0  20 0.00  0.0    0  8.9 31 100   M    M   1        39 110
13 102  73  88   6   0  23 0.00  0.0    0  8.0 17 100   M    M   1        23  90
14 102  71  87   5   0  22 0.28  0.0    0  9.7 32 160   M    M   1 38     40 160
15  96  68  82   0   0  17 0.01  0.0    0  8.9 20 150   M    M   1        28 140
16  97  73  85   4   0  20 0.00  0.0    0 11.2 22  90   M    M   2        28  90
17  96  70  83   2   0  18 0.00  0.0    0 10.4 17 160   M    M   1        23 120
18 101  76  89   8   0  24    T  0.0    0 12.6 21  30   M    M   1 3      27 170
19  97  67  82   1   0  17 0.00  0.0    0 13.7 31  30   M    M   0        38  30
20  96  64  80  -1   0  15 0.00  0.0    0 10.1 24 150   M    M   3 3      31 150
21 100  70  85   4   0  20 0.00  0.0    0 11.5 22 180   M    M   0 3      27 150
22 101  72  87   6   0  22 0.00  0.0    0  9.6 23 180   M    M   0        27 180
23  98  71  85   5   0  20 0.00  0.0    0 10.1 26  40   M    M   0 3      36  50
24  97  67  82   2   0  17 0.00  0.0    0  7.5 18 120   M    M   2        25 120
25  97  67  82   2   0  17 0.00  0.0    0 10.0 24 110   M    M   1        30 110
26  97  69  83   3   0  18    T  0.0    0  9.6 30 100   M    M   0 3      36 110
27  98  68  83   3   0  18 0.00  0.0    0  9.8 18 150   M    M   0        26 160
28 101  71  86   6   0  21 0.00  0.0    0 11.2 25  10   M    M   1        34  10
29  86  71  79  -1   0  14    T  0.0    0  7.6 15 120   M    M   8        19 120
30  93  66  80   0   0  15 0.00  0.0    0  8.2 20 100   M    M   2        26  80
31  96  65  81   2   0  16 0.00  0.0    0  9.7 17 120   M    M   0        23  90
================================================================================
SM 3066 2197         0 623  0.44     0.0 312.1          M       33
================================================================================
AV 98.9 70.9                              10.1 FASTST   M    M   1    MAX(MPH)
                                 MISC ---->  # 39 220               # 53  220
================================================================================
NOTES:
# LAST OF SEVERAL OCCURRENCES

COLUMN 17 PEAK WIND IN M.P.H.

PRELIMINARY LOCAL CLIMATOLOGICAL DATA (WS FORM: F-6) , PAGE 2

                                          STATION:  Fort Stockton
                                          MONTH:    AUGUST
                                          YEAR:     2015
                                          LATITUDE:   30 55 N
                                          LONGITUDE: 102 55 W

[TEMPERATURE DATA]      [PRECIPITATION DATA]       SYMBOLS USED IN COLUMN 16

AVERAGE MONTHLY: 84.9   TOTAL FOR MONTH:   0.44    1 = FOG OR MIST
DPTR FM NORMAL:   3.8   DPTR FM NORMAL:   -1.50    2 = FOG REDUCING VISIBILITY
HIGHEST:   105 ON  8    GRTST 24HR  0.29 ON 14-15      TO 1/4 MILE OR LESS
LOWEST:     64 ON 20                               3 = THUNDER
                        SNOW, ICE PELLETS, HAIL    4 = ICE PELLETS
                        TOTAL MONTH:   0.0 INCH    5 = HAIL
                        GRTST 24HR     0.0         6 = FREEZING RAIN OR DRIZZLE
                        GRTST DEPTH:   0           7 = DUSTSTORM OR SANDSTORM:
                                                       VSBY 1/2 MILE OR LESS
                                                   8 = SMOKE OR HAZE
[NO. OF DAYS WITH]      [WEATHER - DAYS WITH]      9 = BLOWING SNOW
                                                   X = TORNADO
MAX 32 OR BELOW:   0    0.01 INCH OR MORE:   3
MAX 90 OR ABOVE:  30    0.10 INCH OR MORE:   2
MIN 32 OR BELOW:   0    0.50 INCH OR MORE:   0
MIN  0 OR BELOW:   0    1.00 INCH OR MORE:   0

[HDD (BASE 65) ]
TOTAL THIS MO.     0    CLEAR  (SCALE 0-3)  29
DPTR FM NORMAL     0    PTCLDY (SCALE 4-7)   2
TOTAL FM JUL 1     0    CLOUDY (SCALE 8-10)  0
DPTR FM NORMAL     0

[CDD (BASE 65) ]
TOTAL THIS MO.   623
DPTR FM NORMAL   122    [PRESSURE DATA]
TOTAL FM JAN 1  2050    HIGHEST SLP 30.09 ON 24
DPTR FM NORMAL   -10    LOWEST  SLP 29.55 ON 18

[REMARKS]
#FINAL-08-15#
